{"id":5792,"date":"2020-03-26T14:47:42","date_gmt":"2020-03-26T13:47:42","guid":{"rendered":"https:\/\/www.akademie-solitude.de\/person\/federico-ferrari\/"},"modified":"2020-08-12T17:27:58","modified_gmt":"2020-08-12T15:27:58","slug":"federico-ferrari","status":"publish","type":"person","link":"https:\/\/www.akademie-solitude.de\/de\/person\/federico-ferrari\/","title":{"rendered":"Federico  Ferrari"},"content":{"rendered":"","protected":false},"author":1,"featured_media":0,"template":"","meta":{"_acf_changed":false,"inline_featured_image":false},"person_type":[57],"program":[],"practice_field":[119],"year_generation":[88,89,90],"class_list":["post-5792","person","type-person","status-publish","hentry","person_type-stipendiatinnen","practice_field-literatur","year_generation-88","year_generation-89","year_generation-90"],"acf":{"person_id__old":"1697","person_name":{"person_name":"Federico","person_middlename":"","person_surname":"Ferrari"},"person_metadata":"","person_position":[57],"person_job":"","person_txt":"Geboren 1969 in Mailand.<br \/>\n<br \/>\nEr unterrichtet zeitgen\u00f6ssische Philosophie und \u00c4sthetik an der Brera Akademie der Bildenden K\u00fcnste in Mailand. Er war Stipendiat der Universit\u00e4t von Mailand und C.N.R an der Universit\u00e4t von Genua.<br \/>\n<br \/>\nZahlreiche Ver\u00f6ffentlichungen in Italien und im Ausland: Essays zur Philosophie, italienischen Litertur und zur \u00c4sthetik sowie Einzelpublikationen:<br \/>\n<br \/>\n\"La comunit\u00e0 errante. Georges Bataille\" (Mailand, 1997), \"Nudit\u00e0. Per una critica silenziosa\" (Mailand, 1999), \"Wolfgang Laib\" (Venedig, 1999), \"Nus sommes\" (mit Jean-Luc Nancy, Br\u00fcssel, 2002), \"La pelle delle imagini\" (mit Jean-Luc Nancy, Turin, 2003) und<br \/>\n<br \/>\n\u201cLo spazio critico\u201d (Rom, 2004), \u201cIconographie de l\u2019auteur\u201d (mit Jean-Luc Nancy, Paris, 2004).","person_txt_short":"","person_img":"","person_website":"","person_links":null,"person_year":[88,89,90],"person_residencies":[{"person_stay_from":"20040301","person_stay_to":"20040831"}],"person_residency_sort_stay_from":null,"person_residency_sort_stay_to":null,"person_practice_field":[119],"person_program":false,"person_locations":[{"person_city":"Mailand","person_country":"Italien"}],"person_country":"","related_posts_event":"","related_posts_news":"","related_posts_post":null,"related_posts_schlosspost":null,"person_fellow_juror_relation":[5486]},"_links":{"self":[{"href":"https:\/\/www.akademie-solitude.de\/de\/wp-json\/wp\/v2\/person\/5792","targetHints":{"allow":["GET"]}}],"collection":[{"href":"https:\/\/www.akademie-solitude.de\/de\/wp-json\/wp\/v2\/person"}],"about":[{"href":"https:\/\/www.akademie-solitude.de\/de\/wp-json\/wp\/v2\/types\/person"}],"author":[{"embeddable":true,"href":"https:\/\/www.akademie-solitude.de\/de\/wp-json\/wp\/v2\/users\/1"}],"acf:post":[{"embeddable":true,"href":"https:\/\/www.akademie-solitude.de\/de\/wp-json\/wp\/v2\/person\/5486"}],"acf:term":[{"embeddable":true,"taxonomy":"practice_field","href":"https:\/\/www.akademie-solitude.de\/de\/wp-json\/wp\/v2\/practice_field\/119"},{"embeddable":true,"taxonomy":"year_generation","href":"https:\/\/www.akademie-solitude.de\/de\/wp-json\/wp\/v2\/year_generation\/90"},{"embeddable":true,"taxonomy":"year_generation","href":"https:\/\/www.akademie-solitude.de\/de\/wp-json\/wp\/v2\/year_generation\/89"},{"embeddable":true,"taxonomy":"year_generation","href":"https:\/\/www.akademie-solitude.de\/de\/wp-json\/wp\/v2\/year_generation\/88"},{"embeddable":true,"taxonomy":"person_type","href":"https:\/\/www.akademie-solitude.de\/de\/wp-json\/wp\/v2\/person_type\/57"}],"wp:attachment":[{"href":"https:\/\/www.akademie-solitude.de\/de\/wp-json\/wp\/v2\/media?parent=5792"}],"wp:term":[{"taxonomy":"person_type","embeddable":true,"href":"https:\/\/www.akademie-solitude.de\/de\/wp-json\/wp\/v2\/person_type?post=5792"},{"taxonomy":"program","embeddable":true,"href":"https:\/\/www.akademie-solitude.de\/de\/wp-json\/wp\/v2\/program?post=5792"},{"taxonomy":"practice_field","embeddable":true,"href":"https:\/\/www.akademie-solitude.de\/de\/wp-json\/wp\/v2\/practice_field?post=5792"},{"taxonomy":"year_generation","embeddable":true,"href":"https:\/\/www.akademie-solitude.de\/de\/wp-json\/wp\/v2\/year_generation?post=5792"}],"curies":[{"name":"wp","href":"https:\/\/api.w.org\/{rel}","templated":true}]}}

Geboren 1969 in Mailand.<br />
<br />
Er unterrichtet zeitgenössische Philosophie und Ästhetik an der Brera Akademie der Bildenden Künste in Mailand. Er war Stipendiat der Universität von Mailand und C.N.R an der Universität von Genua.<br />
<br />
Zahlreiche Veröffentlichungen in Italien und im Ausland: Essays zur Philosophie, italienischen Litertur und zur Ästhetik sowie Einzelpublikationen:<br />
<br />
"La comunità errante. Georges Bataille" (Mailand, 1997), "Nudità. Per una critica silenziosa" (Mailand, 1999), "Wolfgang Laib" (Venedig, 1999), "Nus sommes" (mit Jean-Luc Nancy, Brüssel, 2002), "La pelle delle imagini" (mit Jean-Luc Nancy, Turin, 2003) und<br />
<br />
“Lo spazio critico” (Rom, 2004), “Iconographie de l’auteur” (mit Jean-Luc Nancy, Paris, 2004).
