{"id":5810,"date":"2020-03-26T14:47:44","date_gmt":"2020-03-26T13:47:44","guid":{"rendered":"https:\/\/www.akademie-solitude.de\/person\/iris-szeghy\/"},"modified":"2020-08-12T17:28:01","modified_gmt":"2020-08-12T15:28:01","slug":"iris-szeghy","status":"publish","type":"person","link":"https:\/\/www.akademie-solitude.de\/de\/person\/iris-szeghy\/","title":{"rendered":"Iris  Szeghy"},"content":{"rendered":"","protected":false},"author":1,"featured_media":0,"template":"","meta":{"_acf_changed":false,"inline_featured_image":false},"person_type":[57],"program":[],"practice_field":[122],"year_generation":[77,78],"class_list":["post-5810","person","type-person","status-publish","hentry","person_type-stipendiatinnen","practice_field-musik-klang","year_generation-77","year_generation-78"],"acf":{"person_id__old":"1716","person_name":{"person_name":"Iris","person_middlename":"","person_surname":"Szeghy"},"person_metadata":"","person_position":[57],"person_job":"","person_txt":"Geboren 1956 in Presov (Slowakei). Studium der Komposition und Klavier an der Musikhochschule Bratislava 1976-1981. Postgraduiertenstudium der Komposition 1986-1989 mit anschlie\u00dfender Dissertation an der Musikhochschule Bratislava. Seit 1990 freiberufliche T\u00e4tigkeit, seit Sommer 2000 Lehrauftrag f\u00fcr Komposition an der Musikhochschule Bratislava.<br \/>\n<br \/>\nStipendien (Auswahl): Stipendium des Musikfonds Bratislava (1984-1986); \"Arts Link\", University of Caliornia, San Diego (194); Stipendium der STEIM-Studios, Amsterdam (1995); Augenthaltsstipendium des Landes Niedersachsen, Worpswede (1999).<br \/>\n<br \/>\nIris Szeghy hat zahlreiche Orchester-, Kammer- und Chorwerke geschrieben und arbeitet momentan an einer Oper.<br \/>\n<br \/>\nIhre Werke wurden auf mehreren europ\u00e4ischen und au\u00dfereurop\u00e4ischen Konzerten und Festivals aufgef\u00fchrt, z.B. in Stuttgart (1993); San Diego (1994); Hamburg (1996), Bremen (1999).","person_txt_short":"","person_img":"","person_website":"","person_links":null,"person_year":[77,78],"person_residencies":[{"person_stay_from":"19920701","person_stay_to":"19930531"}],"person_residency_sort_stay_from":null,"person_residency_sort_stay_to":null,"person_practice_field":[122],"person_program":false,"person_locations":[{"person_city":"Bratislava","person_country":"Slowakei"}],"person_country":"","related_posts_event":"","related_posts_news":"","related_posts_post":null,"related_posts_schlosspost":null,"person_fellow_juror_relation":[5554]},"_links":{"self":[{"href":"https:\/\/www.akademie-solitude.de\/de\/wp-json\/wp\/v2\/person\/5810","targetHints":{"allow":["GET"]}}],"collection":[{"href":"https:\/\/www.akademie-solitude.de\/de\/wp-json\/wp\/v2\/person"}],"about":[{"href":"https:\/\/www.akademie-solitude.de\/de\/wp-json\/wp\/v2\/types\/person"}],"author":[{"embeddable":true,"href":"https:\/\/www.akademie-solitude.de\/de\/wp-json\/wp\/v2\/users\/1"}],"acf:post":[{"embeddable":true,"href":"https:\/\/www.akademie-solitude.de\/de\/wp-json\/wp\/v2\/person\/5554"}],"acf:term":[{"embeddable":true,"taxonomy":"practice_field","href":"https:\/\/www.akademie-solitude.de\/de\/wp-json\/wp\/v2\/practice_field\/122"},{"embeddable":true,"taxonomy":"year_generation","href":"https:\/\/www.akademie-solitude.de\/de\/wp-json\/wp\/v2\/year_generation\/78"},{"embeddable":true,"taxonomy":"year_generation","href":"https:\/\/www.akademie-solitude.de\/de\/wp-json\/wp\/v2\/year_generation\/77"},{"embeddable":true,"taxonomy":"person_type","href":"https:\/\/www.akademie-solitude.de\/de\/wp-json\/wp\/v2\/person_type\/57"}],"wp:attachment":[{"href":"https:\/\/www.akademie-solitude.de\/de\/wp-json\/wp\/v2\/media?parent=5810"}],"wp:term":[{"taxonomy":"person_type","embeddable":true,"href":"https:\/\/www.akademie-solitude.de\/de\/wp-json\/wp\/v2\/person_type?post=5810"},{"taxonomy":"program","embeddable":true,"href":"https:\/\/www.akademie-solitude.de\/de\/wp-json\/wp\/v2\/program?post=5810"},{"taxonomy":"practice_field","embeddable":true,"href":"https:\/\/www.akademie-solitude.de\/de\/wp-json\/wp\/v2\/practice_field?post=5810"},{"taxonomy":"year_generation","embeddable":true,"href":"https:\/\/www.akademie-solitude.de\/de\/wp-json\/wp\/v2\/year_generation?post=5810"}],"curies":[{"name":"wp","href":"https:\/\/api.w.org\/{rel}","templated":true}]}}

Geboren 1956 in Presov (Slowakei). Studium der Komposition und Klavier an der Musikhochschule Bratislava 1976-1981. Postgraduiertenstudium der Komposition 1986-1989 mit anschließender Dissertation an der Musikhochschule Bratislava. Seit 1990 freiberufliche Tätigkeit, seit Sommer 2000 Lehrauftrag für Komposition an der Musikhochschule Bratislava.<br />
<br />
Stipendien (Auswahl): Stipendium des Musikfonds Bratislava (1984-1986); "Arts Link", University of Caliornia, San Diego (194); Stipendium der STEIM-Studios, Amsterdam (1995); Augenthaltsstipendium des Landes Niedersachsen, Worpswede (1999).<br />
<br />
Iris Szeghy hat zahlreiche Orchester-, Kammer- und Chorwerke geschrieben und arbeitet momentan an einer Oper.<br />
<br />
Ihre Werke wurden auf mehreren europäischen und außereuropäischen Konzerten und Festivals aufgeführt, z.B. in Stuttgart (1993); San Diego (1994); Hamburg (1996), Bremen (1999).
