{"id":5822,"date":"2020-03-26T14:47:46","date_gmt":"2020-03-26T13:47:46","guid":{"rendered":"https:\/\/www.akademie-solitude.de\/person\/valeria-hasse\/"},"modified":"2020-08-12T17:28:03","modified_gmt":"2020-08-12T15:28:03","slug":"valeria-hasse","status":"publish","type":"person","link":"https:\/\/www.akademie-solitude.de\/de\/person\/valeria-hasse\/","title":{"rendered":"Valeria  Hasse"},"content":{"rendered":"","protected":false},"author":1,"featured_media":0,"template":"","meta":{"_acf_changed":false,"inline_featured_image":false},"person_type":[57],"program":[],"practice_field":[13],"year_generation":[88,89,90],"class_list":["post-5822","person","type-person","status-publish","hentry","person_type-stipendiatinnen","practice_field-design","year_generation-88","year_generation-89","year_generation-90"],"acf":{"person_id__old":"1728","person_name":{"person_name":"Valeria","person_middlename":"","person_surname":"Hasse"},"person_metadata":"","person_position":[57],"person_job":"","person_txt":"Geboren 1963 in Buenos Aires.<br \/>\n<br \/>\nStudierte Design an der Universit\u00e4t von Buenos Aires. Postgraduierten Studium an der Jan van Eyck Akademie, Forschungszentrum f\u00fcr Bildende K\u00fcnste, Design und Theorie, Maastricht. Arbeitet als freie Designerin mit Schwerpunkt auf Printmedien, Forschung und gemeinschaftlichen Projekten. Gastdozentin f\u00fcr Design an der Fakult\u00e4t f\u00fcr Architektur der Universit\u00e4t von Buenos Aires.<br \/>\n<br \/>\nAusgew\u00e4hlte Projekte: \"Conversations\" (Forschungsprojekt, Maastricht, 1998\/2000), \"OHNO, another magazine\" (Ver\u00f6ffentlichung, Maastricht, 1998\/2000), \"Gallery 227\" (kuratorisches Projekt an der Jan van Eyck Akademie, 1999\/2000), \"About habits, obsessions and choices\" (kuratorisches Projekt\/Installation, Maastricht, 2000), \"tota reciclados\" (Ausstellung, Buenos Aires, 2002\/2003).<br \/>\n<br \/>\nPreis f\u00fcr das beste Buchdesign, verliehen von dem Prins Bernhard Cultuurfonds (Niederlande, 2000).","person_txt_short":"","person_img":"","person_website":"<a href=\"http:\/\/www.totareciclados.com.ar\">www.totareciclados.com.ar<\/a>","person_links":null,"person_year":[88,89,90],"person_residencies":[{"person_stay_from":"20040301","person_stay_to":"20040831"}],"person_residency_sort_stay_from":null,"person_residency_sort_stay_to":null,"person_practice_field":[13],"person_program":false,"person_locations":[{"person_city":"Buenos Aires","person_country":"Argentinien"}],"person_country":"","related_posts_event":"","related_posts_news":"","related_posts_post":null,"related_posts_schlosspost":null,"person_fellow_juror_relation":[5485]},"_links":{"self":[{"href":"https:\/\/www.akademie-solitude.de\/de\/wp-json\/wp\/v2\/person\/5822","targetHints":{"allow":["GET"]}}],"collection":[{"href":"https:\/\/www.akademie-solitude.de\/de\/wp-json\/wp\/v2\/person"}],"about":[{"href":"https:\/\/www.akademie-solitude.de\/de\/wp-json\/wp\/v2\/types\/person"}],"author":[{"embeddable":true,"href":"https:\/\/www.akademie-solitude.de\/de\/wp-json\/wp\/v2\/users\/1"}],"acf:post":[{"embeddable":true,"href":"https:\/\/www.akademie-solitude.de\/de\/wp-json\/wp\/v2\/person\/5485"}],"acf:term":[{"embeddable":true,"taxonomy":"practice_field","href":"https:\/\/www.akademie-solitude.de\/de\/wp-json\/wp\/v2\/practice_field\/13"},{"embeddable":true,"taxonomy":"year_generation","href":"https:\/\/www.akademie-solitude.de\/de\/wp-json\/wp\/v2\/year_generation\/90"},{"embeddable":true,"taxonomy":"year_generation","href":"https:\/\/www.akademie-solitude.de\/de\/wp-json\/wp\/v2\/year_generation\/89"},{"embeddable":true,"taxonomy":"year_generation","href":"https:\/\/www.akademie-solitude.de\/de\/wp-json\/wp\/v2\/year_generation\/88"},{"embeddable":true,"taxonomy":"person_type","href":"https:\/\/www.akademie-solitude.de\/de\/wp-json\/wp\/v2\/person_type\/57"}],"wp:attachment":[{"href":"https:\/\/www.akademie-solitude.de\/de\/wp-json\/wp\/v2\/media?parent=5822"}],"wp:term":[{"taxonomy":"person_type","embeddable":true,"href":"https:\/\/www.akademie-solitude.de\/de\/wp-json\/wp\/v2\/person_type?post=5822"},{"taxonomy":"program","embeddable":true,"href":"https:\/\/www.akademie-solitude.de\/de\/wp-json\/wp\/v2\/program?post=5822"},{"taxonomy":"practice_field","embeddable":true,"href":"https:\/\/www.akademie-solitude.de\/de\/wp-json\/wp\/v2\/practice_field?post=5822"},{"taxonomy":"year_generation","embeddable":true,"href":"https:\/\/www.akademie-solitude.de\/de\/wp-json\/wp\/v2\/year_generation?post=5822"}],"curies":[{"name":"wp","href":"https:\/\/api.w.org\/{rel}","templated":true}]}}

Geboren 1963 in Buenos Aires.<br />
<br />
Studierte Design an der Universität von Buenos Aires. Postgraduierten Studium an der Jan van Eyck Akademie, Forschungszentrum für Bildende Künste, Design und Theorie, Maastricht. Arbeitet als freie Designerin mit Schwerpunkt auf Printmedien, Forschung und gemeinschaftlichen Projekten. Gastdozentin für Design an der Fakultät für Architektur der Universität von Buenos Aires.<br />
<br />
Ausgewählte Projekte: "Conversations" (Forschungsprojekt, Maastricht, 1998/2000), "OHNO, another magazine" (Veröffentlichung, Maastricht, 1998/2000), "Gallery 227" (kuratorisches Projekt an der Jan van Eyck Akademie, 1999/2000), "About habits, obsessions and choices" (kuratorisches Projekt/Installation, Maastricht, 2000), "tota reciclados" (Ausstellung, Buenos Aires, 2002/2003).<br />
<br />
Preis für das beste Buchdesign, verliehen von dem Prins Bernhard Cultuurfonds (Niederlande, 2000).
