{"id":5823,"date":"2020-03-26T14:47:46","date_gmt":"2020-03-26T13:47:46","guid":{"rendered":"https:\/\/www.akademie-solitude.de\/person\/roland-brus\/"},"modified":"2020-08-12T17:28:03","modified_gmt":"2020-08-12T15:28:03","slug":"roland-brus","status":"publish","type":"person","link":"https:\/\/www.akademie-solitude.de\/de\/person\/roland-brus\/","title":{"rendered":"Roland  Brus"},"content":{"rendered":"","protected":false},"author":1,"featured_media":0,"template":"","meta":{"_acf_changed":false,"inline_featured_image":false},"person_type":[57],"program":[],"practice_field":[120],"year_generation":[82,83],"class_list":["post-5823","person","type-person","status-publish","hentry","person_type-stipendiatinnen","practice_field-darstellende-kunst","year_generation-82","year_generation-83"],"acf":{"person_id__old":"1729","person_name":{"person_name":"Roland","person_middlename":"","person_surname":"Brus"},"person_metadata":"","person_position":[57],"person_job":"","person_txt":"Geb. 1964 in Wuppertal.<br \/>\n<br \/>\nStudium der Neueren Deutschen Literatur, Kunstgeschichte und Theaterwissenschaft u. a. an der Universit\u00e4t M\u00fcnchen, Magisterarbeit \u00fcber Das Eigene und das Fremde im Werk Peter Handkes.<br \/>\n<br \/>\nRegieassistenzen bei Frank Castorf, Andres Kriegenburg, Jermy Weller in Berlin (Deutsches Theater und Volksb\u00fchne).<br \/>\n<br \/>\n1992-95 Regisseur an der Volks-b\u00fchne, k\u00fcnstl. Leiter des Obdachlosentheaters Ratten. Seit 1995 freie T\u00e4tigkeit als Regisseur und bildender K\u00fcnstler.<br \/>\n<br \/>\nZahlreiche Auff\u00fchrungen und Interventionen, zuletzt Woyzeck - Bin ich ein Mensch?, Volksb\u00fchne (1995), L\u00f6sung Losung Trallala, Raumbesetzung, Rock Art Tuchfabrik Trier (1996) oder Hotel Europa, Happening in der Villa Piccolomini, Rom (1996).<br \/>\n<br \/>\nF\u00f6rderpreis Darstellende Kunst des Kunstpreises Berlin.","person_txt_short":"","person_img":"","person_website":"","person_links":null,"person_year":[82,83],"person_residencies":[{"person_stay_from":"19970901","person_stay_to":"19980228"}],"person_residency_sort_stay_from":null,"person_residency_sort_stay_to":null,"person_practice_field":[120],"person_program":false,"person_locations":[{"person_city":"Berlin","person_country":"Deutschland"}],"person_country":"","related_posts_event":"","related_posts_news":"","related_posts_post":null,"related_posts_schlosspost":null,"person_fellow_juror_relation":[5527]},"_links":{"self":[{"href":"https:\/\/www.akademie-solitude.de\/de\/wp-json\/wp\/v2\/person\/5823","targetHints":{"allow":["GET"]}}],"collection":[{"href":"https:\/\/www.akademie-solitude.de\/de\/wp-json\/wp\/v2\/person"}],"about":[{"href":"https:\/\/www.akademie-solitude.de\/de\/wp-json\/wp\/v2\/types\/person"}],"author":[{"embeddable":true,"href":"https:\/\/www.akademie-solitude.de\/de\/wp-json\/wp\/v2\/users\/1"}],"acf:post":[{"embeddable":true,"href":"https:\/\/www.akademie-solitude.de\/de\/wp-json\/wp\/v2\/person\/5527"}],"acf:term":[{"embeddable":true,"taxonomy":"practice_field","href":"https:\/\/www.akademie-solitude.de\/de\/wp-json\/wp\/v2\/practice_field\/120"},{"embeddable":true,"taxonomy":"year_generation","href":"https:\/\/www.akademie-solitude.de\/de\/wp-json\/wp\/v2\/year_generation\/83"},{"embeddable":true,"taxonomy":"year_generation","href":"https:\/\/www.akademie-solitude.de\/de\/wp-json\/wp\/v2\/year_generation\/82"},{"embeddable":true,"taxonomy":"person_type","href":"https:\/\/www.akademie-solitude.de\/de\/wp-json\/wp\/v2\/person_type\/57"}],"wp:attachment":[{"href":"https:\/\/www.akademie-solitude.de\/de\/wp-json\/wp\/v2\/media?parent=5823"}],"wp:term":[{"taxonomy":"person_type","embeddable":true,"href":"https:\/\/www.akademie-solitude.de\/de\/wp-json\/wp\/v2\/person_type?post=5823"},{"taxonomy":"program","embeddable":true,"href":"https:\/\/www.akademie-solitude.de\/de\/wp-json\/wp\/v2\/program?post=5823"},{"taxonomy":"practice_field","embeddable":true,"href":"https:\/\/www.akademie-solitude.de\/de\/wp-json\/wp\/v2\/practice_field?post=5823"},{"taxonomy":"year_generation","embeddable":true,"href":"https:\/\/www.akademie-solitude.de\/de\/wp-json\/wp\/v2\/year_generation?post=5823"}],"curies":[{"name":"wp","href":"https:\/\/api.w.org\/{rel}","templated":true}]}}

Geb. 1964 in Wuppertal.<br />
<br />
Studium der Neueren Deutschen Literatur, Kunstgeschichte und Theaterwissenschaft u. a. an der Universität München, Magisterarbeit über Das Eigene und das Fremde im Werk Peter Handkes.<br />
<br />
Regieassistenzen bei Frank Castorf, Andres Kriegenburg, Jermy Weller in Berlin (Deutsches Theater und Volksbühne).<br />
<br />
1992-95 Regisseur an der Volks-bühne, künstl. Leiter des Obdachlosentheaters Ratten. Seit 1995 freie Tätigkeit als Regisseur und bildender Künstler.<br />
<br />
Zahlreiche Aufführungen und Interventionen, zuletzt Woyzeck - Bin ich ein Mensch?, Volksbühne (1995), Lösung Losung Trallala, Raumbesetzung, Rock Art Tuchfabrik Trier (1996) oder Hotel Europa, Happening in der Villa Piccolomini, Rom (1996).<br />
<br />
Förderpreis Darstellende Kunst des Kunstpreises Berlin.
