{"id":5825,"date":"2020-03-26T14:47:46","date_gmt":"2020-03-26T13:47:46","guid":{"rendered":"https:\/\/www.akademie-solitude.de\/person\/chris-heenan\/"},"modified":"2020-08-12T17:28:03","modified_gmt":"2020-08-12T15:28:03","slug":"chris-heenan","status":"publish","type":"person","link":"https:\/\/www.akademie-solitude.de\/de\/person\/chris-heenan\/","title":{"rendered":"Chris  Heenan"},"content":{"rendered":"","protected":false},"author":1,"featured_media":0,"template":"","meta":{"_acf_changed":false,"inline_featured_image":false},"person_type":[57],"program":[],"practice_field":[122],"year_generation":[88,89,90],"class_list":["post-5825","person","type-person","status-publish","hentry","person_type-stipendiatinnen","practice_field-musik-klang","year_generation-88","year_generation-89","year_generation-90"],"acf":{"person_id__old":"1731","person_name":{"person_name":"Chris","person_middlename":"","person_surname":"Heenan"},"person_metadata":"","person_position":[57],"person_job":"","person_txt":"Geboren 1969 in Washington, DC. 1992 Bachelor of Arts am Conneticut College in New London, CT und 2004 Master of Fine Arts am Bard College in Annandale, NY. Von 1994 \u2013 1998 studierte er Saxophon bei Ken Vandermark, Rohrblatt-Spieler und Komponist, 1999-2002 bei Vinny Golia, ebenfalls Komponist und Glockenspielmusiker.<br \/>\n<br \/>\nChris Heenan ist Improvisationsmusiker und lebt in Los Angeles. Er spielt Alt-Saxophon, Bass, Klarinette und Kontrabass-Klarinette. Aktuelle Projekte umfassen \u201eTeam Up\u201c, ein Duo mit dem Gitarristen Chris Forsyth (New York) (CD erscheint in diesem Herbst bei REIFY), ein improvisierendes Klarinetten-Trio mit David Rothbaum und Cory Wright und eine CD mit gro\u00dfen Gruppen-Improvisationen, von Heenan und Drake organisiert. Er ist Mitglied bei Rich West\u2019s \u201eBedouin Hornbook\u201c und bei \u201eOrganic Orchestra\u201c von Adam Rudolph. Konzerte und Aufnahmen mit vielen Musikern wie Ernesto Diaz-Infante, Vinny Golia, Harris Eisenstadt, Joseph Hammer, Henry Grimes, Wolfgang Fuchs, Dan Clucas, Tony Bevan, Wadada Leo Smith, Torsten M\u00fcller, Jerome Bryerton, Bob Marsh, Frank Gratkowski, Lynn Johnston, Alex Cline, Rick Potts (von \u201eSolid Eye\u201c), Jaime Fennelly, Peter Kowald, Rod Poole, David Rothbaum, Damon Smith, Anne LeBaron, Nels Cline, Adam Lane, Sabu Toyozumi, Kyle Bruckmann und Brett Larner. Chris Heenan ist au\u00dferdem Ko-Organisator der \u201eline space line\u201c, einer w\u00f6chentlich Konzertreihe f\u00fcr improvisierte Musik mit einem j\u00e4hrlichen Festival (wwww.linespaceline.org).","person_txt_short":"","person_img":"","person_website":"<a href=\"http:\/\/www.linespaceline.org\">www.linespaceline.org<\/a>","person_links":null,"person_year":[88,89,90],"person_residencies":[{"person_stay_from":"20040301","person_stay_to":"20050531"},{"person_stay_from":"20040901","person_stay_to":"20050531"},{"person_stay_from":"20060101","person_stay_to":"20060730"}],"person_residency_sort_stay_from":null,"person_residency_sort_stay_to":null,"person_practice_field":[122],"person_program":false,"person_locations":[{"person_city":"Los Angeles","person_country":"USA"}],"person_country":"","related_posts_event":[7162,7165,7171,7195,7260,7420,18377,18380,18386,18410,18475,18635],"related_posts_news":[7420],"related_posts_post":null,"related_posts_schlosspost":null,"person_fellow_juror_relation":[5487]},"_links":{"self":[{"href":"https:\/\/www.akademie-solitude.de\/de\/wp-json\/wp\/v2\/person\/5825","targetHints":{"allow":["GET"]}}],"collection":[{"href":"https:\/\/www.akademie-solitude.de\/de\/wp-json\/wp\/v2\/person"}],"about":[{"href":"https:\/\/www.akademie-solitude.de\/de\/wp-json\/wp\/v2\/types\/person"}],"author":[{"embeddable":true,"href":"https:\/\/www.akademie-solitude.de\/de\/wp-json\/wp\/v2\/users\/1"}],"acf:post":[{"embeddable":true,"href":"https:\/\/www.akademie-solitude.de\/de\/wp-json\/wp\/v2\/person\/5487"},{"embeddable":true,"href":"https:\/\/www.akademie-solitude.de\/de\/wp-json\/wp\/v2\/event\/18635"},{"embeddable":true,"href":"https:\/\/www.akademie-solitude.de\/de\/wp-json\/wp\/v2\/event\/18475"},{"embeddable":true,"href":"https:\/\/www.akademie-solitude.de\/de\/wp-json\/wp\/v2\/event\/18410"},{"embeddable":true,"href":"https:\/\/www.akademie-solitude.de\/de\/wp-json\/wp\/v2\/event\/18386"},{"embeddable":true,"href":"https:\/\/www.akademie-solitude.de\/de\/wp-json\/wp\/v2\/event\/18380"},{"embeddable":true,"href":"https:\/\/www.akademie-solitude.de\/de\/wp-json\/wp\/v2\/event\/18377"},{"embeddable":true,"href":"https:\/\/www.akademie-solitude.de\/de\/wp-json\/wp\/v2\/event\/7420"},{"embeddable":true,"href":"https:\/\/www.akademie-solitude.de\/de\/wp-json\/wp\/v2\/event\/7260"},{"embeddable":true,"href":"https:\/\/www.akademie-solitude.de\/de\/wp-json\/wp\/v2\/event\/7195"},{"embeddable":true,"href":"https:\/\/www.akademie-solitude.de\/de\/wp-json\/wp\/v2\/event\/7171"},{"embeddable":true,"href":"https:\/\/www.akademie-solitude.de\/de\/wp-json\/wp\/v2\/event\/7165"},{"embeddable":true,"href":"https:\/\/www.akademie-solitude.de\/de\/wp-json\/wp\/v2\/event\/7162"}],"acf:term":[{"embeddable":true,"taxonomy":"practice_field","href":"https:\/\/www.akademie-solitude.de\/de\/wp-json\/wp\/v2\/practice_field\/122"},{"embeddable":true,"taxonomy":"year_generation","href":"https:\/\/www.akademie-solitude.de\/de\/wp-json\/wp\/v2\/year_generation\/90"},{"embeddable":true,"taxonomy":"year_generation","href":"https:\/\/www.akademie-solitude.de\/de\/wp-json\/wp\/v2\/year_generation\/89"},{"embeddable":true,"taxonomy":"year_generation","href":"https:\/\/www.akademie-solitude.de\/de\/wp-json\/wp\/v2\/year_generation\/88"},{"embeddable":true,"taxonomy":"person_type","href":"https:\/\/www.akademie-solitude.de\/de\/wp-json\/wp\/v2\/person_type\/57"}],"wp:attachment":[{"href":"https:\/\/www.akademie-solitude.de\/de\/wp-json\/wp\/v2\/media?parent=5825"}],"wp:term":[{"taxonomy":"person_type","embeddable":true,"href":"https:\/\/www.akademie-solitude.de\/de\/wp-json\/wp\/v2\/person_type?post=5825"},{"taxonomy":"program","embeddable":true,"href":"https:\/\/www.akademie-solitude.de\/de\/wp-json\/wp\/v2\/program?post=5825"},{"taxonomy":"practice_field","embeddable":true,"href":"https:\/\/www.akademie-solitude.de\/de\/wp-json\/wp\/v2\/practice_field?post=5825"},{"taxonomy":"year_generation","embeddable":true,"href":"https:\/\/www.akademie-solitude.de\/de\/wp-json\/wp\/v2\/year_generation?post=5825"}],"curies":[{"name":"wp","href":"https:\/\/api.w.org\/{rel}","templated":true}]}}

Geboren 1969 in Washington, DC. 1992 Bachelor of Arts am Conneticut College in New London, CT und 2004 Master of Fine Arts am Bard College in Annandale, NY. Von 1994 – 1998 studierte er Saxophon bei Ken Vandermark, Rohrblatt-Spieler und Komponist, 1999-2002 bei Vinny Golia, ebenfalls Komponist und Glockenspielmusiker.<br />
<br />
Chris Heenan ist Improvisationsmusiker und lebt in Los Angeles. Er spielt Alt-Saxophon, Bass, Klarinette und Kontrabass-Klarinette. Aktuelle Projekte umfassen „Team Up“, ein Duo mit dem Gitarristen Chris Forsyth (New York) (CD erscheint in diesem Herbst bei REIFY), ein improvisierendes Klarinetten-Trio mit David Rothbaum und Cory Wright und eine CD mit großen Gruppen-Improvisationen, von Heenan und Drake organisiert. Er ist Mitglied bei Rich West’s „Bedouin Hornbook“ und bei „Organic Orchestra“ von Adam Rudolph. Konzerte und Aufnahmen mit vielen Musikern wie Ernesto Diaz-Infante, Vinny Golia, Harris Eisenstadt, Joseph Hammer, Henry Grimes, Wolfgang Fuchs, Dan Clucas, Tony Bevan, Wadada Leo Smith, Torsten Müller, Jerome Bryerton, Bob Marsh, Frank Gratkowski, Lynn Johnston, Alex Cline, Rick Potts (von „Solid Eye“), Jaime Fennelly, Peter Kowald, Rod Poole, David Rothbaum, Damon Smith, Anne LeBaron, Nels Cline, Adam Lane, Sabu Toyozumi, Kyle Bruckmann und Brett Larner. Chris Heenan ist außerdem Ko-Organisator der „line space line“, einer wöchentlich Konzertreihe für improvisierte Musik mit einem jährlichen Festival (wwww.linespaceline.org).
