{"id":5844,"date":"2020-03-26T14:47:47","date_gmt":"2020-03-26T13:47:47","guid":{"rendered":"https:\/\/www.akademie-solitude.de\/person\/chei-woon-jung\/"},"modified":"2020-08-12T17:28:06","modified_gmt":"2020-08-12T15:28:06","slug":"chei-woon-jung","status":"publish","type":"person","link":"https:\/\/www.akademie-solitude.de\/de\/person\/chei-woon-jung\/","title":{"rendered":"Chei  Woon-Jung"},"content":{"rendered":"","protected":false},"author":1,"featured_media":0,"template":"","meta":{"_acf_changed":false,"inline_featured_image":false},"person_type":[57],"program":[],"practice_field":[119],"year_generation":[77,78],"class_list":["post-5844","person","type-person","status-publish","hentry","person_type-stipendiatinnen","practice_field-literatur","year_generation-77","year_generation-78"],"acf":{"person_id__old":"1751","person_name":{"person_name":"Chei","person_middlename":"","person_surname":"Woon-Jung"},"person_metadata":"","person_position":[57],"person_job":"","person_txt":"Geboren in Seoul (Republik Korea), Studium der Germanistik und Philosophie an der Heinrich-Heine-Universit\u00e4t D\u00fcsseldorf, Studienabschluss als Diplom-Sozialwissenschaftlerin an der Gerhard-Mercator-Universit\u00e4t Duisburg.<br \/>\n<br \/>\nSoziologin, Schriftstellerin, \u00dcbersetzerin, Dolmetscherin<br \/>\n<br \/>\nStipendium des koreanischen \u00dcbersetzerverbandes (1996); \u00dcbersetzerpreis der Korean Culture and Arts Foundation und des Verlags Volk und Welt (1994); \u00dcbersetzerpreis des koreanischen \u00dcbersetzerverbands (1996); Stipendium des K\u00fcnstlerdorfs Sch\u00f6ppingen 1999.<br \/>\n<br \/>\nPublikationen: Die tr\u00e4umende Brutmaschine; M\u00e4rchen aus Japan (1996); Der Himmelsprinz und die B\u00e4rin. Koreanische M\u00e4rchen (1998); Die Sterne \u00fcber dem Land der V\u00e4ter; Morgenstille im Abendland - eigene Lyrik; Wo ich bleibe - eigene Lyrik","person_txt_short":"","person_img":"","person_website":"","person_links":null,"person_year":[77,78],"person_residencies":[{"person_stay_from":"19920401","person_stay_to":"19920630"}],"person_residency_sort_stay_from":null,"person_residency_sort_stay_to":null,"person_practice_field":[119],"person_program":false,"person_locations":[{"person_city":"D\u00fcsseldorf","person_country":"Deutschland"}],"person_country":"","related_posts_event":"","related_posts_news":"","related_posts_post":null,"related_posts_schlosspost":null,"person_fellow_juror_relation":[5549]},"_links":{"self":[{"href":"https:\/\/www.akademie-solitude.de\/de\/wp-json\/wp\/v2\/person\/5844","targetHints":{"allow":["GET"]}}],"collection":[{"href":"https:\/\/www.akademie-solitude.de\/de\/wp-json\/wp\/v2\/person"}],"about":[{"href":"https:\/\/www.akademie-solitude.de\/de\/wp-json\/wp\/v2\/types\/person"}],"author":[{"embeddable":true,"href":"https:\/\/www.akademie-solitude.de\/de\/wp-json\/wp\/v2\/users\/1"}],"acf:post":[{"embeddable":true,"href":"https:\/\/www.akademie-solitude.de\/de\/wp-json\/wp\/v2\/person\/5549"}],"acf:term":[{"embeddable":true,"taxonomy":"practice_field","href":"https:\/\/www.akademie-solitude.de\/de\/wp-json\/wp\/v2\/practice_field\/119"},{"embeddable":true,"taxonomy":"year_generation","href":"https:\/\/www.akademie-solitude.de\/de\/wp-json\/wp\/v2\/year_generation\/78"},{"embeddable":true,"taxonomy":"year_generation","href":"https:\/\/www.akademie-solitude.de\/de\/wp-json\/wp\/v2\/year_generation\/77"},{"embeddable":true,"taxonomy":"person_type","href":"https:\/\/www.akademie-solitude.de\/de\/wp-json\/wp\/v2\/person_type\/57"}],"wp:attachment":[{"href":"https:\/\/www.akademie-solitude.de\/de\/wp-json\/wp\/v2\/media?parent=5844"}],"wp:term":[{"taxonomy":"person_type","embeddable":true,"href":"https:\/\/www.akademie-solitude.de\/de\/wp-json\/wp\/v2\/person_type?post=5844"},{"taxonomy":"program","embeddable":true,"href":"https:\/\/www.akademie-solitude.de\/de\/wp-json\/wp\/v2\/program?post=5844"},{"taxonomy":"practice_field","embeddable":true,"href":"https:\/\/www.akademie-solitude.de\/de\/wp-json\/wp\/v2\/practice_field?post=5844"},{"taxonomy":"year_generation","embeddable":true,"href":"https:\/\/www.akademie-solitude.de\/de\/wp-json\/wp\/v2\/year_generation?post=5844"}],"curies":[{"name":"wp","href":"https:\/\/api.w.org\/{rel}","templated":true}]}}

Geboren in Seoul (Republik Korea), Studium der Germanistik und Philosophie an der Heinrich-Heine-Universität Düsseldorf, Studienabschluss als Diplom-Sozialwissenschaftlerin an der Gerhard-Mercator-Universität Duisburg.<br />
<br />
Soziologin, Schriftstellerin, Übersetzerin, Dolmetscherin<br />
<br />
Stipendium des koreanischen Übersetzerverbandes (1996); Übersetzerpreis der Korean Culture and Arts Foundation und des Verlags Volk und Welt (1994); Übersetzerpreis des koreanischen Übersetzerverbands (1996); Stipendium des Künstlerdorfs Schöppingen 1999.<br />
<br />
Publikationen: Die träumende Brutmaschine; Märchen aus Japan (1996); Der Himmelsprinz und die Bärin. Koreanische Märchen (1998); Die Sterne über dem Land der Väter; Morgenstille im Abendland - eigene Lyrik; Wo ich bleibe - eigene Lyrik

Düsseldorf
