{"id":5854,"date":"2020-03-26T14:47:47","date_gmt":"2020-03-26T13:47:47","guid":{"rendered":"https:\/\/www.akademie-solitude.de\/person\/ulrike-aigner\/"},"modified":"2020-08-12T17:28:07","modified_gmt":"2020-08-12T15:28:07","slug":"ulrike-aigner","status":"publish","type":"person","link":"https:\/\/www.akademie-solitude.de\/de\/person\/ulrike-aigner\/","title":{"rendered":"Ulrike  Aigner"},"content":{"rendered":"","protected":false},"author":1,"featured_media":0,"template":"","meta":{"_acf_changed":false,"inline_featured_image":false},"person_type":[57],"program":[],"practice_field":[13],"year_generation":[75,76],"class_list":["post-5854","person","type-person","status-publish","hentry","person_type-stipendiatinnen","practice_field-design","year_generation-75","year_generation-76"],"acf":{"person_id__old":"1762","person_name":{"person_name":"Ulrike","person_middlename":"","person_surname":"Aigner"},"person_metadata":"","person_position":[57],"person_job":"","person_txt":"<p>Geboren 1965 in Scheibbs\/\u00d6sterrreich.<br><br>1979\u20131982 T\u00f6pferlehre; 1984\u20131990 Studium der Produktgestaltung an der Hochschule f\u00fcr angewandte Kunst, Wien; 1992\u20131994 Filmakademie Baden-W\u00fcrttemberg.<br><br>Stipendien und Preise (Auswahl): Kulturpreis des Landes Tirol (1990); \u00d6sterreichisches Staatsstipendium f\u00fcr bildende Kunst (1993); Kulturpreis des Landes N\u00d6 (1995); \u00d6sterreichisches Staatsstipendium f\u00fcr Fotografie (1996); Arbeits- und Ausbildungsstipendium Bereich Computeranimation (1997\/98).<br><br>Ausstellungen (Auswahl):<em> Zum Beispiel \u2013 Uli Aigner<\/em>, Galerie Kunstformen Jetzt, Salzburg\/\u00d6sterreich (1987); Akademie Schloss Solitude (1992); <em>I say..<\/em>, ART ACKER, Berlin\/Deutschland (1993); <em>bin zuhause<\/em>, Galerie Fotohof, Salzburg (1993); <em>Reise zu den Quellen<\/em> Wien\/\u00d6sterreich und New York, NY\/USA (1993); Das Gerhard-Paul-Museum (Galerie Theuretzbacher, Wien 1993); <em>Lokalze<\/em>it, Wiener Material im Spiegel des Unbehagens, Raum Strohal, Wien (1994); <em>Insane<\/em>, Galerie Grita Insam, Wien (1994); <em>Hotel Mama, aperto 95<\/em> Messepalast, Kunstraum, Wien (1995); <em>Im W\u00e4schekorb<\/em>, Neue Galerie, Graz\/\u00d6sterreich (1995); <em>METANOIA<\/em>, MAK-Galerie, Wien (1995); <em>How was Mexico?<\/em>, Zona Azul, Mexico City\/Mexiko (1995); F<em>igure in Landscape<\/em>, \u00d6sterreichisches Kulturinstitut, London\/Gro\u00dfbritannien (1996); <em>Der UMBAU Raum<\/em>, K\u00fcnstlerhaus Stuttgart, Stuttgart\/Deutschland (1996); <em>Lifesize<\/em>, N.A.M.E. Gallery, Chicago,IL\/USA (1996); 6th International Cairo Biennial, Kairo\/\u00c4gypten (1996); Uli Aigner & Linda Herrit, Art & Idea, Mexico City (1997); <em>Ich ist ein anderer\/ Steirischer Herbst 97<\/em>, Kulturhaus Graz (1997); <em>Auswahl \/Umkehren<\/em>, Galerie Mezzanin, Wien (1998); <em>Washingbasket<\/em>, Projektraum correct, New York (1998); <em>Anni und Sepp<\/em>, Galerie Grita Insam, Wien (1998); <em>hedah<\/em>, Videofestival Maastricht, Maastricht\/Niederlande (1999); <em>FunktionsSystemMensch<\/em>, Museum Bochum, Bochum\/Deutschland (1999); Uli Aigner\/Gernot Wieland, Station 3, Wien (1999); <em>welldone<\/em>, 20er Haus, Wien (1999).<br><\/p>","person_txt_short":"","person_img":"","person_website":"","person_links":null,"person_year":[75,76],"person_residencies":[{"person_stay_from":"19910701","person_stay_to":"19911231"}],"person_residency_sort_stay_from":null,"person_residency_sort_stay_to":null,"person_practice_field":[13],"person_program":false,"person_locations":[{"person_city":"Wien","person_country":"\u00d6sterreich"}],"person_country":"","related_posts_event":"","related_posts_news":[43444],"related_posts_post":null,"related_posts_schlosspost":null,"person_fellow_juror_relation":[5560]},"_links":{"self":[{"href":"https:\/\/www.akademie-solitude.de\/de\/wp-json\/wp\/v2\/person\/5854","targetHints":{"allow":["GET"]}}],"collection":[{"href":"https:\/\/www.akademie-solitude.de\/de\/wp-json\/wp\/v2\/person"}],"about":[{"href":"https:\/\/www.akademie-solitude.de\/de\/wp-json\/wp\/v2\/types\/person"}],"author":[{"embeddable":true,"href":"https:\/\/www.akademie-solitude.de\/de\/wp-json\/wp\/v2\/users\/1"}],"acf:post":[{"embeddable":true,"href":"https:\/\/www.akademie-solitude.de\/de\/wp-json\/wp\/v2\/person\/5560"},{"embeddable":true,"href":"https:\/\/www.akademie-solitude.de\/de\/wp-json\/wp\/v2\/news\/43444"}],"acf:term":[{"embeddable":true,"taxonomy":"practice_field","href":"https:\/\/www.akademie-solitude.de\/de\/wp-json\/wp\/v2\/practice_field\/13"},{"embeddable":true,"taxonomy":"year_generation","href":"https:\/\/www.akademie-solitude.de\/de\/wp-json\/wp\/v2\/year_generation\/76"},{"embeddable":true,"taxonomy":"year_generation","href":"https:\/\/www.akademie-solitude.de\/de\/wp-json\/wp\/v2\/year_generation\/75"},{"embeddable":true,"taxonomy":"person_type","href":"https:\/\/www.akademie-solitude.de\/de\/wp-json\/wp\/v2\/person_type\/57"}],"wp:attachment":[{"href":"https:\/\/www.akademie-solitude.de\/de\/wp-json\/wp\/v2\/media?parent=5854"}],"wp:term":[{"taxonomy":"person_type","embeddable":true,"href":"https:\/\/www.akademie-solitude.de\/de\/wp-json\/wp\/v2\/person_type?post=5854"},{"taxonomy":"program","embeddable":true,"href":"https:\/\/www.akademie-solitude.de\/de\/wp-json\/wp\/v2\/program?post=5854"},{"taxonomy":"practice_field","embeddable":true,"href":"https:\/\/www.akademie-solitude.de\/de\/wp-json\/wp\/v2\/practice_field?post=5854"},{"taxonomy":"year_generation","embeddable":true,"href":"https:\/\/www.akademie-solitude.de\/de\/wp-json\/wp\/v2\/year_generation?post=5854"}],"curies":[{"name":"wp","href":"https:\/\/api.w.org\/{rel}","templated":true}]}}

<p>Geboren 1965 in Scheibbs/Österrreich.<br><br>1979–1982 Töpferlehre; 1984–1990 Studium der Produktgestaltung an der Hochschule für angewandte Kunst, Wien; 1992–1994 Filmakademie Baden-Württemberg.<br><br>Stipendien und Preise (Auswahl): Kulturpreis des Landes Tirol (1990); Österreichisches Staatsstipendium für bildende Kunst (1993); Kulturpreis des Landes NÖ (1995); Österreichisches Staatsstipendium für Fotografie (1996); Arbeits- und Ausbildungsstipendium Bereich Computeranimation (1997/98).<br><br>Ausstellungen (Auswahl):<em> Zum Beispiel – Uli Aigner</em>, Galerie Kunstformen Jetzt, Salzburg/Österreich (1987); Akademie Schloss Solitude (1992); <em>I say..</em>, ART ACKER, Berlin/Deutschland (1993); <em>bin zuhause</em>, Galerie Fotohof, Salzburg (1993); <em>Reise zu den Quellen</em> Wien/Österreich und New York, NY/USA (1993); Das Gerhard-Paul-Museum (Galerie Theuretzbacher, Wien 1993); <em>Lokalze</em>it, Wiener Material im Spiegel des Unbehagens, Raum Strohal, Wien (1994); <em>Insane</em>, Galerie Grita Insam, Wien (1994); <em>Hotel Mama, aperto 95</em> Messepalast, Kunstraum, Wien (1995); <em>Im Wäschekorb</em>, Neue Galerie, Graz/Österreich (1995); <em>METANOIA</em>, MAK-Galerie, Wien (1995); <em>How was Mexico?</em>, Zona Azul, Mexico City/Mexiko (1995); F<em>igure in Landscape</em>, Österreichisches Kulturinstitut, London/Großbritannien (1996); <em>Der UMBAU Raum</em>, Künstlerhaus Stuttgart, Stuttgart/Deutschland (1996); <em>Lifesize</em>, N.A.M.E. Gallery, Chicago,IL/USA (1996); 6th International Cairo Biennial, Kairo/Ägypten (1996); Uli Aigner & Linda Herrit, Art & Idea, Mexico City (1997); <em>Ich ist ein anderer/ Steirischer Herbst 97</em>, Kulturhaus Graz (1997); <em>Auswahl /Umkehren</em>, Galerie Mezzanin, Wien (1998); <em>Washingbasket</em>, Projektraum correct, New York (1998); <em>Anni und Sepp</em>, Galerie Grita Insam, Wien (1998); <em>hedah</em>, Videofestival Maastricht, Maastricht/Niederlande (1999); <em>FunktionsSystemMensch</em>, Museum Bochum, Bochum/Deutschland (1999); Uli Aigner/Gernot Wieland, Station 3, Wien (1999); <em>welldone</em>, 20er Haus, Wien (1999).<br></p>

Österreich
