{"id":5856,"date":"2020-03-26T14:47:49","date_gmt":"2020-03-26T13:47:49","guid":{"rendered":"https:\/\/www.akademie-solitude.de\/person\/matteo-fargion\/"},"modified":"2020-08-12T17:28:09","modified_gmt":"2020-08-12T15:28:09","slug":"matteo-fargion","status":"publish","type":"person","link":"https:\/\/www.akademie-solitude.de\/de\/person\/matteo-fargion\/","title":{"rendered":"Matteo  Fargion"},"content":{"rendered":"","protected":false},"author":1,"featured_media":0,"template":"","meta":{"_acf_changed":false,"inline_featured_image":false},"person_type":[57],"program":[],"practice_field":[122],"year_generation":[82,83],"class_list":["post-5856","person","type-person","status-publish","hentry","person_type-stipendiatinnen","practice_field-musik-klang","year_generation-82","year_generation-83"],"acf":{"person_id__old":"1764","person_name":{"person_name":"Matteo","person_middlename":"","person_surname":"Fargion"},"person_metadata":"","person_position":[57],"person_job":"","person_txt":"Geb. 1961 in Mailand.<br \/>\n<br \/>\nKompositionsstudium an der Universit\u00e4t von Natal, S\u00fcdafrika.<br \/>\n<br \/>\n1985-87 Ausbildung bei Howard Skempton, erste Kompositionsauftr\u00e4ge f\u00fcr Kammerst\u00fccke.<br \/>\n<br \/>\n1983-87 Kurse und Vorlesungen bei Morton Feldman.<br \/>\n<br \/>\n1986-92 Bassgitarrist bei C. Newman & Janet Smith (experimenteller Rock).<br \/>\n<br \/>\nSeit 1989 Zusammenarbeit mit Tanzgruppen, St\u00fccke f\u00fcr f\u00fchrende Choreographen (u. a. Jonathan Burrows Group, Siobhan Davies Dance Company).<br \/>\n<br \/>\nSeit 1990 Filmmusiken f\u00fcr alle Filme von Adam Roberts.<br \/>\n<br \/>\n1989 Sonorities Prize for Composition (Belfast).","person_txt_short":"","person_img":"","person_website":"","person_links":null,"person_year":[82,83],"person_residencies":[{"person_stay_from":"19970301","person_stay_to":"19980228"}],"person_residency_sort_stay_from":null,"person_residency_sort_stay_to":null,"person_practice_field":[122],"person_program":false,"person_locations":[{"person_city":"London","person_country":"Gro\u00dfbritannien"}],"person_country":"","related_posts_event":"","related_posts_news":"","related_posts_post":null,"related_posts_schlosspost":null,"person_fellow_juror_relation":[5532]},"_links":{"self":[{"href":"https:\/\/www.akademie-solitude.de\/de\/wp-json\/wp\/v2\/person\/5856","targetHints":{"allow":["GET"]}}],"collection":[{"href":"https:\/\/www.akademie-solitude.de\/de\/wp-json\/wp\/v2\/person"}],"about":[{"href":"https:\/\/www.akademie-solitude.de\/de\/wp-json\/wp\/v2\/types\/person"}],"author":[{"embeddable":true,"href":"https:\/\/www.akademie-solitude.de\/de\/wp-json\/wp\/v2\/users\/1"}],"acf:post":[{"embeddable":true,"href":"https:\/\/www.akademie-solitude.de\/de\/wp-json\/wp\/v2\/person\/5532"}],"acf:term":[{"embeddable":true,"taxonomy":"practice_field","href":"https:\/\/www.akademie-solitude.de\/de\/wp-json\/wp\/v2\/practice_field\/122"},{"embeddable":true,"taxonomy":"year_generation","href":"https:\/\/www.akademie-solitude.de\/de\/wp-json\/wp\/v2\/year_generation\/83"},{"embeddable":true,"taxonomy":"year_generation","href":"https:\/\/www.akademie-solitude.de\/de\/wp-json\/wp\/v2\/year_generation\/82"},{"embeddable":true,"taxonomy":"person_type","href":"https:\/\/www.akademie-solitude.de\/de\/wp-json\/wp\/v2\/person_type\/57"}],"wp:attachment":[{"href":"https:\/\/www.akademie-solitude.de\/de\/wp-json\/wp\/v2\/media?parent=5856"}],"wp:term":[{"taxonomy":"person_type","embeddable":true,"href":"https:\/\/www.akademie-solitude.de\/de\/wp-json\/wp\/v2\/person_type?post=5856"},{"taxonomy":"program","embeddable":true,"href":"https:\/\/www.akademie-solitude.de\/de\/wp-json\/wp\/v2\/program?post=5856"},{"taxonomy":"practice_field","embeddable":true,"href":"https:\/\/www.akademie-solitude.de\/de\/wp-json\/wp\/v2\/practice_field?post=5856"},{"taxonomy":"year_generation","embeddable":true,"href":"https:\/\/www.akademie-solitude.de\/de\/wp-json\/wp\/v2\/year_generation?post=5856"}],"curies":[{"name":"wp","href":"https:\/\/api.w.org\/{rel}","templated":true}]}}

Geb. 1961 in Mailand.<br />
<br />
Kompositionsstudium an der Universität von Natal, Südafrika.<br />
<br />
1985-87 Ausbildung bei Howard Skempton, erste Kompositionsaufträge für Kammerstücke.<br />
<br />
1983-87 Kurse und Vorlesungen bei Morton Feldman.<br />
<br />
1986-92 Bassgitarrist bei C. Newman & Janet Smith (experimenteller Rock).<br />
<br />
Seit 1989 Zusammenarbeit mit Tanzgruppen, Stücke für führende Choreographen (u. a. Jonathan Burrows Group, Siobhan Davies Dance Company).<br />
<br />
Seit 1990 Filmmusiken für alle Filme von Adam Roberts.<br />
<br />
1989 Sonorities Prize for Composition (Belfast).

Großbritannien
