{"id":5888,"date":"2020-03-26T14:47:51","date_gmt":"2020-03-26T13:47:51","guid":{"rendered":"https:\/\/www.akademie-solitude.de\/person\/jonathan-hill\/"},"modified":"2020-08-12T17:28:13","modified_gmt":"2020-08-12T15:28:13","slug":"jonathan-hill","status":"publish","type":"person","link":"https:\/\/www.akademie-solitude.de\/de\/person\/jonathan-hill\/","title":{"rendered":"Jonathan  Hill"},"content":{"rendered":"","protected":false},"author":1,"featured_media":0,"template":"","meta":{"_acf_changed":false,"inline_featured_image":false},"person_type":[57],"program":[],"practice_field":[12],"year_generation":[82,83],"class_list":["post-5888","person","type-person","status-publish","hentry","person_type-stipendiatinnen","practice_field-architektur","year_generation-82","year_generation-83"],"acf":{"person_id__old":"1797","person_name":{"person_name":"Jonathan","person_middlename":"","person_surname":"Hill"},"person_metadata":"","person_position":[57],"person_job":"","person_txt":"Geb. 1958 in England.<br \/>\n<br \/>\nAusbildung u. a. an der Birmingham School of Architecture, Architectural Association School und Bartlett School of Architecture, University College London.<br \/>\n<br \/>\n1990 Gr\u00fcndung eines eigenen Architekturb\u00fcros, Auftr\u00e4ge in England und Italien.<br \/>\n<br \/>\nZahlreiche Ausstellungen, 1995 bei der Biennale Venedig, im New Parliament House, Glasgow, 1996 in Glasgow in The Other Place Gallery und 1999 in Edinburgh \"The illegal Architect\".<br \/>\n<br \/>\nLehrauftr\u00e4ge, Gr\u00fcndungs-Mitherausgeber der Zeitschrift \"Artifice\" (London 1994).","person_txt_short":"","person_img":"","person_website":"","person_links":null,"person_year":[82,83],"person_residencies":[{"person_stay_from":"19970501","person_stay_to":"19970531"}],"person_residency_sort_stay_from":null,"person_residency_sort_stay_to":null,"person_practice_field":[12],"person_program":false,"person_locations":[{"person_city":"London","person_country":"Gro\u00dfbritannien"}],"person_country":"","related_posts_event":"","related_posts_news":"","related_posts_post":null,"related_posts_schlosspost":null,"person_fellow_juror_relation":[5530]},"_links":{"self":[{"href":"https:\/\/www.akademie-solitude.de\/de\/wp-json\/wp\/v2\/person\/5888","targetHints":{"allow":["GET"]}}],"collection":[{"href":"https:\/\/www.akademie-solitude.de\/de\/wp-json\/wp\/v2\/person"}],"about":[{"href":"https:\/\/www.akademie-solitude.de\/de\/wp-json\/wp\/v2\/types\/person"}],"author":[{"embeddable":true,"href":"https:\/\/www.akademie-solitude.de\/de\/wp-json\/wp\/v2\/users\/1"}],"acf:post":[{"embeddable":true,"href":"https:\/\/www.akademie-solitude.de\/de\/wp-json\/wp\/v2\/person\/5530"}],"acf:term":[{"embeddable":true,"taxonomy":"practice_field","href":"https:\/\/www.akademie-solitude.de\/de\/wp-json\/wp\/v2\/practice_field\/12"},{"embeddable":true,"taxonomy":"year_generation","href":"https:\/\/www.akademie-solitude.de\/de\/wp-json\/wp\/v2\/year_generation\/83"},{"embeddable":true,"taxonomy":"year_generation","href":"https:\/\/www.akademie-solitude.de\/de\/wp-json\/wp\/v2\/year_generation\/82"},{"embeddable":true,"taxonomy":"person_type","href":"https:\/\/www.akademie-solitude.de\/de\/wp-json\/wp\/v2\/person_type\/57"}],"wp:attachment":[{"href":"https:\/\/www.akademie-solitude.de\/de\/wp-json\/wp\/v2\/media?parent=5888"}],"wp:term":[{"taxonomy":"person_type","embeddable":true,"href":"https:\/\/www.akademie-solitude.de\/de\/wp-json\/wp\/v2\/person_type?post=5888"},{"taxonomy":"program","embeddable":true,"href":"https:\/\/www.akademie-solitude.de\/de\/wp-json\/wp\/v2\/program?post=5888"},{"taxonomy":"practice_field","embeddable":true,"href":"https:\/\/www.akademie-solitude.de\/de\/wp-json\/wp\/v2\/practice_field?post=5888"},{"taxonomy":"year_generation","embeddable":true,"href":"https:\/\/www.akademie-solitude.de\/de\/wp-json\/wp\/v2\/year_generation?post=5888"}],"curies":[{"name":"wp","href":"https:\/\/api.w.org\/{rel}","templated":true}]}}

Geb. 1958 in England.<br />
<br />
Ausbildung u. a. an der Birmingham School of Architecture, Architectural Association School und Bartlett School of Architecture, University College London.<br />
<br />
1990 Gründung eines eigenen Architekturbüros, Aufträge in England und Italien.<br />
<br />
Zahlreiche Ausstellungen, 1995 bei der Biennale Venedig, im New Parliament House, Glasgow, 1996 in Glasgow in The Other Place Gallery und 1999 in Edinburgh "The illegal Architect".<br />
<br />
Lehraufträge, Gründungs-Mitherausgeber der Zeitschrift "Artifice" (London 1994).

Großbritannien
