{"id":5905,"date":"2020-03-26T14:47:53","date_gmt":"2020-03-26T13:47:53","guid":{"rendered":"https:\/\/www.akademie-solitude.de\/person\/carolyn-steinbeck\/"},"modified":"2020-08-12T17:28:16","modified_gmt":"2020-08-12T15:28:16","slug":"carolyn-steinbeck","status":"publish","type":"person","link":"https:\/\/www.akademie-solitude.de\/de\/person\/carolyn-steinbeck\/","title":{"rendered":"Carolyn  Steinbeck"},"content":{"rendered":"","protected":false},"author":1,"featured_media":0,"template":"","meta":{"_acf_changed":false,"inline_featured_image":false},"person_type":[57],"program":[],"practice_field":[13],"year_generation":[88,89,90],"class_list":["post-5905","person","type-person","status-publish","hentry","person_type-stipendiatinnen","practice_field-design","year_generation-88","year_generation-89","year_generation-90"],"acf":{"person_id__old":"1814","person_name":{"person_name":"Carolyn","person_middlename":"","person_surname":"Steinbeck"},"person_metadata":"","person_position":[57],"person_job":"","person_txt":"Geboren 1967 in Berlin.<br \/>\n<br \/>\n1989 Gesellenbrief Damenschneiderin; Studium Kommunikationsdesign an der FH Darmstadt (bei Prof. Dr. Hans Puttnies und Prof. Christof Gassner, Diplom 1996); Post Graduate Studies an der Cranbrook Academy of Art in Bloomfield Hills, MI\/USA (bei Kathy Mc Coy, MFA 1996); Fulbright Stipendium (1993 \u2013 1995).<br \/>\n<br \/>\nDrei Jahre Senior Design \/ Design Koordination in verschiedenen Corporate Design Projekten bei MetaDesign Berlin ( u.a. Heidelberger Druckmaschinen AG). 1999 B\u00fcrogr\u00fcndung: Schwerpunkt: Visuelle Kommunikation, Konzepte, Gestaltung, Erscheinungsbilder (...) und B\u00fccher, Auftraggeber u.a.: American Academy in Berlin, Berlin-Brandenburgische Akademie der Wissenschaften, Landesamt f\u00fcr Denkmalpflege und Arch\u00e4ologie Sachsen-Anhalt, Zentrum f\u00fcr Literaturforschung, Berlin).<br \/>\n<br \/>\n2002-2005 Zusammenarbeit mit dem K\u00fcnstler Lukas Einsele: \"One Step Beyond - Wiederbegegnung mit der Mine\".<br \/>\n<br \/>\nPublikationen (Auswahl): \"Typography Now Two\", Booth Clibborn Editions, London, 1996; \"Urgent images: The graphic language of the fax\", Booth-Clibborn Editions, London, 1994.<br \/>\n<br \/>\nAusstellungen (Auswahl): \"New Work from Cranbrook\", Washington D.C., USA, 1995; \"18th 100 Show\", American Center for Design, Chicago, USA, 1995.","person_txt_short":"","person_img":"","person_website":"<a href=\"http:\/\/www.carolynsteinbeck.de\">www.carolynsteinbeck.de<\/a>","person_links":null,"person_year":[88,89,90],"person_residencies":[{"person_stay_from":"20050215","person_stay_to":"20060215"}],"person_residency_sort_stay_from":null,"person_residency_sort_stay_to":null,"person_practice_field":[13],"person_program":false,"person_locations":[{"person_city":"Berlin","person_country":"Deutschland"}],"person_country":"","related_posts_event":[7153,18368],"related_posts_news":"","related_posts_post":null,"related_posts_schlosspost":null,"person_fellow_juror_relation":[5485]},"_links":{"self":[{"href":"https:\/\/www.akademie-solitude.de\/de\/wp-json\/wp\/v2\/person\/5905","targetHints":{"allow":["GET"]}}],"collection":[{"href":"https:\/\/www.akademie-solitude.de\/de\/wp-json\/wp\/v2\/person"}],"about":[{"href":"https:\/\/www.akademie-solitude.de\/de\/wp-json\/wp\/v2\/types\/person"}],"author":[{"embeddable":true,"href":"https:\/\/www.akademie-solitude.de\/de\/wp-json\/wp\/v2\/users\/1"}],"acf:post":[{"embeddable":true,"href":"https:\/\/www.akademie-solitude.de\/de\/wp-json\/wp\/v2\/person\/5485"},{"embeddable":true,"href":"https:\/\/www.akademie-solitude.de\/de\/wp-json\/wp\/v2\/event\/18368"},{"embeddable":true,"href":"https:\/\/www.akademie-solitude.de\/de\/wp-json\/wp\/v2\/event\/7153"}],"acf:term":[{"embeddable":true,"taxonomy":"practice_field","href":"https:\/\/www.akademie-solitude.de\/de\/wp-json\/wp\/v2\/practice_field\/13"},{"embeddable":true,"taxonomy":"year_generation","href":"https:\/\/www.akademie-solitude.de\/de\/wp-json\/wp\/v2\/year_generation\/90"},{"embeddable":true,"taxonomy":"year_generation","href":"https:\/\/www.akademie-solitude.de\/de\/wp-json\/wp\/v2\/year_generation\/89"},{"embeddable":true,"taxonomy":"year_generation","href":"https:\/\/www.akademie-solitude.de\/de\/wp-json\/wp\/v2\/year_generation\/88"},{"embeddable":true,"taxonomy":"person_type","href":"https:\/\/www.akademie-solitude.de\/de\/wp-json\/wp\/v2\/person_type\/57"}],"wp:attachment":[{"href":"https:\/\/www.akademie-solitude.de\/de\/wp-json\/wp\/v2\/media?parent=5905"}],"wp:term":[{"taxonomy":"person_type","embeddable":true,"href":"https:\/\/www.akademie-solitude.de\/de\/wp-json\/wp\/v2\/person_type?post=5905"},{"taxonomy":"program","embeddable":true,"href":"https:\/\/www.akademie-solitude.de\/de\/wp-json\/wp\/v2\/program?post=5905"},{"taxonomy":"practice_field","embeddable":true,"href":"https:\/\/www.akademie-solitude.de\/de\/wp-json\/wp\/v2\/practice_field?post=5905"},{"taxonomy":"year_generation","embeddable":true,"href":"https:\/\/www.akademie-solitude.de\/de\/wp-json\/wp\/v2\/year_generation?post=5905"}],"curies":[{"name":"wp","href":"https:\/\/api.w.org\/{rel}","templated":true}]}}

Geboren 1967 in Berlin.<br />
<br />
1989 Gesellenbrief Damenschneiderin; Studium Kommunikationsdesign an der FH Darmstadt (bei Prof. Dr. Hans Puttnies und Prof. Christof Gassner, Diplom 1996); Post Graduate Studies an der Cranbrook Academy of Art in Bloomfield Hills, MI/USA (bei Kathy Mc Coy, MFA 1996); Fulbright Stipendium (1993 – 1995).<br />
<br />
Drei Jahre Senior Design / Design Koordination in verschiedenen Corporate Design Projekten bei MetaDesign Berlin ( u.a. Heidelberger Druckmaschinen AG). 1999 Bürogründung: Schwerpunkt: Visuelle Kommunikation, Konzepte, Gestaltung, Erscheinungsbilder (...) und Bücher, Auftraggeber u.a.: American Academy in Berlin, Berlin-Brandenburgische Akademie der Wissenschaften, Landesamt für Denkmalpflege und Archäologie Sachsen-Anhalt, Zentrum für Literaturforschung, Berlin).<br />
<br />
2002-2005 Zusammenarbeit mit dem Künstler Lukas Einsele: "One Step Beyond - Wiederbegegnung mit der Mine".<br />
<br />
Publikationen (Auswahl): "Typography Now Two", Booth Clibborn Editions, London, 1996; "Urgent images: The graphic language of the fax", Booth-Clibborn Editions, London, 1994.<br />
<br />
Ausstellungen (Auswahl): "New Work from Cranbrook", Washington D.C., USA, 1995; "18th 100 Show", American Center for Design, Chicago, USA, 1995.
