{"id":5912,"date":"2020-03-26T14:47:53","date_gmt":"2020-03-26T13:47:53","guid":{"rendered":"https:\/\/www.akademie-solitude.de\/person\/helen-stratford\/"},"modified":"2020-08-12T17:28:16","modified_gmt":"2020-08-12T15:28:16","slug":"helen-stratford","status":"publish","type":"person","link":"https:\/\/www.akademie-solitude.de\/de\/person\/helen-stratford\/","title":{"rendered":"Helen  Stratford"},"content":{"rendered":"","protected":false},"author":1,"featured_media":0,"template":"","meta":{"_acf_changed":false,"inline_featured_image":false},"person_type":[57],"program":[],"practice_field":[12],"year_generation":[88,89,90],"class_list":["post-5912","person","type-person","status-publish","hentry","person_type-stipendiatinnen","practice_field-architektur","year_generation-88","year_generation-89","year_generation-90"],"acf":{"person_id__old":"1822","person_name":{"person_name":"Helen","person_middlename":"","person_surname":"Stratford"},"person_metadata":"","person_position":[57],"person_job":"","person_txt":"Geboren 1972 in Bath.<br \/>\n<br \/>\nStudierte Architektur an den Universit\u00e4ten in Sheffield und Cambridge. Master of Arts in Architektur und Architekturtheorie an der Universit\u00e4t von Notthingham. Sie arbeitet derzeit als Designerin im 5th Studio in Cambridge, ist Dozentin an den Universit\u00e4ten in Edinburgh und Cambridge und besch\u00e4ftigt sich mit der Forschung in Architektur und Architekturtheorie. In ihren Arbeiten vermischt sie Performance Kunst, Architektur und Schreiben.<br \/>\n<br \/>\nAusgew\u00e4hlte Projekte: \"Collective Assemblages, Embodiment and Enunciations\" (Pr\u00e4sentation zur Konferenz \"Barnard Feminist Art and Art History\", Columbia University, NY, 2000), \" Presences: a user\u2019s guide\" (Performance, Architecture Foundation, London 2001), \"Talking in assemblages: pass-words as embodied, utterings and imaginings\" (Performance zur Konferenz \"Immanent Choreographies \u2013 Deleuze and Neo-Aesthetics, Tate Modern, London, 2001), \"different voices\"\/\"washing up\" (Performance zu \"taking place 2\", University of London, 2002), \"pater-noster-phobia\" (Installation zu \"taking place 3\", University of Sheffield, 2002).","person_txt_short":"","person_img":"","person_website":"","person_links":null,"person_year":[88,89,90],"person_residencies":[{"person_stay_from":"20040901","person_stay_to":"20050228"}],"person_residency_sort_stay_from":null,"person_residency_sort_stay_to":null,"person_practice_field":[12],"person_program":false,"person_locations":[{"person_city":"Cambridge","person_country":"Gro\u00dfbritannien"}],"person_country":"","related_posts_event":"","related_posts_news":"","related_posts_post":null,"related_posts_schlosspost":null,"person_fellow_juror_relation":[5489]},"_links":{"self":[{"href":"https:\/\/www.akademie-solitude.de\/de\/wp-json\/wp\/v2\/person\/5912","targetHints":{"allow":["GET"]}}],"collection":[{"href":"https:\/\/www.akademie-solitude.de\/de\/wp-json\/wp\/v2\/person"}],"about":[{"href":"https:\/\/www.akademie-solitude.de\/de\/wp-json\/wp\/v2\/types\/person"}],"author":[{"embeddable":true,"href":"https:\/\/www.akademie-solitude.de\/de\/wp-json\/wp\/v2\/users\/1"}],"acf:post":[{"embeddable":true,"href":"https:\/\/www.akademie-solitude.de\/de\/wp-json\/wp\/v2\/person\/5489"}],"acf:term":[{"embeddable":true,"taxonomy":"practice_field","href":"https:\/\/www.akademie-solitude.de\/de\/wp-json\/wp\/v2\/practice_field\/12"},{"embeddable":true,"taxonomy":"year_generation","href":"https:\/\/www.akademie-solitude.de\/de\/wp-json\/wp\/v2\/year_generation\/90"},{"embeddable":true,"taxonomy":"year_generation","href":"https:\/\/www.akademie-solitude.de\/de\/wp-json\/wp\/v2\/year_generation\/89"},{"embeddable":true,"taxonomy":"year_generation","href":"https:\/\/www.akademie-solitude.de\/de\/wp-json\/wp\/v2\/year_generation\/88"},{"embeddable":true,"taxonomy":"person_type","href":"https:\/\/www.akademie-solitude.de\/de\/wp-json\/wp\/v2\/person_type\/57"}],"wp:attachment":[{"href":"https:\/\/www.akademie-solitude.de\/de\/wp-json\/wp\/v2\/media?parent=5912"}],"wp:term":[{"taxonomy":"person_type","embeddable":true,"href":"https:\/\/www.akademie-solitude.de\/de\/wp-json\/wp\/v2\/person_type?post=5912"},{"taxonomy":"program","embeddable":true,"href":"https:\/\/www.akademie-solitude.de\/de\/wp-json\/wp\/v2\/program?post=5912"},{"taxonomy":"practice_field","embeddable":true,"href":"https:\/\/www.akademie-solitude.de\/de\/wp-json\/wp\/v2\/practice_field?post=5912"},{"taxonomy":"year_generation","embeddable":true,"href":"https:\/\/www.akademie-solitude.de\/de\/wp-json\/wp\/v2\/year_generation?post=5912"}],"curies":[{"name":"wp","href":"https:\/\/api.w.org\/{rel}","templated":true}]}}

Geboren 1972 in Bath.<br />
<br />
Studierte Architektur an den Universitäten in Sheffield und Cambridge. Master of Arts in Architektur und Architekturtheorie an der Universität von Notthingham. Sie arbeitet derzeit als Designerin im 5th Studio in Cambridge, ist Dozentin an den Universitäten in Edinburgh und Cambridge und beschäftigt sich mit der Forschung in Architektur und Architekturtheorie. In ihren Arbeiten vermischt sie Performance Kunst, Architektur und Schreiben.<br />
<br />
Ausgewählte Projekte: "Collective Assemblages, Embodiment and Enunciations" (Präsentation zur Konferenz "Barnard Feminist Art and Art History", Columbia University, NY, 2000), " Presences: a user’s guide" (Performance, Architecture Foundation, London 2001), "Talking in assemblages: pass-words as embodied, utterings and imaginings" (Performance zur Konferenz "Immanent Choreographies – Deleuze and Neo-Aesthetics, Tate Modern, London, 2001), "different voices"/"washing up" (Performance zu "taking place 2", University of London, 2002), "pater-noster-phobia" (Installation zu "taking place 3", University of Sheffield, 2002).

Großbritannien
