{"id":5931,"date":"2020-03-26T14:47:55","date_gmt":"2020-03-26T13:47:55","guid":{"rendered":"https:\/\/www.akademie-solitude.de\/person\/ole-aselmann\/"},"modified":"2020-08-12T17:28:19","modified_gmt":"2020-08-12T15:28:19","slug":"ole-aselmann","status":"publish","type":"person","link":"https:\/\/www.akademie-solitude.de\/de\/person\/ole-aselmann\/","title":{"rendered":"Ole  Aselmann"},"content":{"rendered":"","protected":false},"author":1,"featured_media":0,"template":"","meta":{"_acf_changed":false,"inline_featured_image":false},"person_type":[57],"program":[],"practice_field":[120],"year_generation":[94,95,96],"class_list":["post-5931","person","type-person","status-publish","hentry","person_type-stipendiatinnen","practice_field-darstellende-kunst","year_generation-94","year_generation-95","year_generation-96"],"acf":{"person_id__old":"1841","person_name":{"person_name":"Ole","person_middlename":"","person_surname":"Aselmann"},"person_metadata":"","person_position":[57],"person_job":"","person_txt":"Geboren 1979 in Hamburg\/Deutschland, lebt und arbeitet in Berlin.<br \/>\n<br \/>\nOle Aselmann studierte an der Kunsthochschule Berlin-Wei\u00dfensee bei Prof. Karin Sander, an der Akademie der K\u00fcnste M\u00fcnchen\/Deutschland bei Prof. Olaf Metzel und am Chelsea College of Art and Design in London\/Gro\u00dfbritannien.<br \/>\n<br \/>\nEr ist seit 2006 Stipendiat der Studienstiftung des Deutschen Volkes. 2008 erhielt er das Stipendium Junge Kunst in Essen\/Deutschland.<br \/>\n<br \/>\nAusgew\u00e4hlte Projekte: Wanderung London \u2013 Peking: Start Juni 2009 aus Berlin, \u00bbWinterpause \u2013 Zusammenf\u00fchrung der Arbeiten\u00ab in der Akademie Schloss Solitude ab Herbst, Fortf\u00fchrung der Wanderung voraussichtlich am 1. April 2010; \u00bbMessias Wirtshaus I-III\u00ab, Installationen und Performance; \u00bbCafeteriahyper\u00e4sthesia I-III\u00ab, Installationen (2006-2008); Wanderung London \u2013 Berlin und daraus resultierende Arbeiten; \u00bbWanderung mit Schaf \u00fcber die Alpen\u00ab, Aktion und daraus resultierende Arbeiten; Zusammenf\u00fchrung in: \u00bbEine Installation f\u00fcr St. Emma\u00ab (2005).","person_txt_short":"","person_img":"","person_website":"","person_links":null,"person_year":[94,95,96],"person_residencies":[{"person_stay_from":"20091001","person_stay_to":"20100331"}],"person_residency_sort_stay_from":null,"person_residency_sort_stay_to":null,"person_practice_field":[120],"person_program":false,"person_locations":[{"person_city":"Berlin","person_country":"Deutschland"}],"person_country":"","related_posts_event":[7336,7380,7381,7387,18551,18595,18596,18602],"related_posts_news":"","related_posts_post":null,"related_posts_schlosspost":null,"person_fellow_juror_relation":[5470]},"_links":{"self":[{"href":"https:\/\/www.akademie-solitude.de\/de\/wp-json\/wp\/v2\/person\/5931","targetHints":{"allow":["GET"]}}],"collection":[{"href":"https:\/\/www.akademie-solitude.de\/de\/wp-json\/wp\/v2\/person"}],"about":[{"href":"https:\/\/www.akademie-solitude.de\/de\/wp-json\/wp\/v2\/types\/person"}],"author":[{"embeddable":true,"href":"https:\/\/www.akademie-solitude.de\/de\/wp-json\/wp\/v2\/users\/1"}],"acf:post":[{"embeddable":true,"href":"https:\/\/www.akademie-solitude.de\/de\/wp-json\/wp\/v2\/person\/5470"},{"embeddable":true,"href":"https:\/\/www.akademie-solitude.de\/de\/wp-json\/wp\/v2\/event\/18602"},{"embeddable":true,"href":"https:\/\/www.akademie-solitude.de\/de\/wp-json\/wp\/v2\/event\/18596"},{"embeddable":true,"href":"https:\/\/www.akademie-solitude.de\/de\/wp-json\/wp\/v2\/event\/18595"},{"embeddable":true,"href":"https:\/\/www.akademie-solitude.de\/de\/wp-json\/wp\/v2\/event\/18551"},{"embeddable":true,"href":"https:\/\/www.akademie-solitude.de\/de\/wp-json\/wp\/v2\/event\/7387"},{"embeddable":true,"href":"https:\/\/www.akademie-solitude.de\/de\/wp-json\/wp\/v2\/event\/7381"},{"embeddable":true,"href":"https:\/\/www.akademie-solitude.de\/de\/wp-json\/wp\/v2\/event\/7380"},{"embeddable":true,"href":"https:\/\/www.akademie-solitude.de\/de\/wp-json\/wp\/v2\/event\/7336"}],"acf:term":[{"embeddable":true,"taxonomy":"practice_field","href":"https:\/\/www.akademie-solitude.de\/de\/wp-json\/wp\/v2\/practice_field\/120"},{"embeddable":true,"taxonomy":"year_generation","href":"https:\/\/www.akademie-solitude.de\/de\/wp-json\/wp\/v2\/year_generation\/96"},{"embeddable":true,"taxonomy":"year_generation","href":"https:\/\/www.akademie-solitude.de\/de\/wp-json\/wp\/v2\/year_generation\/95"},{"embeddable":true,"taxonomy":"year_generation","href":"https:\/\/www.akademie-solitude.de\/de\/wp-json\/wp\/v2\/year_generation\/94"},{"embeddable":true,"taxonomy":"person_type","href":"https:\/\/www.akademie-solitude.de\/de\/wp-json\/wp\/v2\/person_type\/57"}],"wp:attachment":[{"href":"https:\/\/www.akademie-solitude.de\/de\/wp-json\/wp\/v2\/media?parent=5931"}],"wp:term":[{"taxonomy":"person_type","embeddable":true,"href":"https:\/\/www.akademie-solitude.de\/de\/wp-json\/wp\/v2\/person_type?post=5931"},{"taxonomy":"program","embeddable":true,"href":"https:\/\/www.akademie-solitude.de\/de\/wp-json\/wp\/v2\/program?post=5931"},{"taxonomy":"practice_field","embeddable":true,"href":"https:\/\/www.akademie-solitude.de\/de\/wp-json\/wp\/v2\/practice_field?post=5931"},{"taxonomy":"year_generation","embeddable":true,"href":"https:\/\/www.akademie-solitude.de\/de\/wp-json\/wp\/v2\/year_generation?post=5931"}],"curies":[{"name":"wp","href":"https:\/\/api.w.org\/{rel}","templated":true}]}}

Geboren 1979 in Hamburg/Deutschland, lebt und arbeitet in Berlin.<br />
<br />
Ole Aselmann studierte an der Kunsthochschule Berlin-Weißensee bei Prof. Karin Sander, an der Akademie der Künste München/Deutschland bei Prof. Olaf Metzel und am Chelsea College of Art and Design in London/Großbritannien.<br />
<br />
Er ist seit 2006 Stipendiat der Studienstiftung des Deutschen Volkes. 2008 erhielt er das Stipendium Junge Kunst in Essen/Deutschland.<br />
<br />
Ausgewählte Projekte: Wanderung London – Peking: Start Juni 2009 aus Berlin, »Winterpause – Zusammenführung der Arbeiten« in der Akademie Schloss Solitude ab Herbst, Fortführung der Wanderung voraussichtlich am 1. April 2010; »Messias Wirtshaus I-III«, Installationen und Performance; »Cafeteriahyperästhesia I-III«, Installationen (2006-2008); Wanderung London – Berlin und daraus resultierende Arbeiten; »Wanderung mit Schaf über die Alpen«, Aktion und daraus resultierende Arbeiten; Zusammenführung in: »Eine Installation für St. Emma« (2005).
