{"id":5966,"date":"2020-03-26T14:47:59","date_gmt":"2020-03-26T13:47:59","guid":{"rendered":"https:\/\/www.akademie-solitude.de\/person\/liliana-corobca\/"},"modified":"2020-08-12T17:28:25","modified_gmt":"2020-08-12T15:28:25","slug":"liliana-corobca","status":"publish","type":"person","link":"https:\/\/www.akademie-solitude.de\/de\/person\/liliana-corobca\/","title":{"rendered":"Liliana  Corobca"},"content":{"rendered":"","protected":false},"author":1,"featured_media":0,"template":"","meta":{"_acf_changed":false,"inline_featured_image":false},"person_type":[57],"program":[],"practice_field":[119],"year_generation":[94,95,96],"class_list":["post-5966","person","type-person","status-publish","hentry","person_type-stipendiatinnen","practice_field-literatur","year_generation-94","year_generation-95","year_generation-96"],"acf":{"person_id__old":"1877","person_name":{"person_name":"Liliana","person_middlename":"","person_surname":"Corobca"},"person_metadata":"","person_position":[57],"person_job":"","person_txt":"Geboren 1975 in S\u0103seni-C\u0103l\u0103ra\u015fi\/Moldawien.<br \/>\n<br \/>\nLiliana Corobca studierte von 1992 bis 1997 an der Fakult\u00e4t f\u00fcr Philologie der Staatlichen Moldawischen Universit\u00e4t in Chisinau\/Moldawien und promovierte von 1997 bis 2001 in Literaturwissenschaft an der Universit\u00e4t von Bukarest.<br \/>\n<br \/>\nSeit 2002 arbeitet sie am George-Calinescu-Institut f\u00fcr Literaturgeschichte und -theorie in Bukarest. Von 2004 bis 2007 unterrichtete sie an der Universit\u00e4t von Ploiesti rum\u00e4nische Exilliteratur von 1945-1989. Parallel gab Liliana Corobca Seminare \u00fcber rum\u00e4nische Literatur an der Universit\u00e4t von Bukarest.<br \/>\n<br \/>\nVer\u00f6ffentlichungen: <i>Poezia Romaneasca Din Exil<\/i> [Rum\u00e4nische Exillyrik], Anthologie, Vorwort, Kommentar, Verlag des Rum\u00e4nischen Kulturinstituts Bukarest, 2006; <i>Un an \u00een Paradis<\/i> [Ein Jahr im Paradies], Roman, Verlag Cartea Romaneasca Bukarest, 2005, erscheint 2009 auf Italienisch; <i>Alexandru Busuioceanu. Un Roman Epistolar Al Exilului Romanesc: Corespondenta<\/i>, Briefroman \u00fcber das rum\u00e4nische Exil 1942-1961, Herausgeberschaft, Kommentar, \u00dcbersetzung, Vor- und Nachwort, Buch I-II, Verlag Jurnalul literar Bukarest, 2003 und 2004; <i>Negrissimo<\/i>, Roman, Arc-Verlag Chisinau, 2003; <i>Personajul \u00een romanul rom\u00e2nesc intebelic<\/i> [Die Figur im rum\u00e4nischen Zwischenkriegsroman], Verlag der Universit\u00e4t von Bukarest, 2003.<br \/>\n<br \/>\nDas von Corobca herausgegebene und kommentierte Buch <i>The Romanian Golgatha. The Testimonies of the Bucovina People Deported in Siberia, Collected by Dumitru Covalciuc<\/i> erscheint im Fr\u00fchjahr 2009. Derzeit arbeitet sie au\u00dferdem an einem wissenschaftlichen Projekt \u00fcber kommunistische Zensur zwischen 1945 und 1989 sowie an dem Roman <i>The Empire of the Spinsters<\/i> [Das Reich der Jungfern]. <br \/>\n<br \/>\nF\u00fcr ihr Prosadeb\u00fct erhielt sie den Prometheus-Preis des moldawischen Schriftstellerverbands 2003\/2004.","person_txt_short":"","person_img":"","person_website":"","person_links":null,"person_year":[94,95,96],"person_residencies":[{"person_stay_from":"20091001","person_stay_to":"20100930"}],"person_residency_sort_stay_from":null,"person_residency_sort_stay_to":null,"person_practice_field":[119],"person_program":false,"person_locations":[{"person_city":"Bukarest","person_country":"Rum\u00e4nien"}],"person_country":"","related_posts_event":[7334,7371,7381,18549,18586,18596],"related_posts_news":"","related_posts_post":null,"related_posts_schlosspost":null,"person_fellow_juror_relation":[5460]},"_links":{"self":[{"href":"https:\/\/www.akademie-solitude.de\/de\/wp-json\/wp\/v2\/person\/5966","targetHints":{"allow":["GET"]}}],"collection":[{"href":"https:\/\/www.akademie-solitude.de\/de\/wp-json\/wp\/v2\/person"}],"about":[{"href":"https:\/\/www.akademie-solitude.de\/de\/wp-json\/wp\/v2\/types\/person"}],"author":[{"embeddable":true,"href":"https:\/\/www.akademie-solitude.de\/de\/wp-json\/wp\/v2\/users\/1"}],"acf:post":[{"embeddable":true,"href":"https:\/\/www.akademie-solitude.de\/de\/wp-json\/wp\/v2\/person\/5460"},{"embeddable":true,"href":"https:\/\/www.akademie-solitude.de\/de\/wp-json\/wp\/v2\/event\/18596"},{"embeddable":true,"href":"https:\/\/www.akademie-solitude.de\/de\/wp-json\/wp\/v2\/event\/18586"},{"embeddable":true,"href":"https:\/\/www.akademie-solitude.de\/de\/wp-json\/wp\/v2\/event\/18549"},{"embeddable":true,"href":"https:\/\/www.akademie-solitude.de\/de\/wp-json\/wp\/v2\/event\/7381"},{"embeddable":true,"href":"https:\/\/www.akademie-solitude.de\/de\/wp-json\/wp\/v2\/event\/7371"},{"embeddable":true,"href":"https:\/\/www.akademie-solitude.de\/de\/wp-json\/wp\/v2\/event\/7334"}],"acf:term":[{"embeddable":true,"taxonomy":"practice_field","href":"https:\/\/www.akademie-solitude.de\/de\/wp-json\/wp\/v2\/practice_field\/119"},{"embeddable":true,"taxonomy":"year_generation","href":"https:\/\/www.akademie-solitude.de\/de\/wp-json\/wp\/v2\/year_generation\/96"},{"embeddable":true,"taxonomy":"year_generation","href":"https:\/\/www.akademie-solitude.de\/de\/wp-json\/wp\/v2\/year_generation\/95"},{"embeddable":true,"taxonomy":"year_generation","href":"https:\/\/www.akademie-solitude.de\/de\/wp-json\/wp\/v2\/year_generation\/94"},{"embeddable":true,"taxonomy":"person_type","href":"https:\/\/www.akademie-solitude.de\/de\/wp-json\/wp\/v2\/person_type\/57"}],"wp:attachment":[{"href":"https:\/\/www.akademie-solitude.de\/de\/wp-json\/wp\/v2\/media?parent=5966"}],"wp:term":[{"taxonomy":"person_type","embeddable":true,"href":"https:\/\/www.akademie-solitude.de\/de\/wp-json\/wp\/v2\/person_type?post=5966"},{"taxonomy":"program","embeddable":true,"href":"https:\/\/www.akademie-solitude.de\/de\/wp-json\/wp\/v2\/program?post=5966"},{"taxonomy":"practice_field","embeddable":true,"href":"https:\/\/www.akademie-solitude.de\/de\/wp-json\/wp\/v2\/practice_field?post=5966"},{"taxonomy":"year_generation","embeddable":true,"href":"https:\/\/www.akademie-solitude.de\/de\/wp-json\/wp\/v2\/year_generation?post=5966"}],"curies":[{"name":"wp","href":"https:\/\/api.w.org\/{rel}","templated":true}]}}

Geboren 1975 in Săseni-Călăraşi/Moldawien.<br />
<br />
Liliana Corobca studierte von 1992 bis 1997 an der Fakultät für Philologie der Staatlichen Moldawischen Universität in Chisinau/Moldawien und promovierte von 1997 bis 2001 in Literaturwissenschaft an der Universität von Bukarest.<br />
<br />
Seit 2002 arbeitet sie am George-Calinescu-Institut für Literaturgeschichte und -theorie in Bukarest. Von 2004 bis 2007 unterrichtete sie an der Universität von Ploiesti rumänische Exilliteratur von 1945-1989. Parallel gab Liliana Corobca Seminare über rumänische Literatur an der Universität von Bukarest.<br />
<br />
Veröffentlichungen: <i>Poezia Romaneasca Din Exil</i> [Rumänische Exillyrik], Anthologie, Vorwort, Kommentar, Verlag des Rumänischen Kulturinstituts Bukarest, 2006; <i>Un an în Paradis</i> [Ein Jahr im Paradies], Roman, Verlag Cartea Romaneasca Bukarest, 2005, erscheint 2009 auf Italienisch; <i>Alexandru Busuioceanu. Un Roman Epistolar Al Exilului Romanesc: Corespondenta</i>, Briefroman über das rumänische Exil 1942-1961, Herausgeberschaft, Kommentar, Übersetzung, Vor- und Nachwort, Buch I-II, Verlag Jurnalul literar Bukarest, 2003 und 2004; <i>Negrissimo</i>, Roman, Arc-Verlag Chisinau, 2003; <i>Personajul în romanul românesc intebelic</i> [Die Figur im rumänischen Zwischenkriegsroman], Verlag der Universität von Bukarest, 2003.<br />
<br />
Das von Corobca herausgegebene und kommentierte Buch <i>The Romanian Golgatha. The Testimonies of the Bucovina People Deported in Siberia, Collected by Dumitru Covalciuc</i> erscheint im Frühjahr 2009. Derzeit arbeitet sie außerdem an einem wissenschaftlichen Projekt über kommunistische Zensur zwischen 1945 und 1989 sowie an dem Roman <i>The Empire of the Spinsters</i> [Das Reich der Jungfern]. <br />
<br />
Für ihr Prosadebüt erhielt sie den Prometheus-Preis des moldawischen Schriftstellerverbands 2003/2004.

Rumänien
