{"id":6035,"date":"2020-03-26T14:48:05","date_gmt":"2020-03-26T13:48:05","guid":{"rendered":"https:\/\/www.akademie-solitude.de\/person\/helmut-oehring\/"},"modified":"2020-08-12T17:28:36","modified_gmt":"2020-08-12T15:28:36","slug":"helmut-oehring","status":"publish","type":"person","link":"https:\/\/www.akademie-solitude.de\/de\/person\/helmut-oehring\/","title":{"rendered":"Helmut  Oehring"},"content":{"rendered":"","protected":false},"author":1,"featured_media":0,"template":"","meta":{"_acf_changed":false,"inline_featured_image":false},"person_type":[57],"program":[],"practice_field":[122],"year_generation":[75,76],"class_list":["post-6035","person","type-person","status-publish","hentry","person_type-stipendiatinnen","practice_field-musik-klang","year_generation-75","year_generation-76"],"acf":{"person_id__old":"1946","person_name":{"person_name":"Helmut","person_middlename":"","person_surname":"Oehring"},"person_metadata":"","person_position":[57],"person_job":"","person_txt":"Geboren 1961 in Berlin.<br \/>\n<br \/>\nZun\u00e4chst Baufacharbeiter, dann Komponist (als Sohn geh\u00f6rloser Eltern!).<br \/>\n<br \/>\nStipendien: Arbeitsstipendium d. Landes Niedersachsen 1993\/1994; Kompositionsstipendium der Cit\u00e9 des Arts, Paris 1994; Gast der Villa Massimo, Rom 1995.<br \/>\n<br \/>\nAuszeichnungen: Hanns-Eisler-Preis des Deutschlandsenders-Kultur 1990; Preistr\u00e4ger beim Internationalen Kompositionswettbewerb f\u00fcr Gitarre und Streicher, Berlin 1992; Preistr\u00e4ger beim Forum junger Komponisten des WDR, K\u00f6ln 1992; Orpheus-Preis, Italien 1996; Pl\u00f6ner Hindemith-Preis 1997; Schneider-Schott-Musikpreis 1998.<br \/>\n<br \/>\n1990 als DDR-Reisestipendiat an der Akademie.","person_txt_short":"","person_img":"","person_website":"<a href=\"http:\/\/www.helmutoehring.de\">www.helmutoehring.de<\/a>","person_links":null,"person_year":[75,76],"person_residencies":[{"person_stay_from":"19900827","person_stay_to":"19900901"}],"person_residency_sort_stay_from":null,"person_residency_sort_stay_to":null,"person_practice_field":[122],"person_program":false,"person_locations":[{"person_city":"Berlin","person_country":"Deutschland"}],"person_country":"","related_posts_event":[7263,7355,18478,18570],"related_posts_news":[26757],"related_posts_post":null,"related_posts_schlosspost":null,"person_fellow_juror_relation":[5554]},"_links":{"self":[{"href":"https:\/\/www.akademie-solitude.de\/de\/wp-json\/wp\/v2\/person\/6035","targetHints":{"allow":["GET"]}}],"collection":[{"href":"https:\/\/www.akademie-solitude.de\/de\/wp-json\/wp\/v2\/person"}],"about":[{"href":"https:\/\/www.akademie-solitude.de\/de\/wp-json\/wp\/v2\/types\/person"}],"author":[{"embeddable":true,"href":"https:\/\/www.akademie-solitude.de\/de\/wp-json\/wp\/v2\/users\/1"}],"acf:post":[{"embeddable":true,"href":"https:\/\/www.akademie-solitude.de\/de\/wp-json\/wp\/v2\/person\/5554"},{"embeddable":true,"href":"https:\/\/www.akademie-solitude.de\/de\/wp-json\/wp\/v2\/news\/26757"},{"embeddable":true,"href":"https:\/\/www.akademie-solitude.de\/de\/wp-json\/wp\/v2\/event\/18570"},{"embeddable":true,"href":"https:\/\/www.akademie-solitude.de\/de\/wp-json\/wp\/v2\/event\/18478"},{"embeddable":true,"href":"https:\/\/www.akademie-solitude.de\/de\/wp-json\/wp\/v2\/event\/7355"},{"embeddable":true,"href":"https:\/\/www.akademie-solitude.de\/de\/wp-json\/wp\/v2\/event\/7263"}],"acf:term":[{"embeddable":true,"taxonomy":"practice_field","href":"https:\/\/www.akademie-solitude.de\/de\/wp-json\/wp\/v2\/practice_field\/122"},{"embeddable":true,"taxonomy":"year_generation","href":"https:\/\/www.akademie-solitude.de\/de\/wp-json\/wp\/v2\/year_generation\/76"},{"embeddable":true,"taxonomy":"year_generation","href":"https:\/\/www.akademie-solitude.de\/de\/wp-json\/wp\/v2\/year_generation\/75"},{"embeddable":true,"taxonomy":"person_type","href":"https:\/\/www.akademie-solitude.de\/de\/wp-json\/wp\/v2\/person_type\/57"}],"wp:attachment":[{"href":"https:\/\/www.akademie-solitude.de\/de\/wp-json\/wp\/v2\/media?parent=6035"}],"wp:term":[{"taxonomy":"person_type","embeddable":true,"href":"https:\/\/www.akademie-solitude.de\/de\/wp-json\/wp\/v2\/person_type?post=6035"},{"taxonomy":"program","embeddable":true,"href":"https:\/\/www.akademie-solitude.de\/de\/wp-json\/wp\/v2\/program?post=6035"},{"taxonomy":"practice_field","embeddable":true,"href":"https:\/\/www.akademie-solitude.de\/de\/wp-json\/wp\/v2\/practice_field?post=6035"},{"taxonomy":"year_generation","embeddable":true,"href":"https:\/\/www.akademie-solitude.de\/de\/wp-json\/wp\/v2\/year_generation?post=6035"}],"curies":[{"name":"wp","href":"https:\/\/api.w.org\/{rel}","templated":true}]}}

Geboren 1961 in Berlin.<br />
<br />
Zunächst Baufacharbeiter, dann Komponist (als Sohn gehörloser Eltern!).<br />
<br />
Stipendien: Arbeitsstipendium d. Landes Niedersachsen 1993/1994; Kompositionsstipendium der Cité des Arts, Paris 1994; Gast der Villa Massimo, Rom 1995.<br />
<br />
Auszeichnungen: Hanns-Eisler-Preis des Deutschlandsenders-Kultur 1990; Preisträger beim Internationalen Kompositionswettbewerb für Gitarre und Streicher, Berlin 1992; Preisträger beim Forum junger Komponisten des WDR, Köln 1992; Orpheus-Preis, Italien 1996; Plöner Hindemith-Preis 1997; Schneider-Schott-Musikpreis 1998.<br />
<br />
1990 als DDR-Reisestipendiat an der Akademie.
