{"id":6088,"date":"2020-03-26T14:48:11","date_gmt":"2020-03-26T13:48:11","guid":{"rendered":"https:\/\/www.akademie-solitude.de\/person\/chan-kyong-park\/"},"modified":"2020-08-12T17:28:46","modified_gmt":"2020-08-12T15:28:46","slug":"chan-kyong-park","status":"publish","type":"person","link":"https:\/\/www.akademie-solitude.de\/de\/person\/chan-kyong-park\/","title":{"rendered":"Chan-Kyong  Park"},"content":{"rendered":"","protected":false},"author":1,"featured_media":0,"template":"","meta":{"_acf_changed":false,"inline_featured_image":false},"person_type":[57],"program":[],"practice_field":[111],"year_generation":[87,88],"class_list":["post-6088","person","type-person","status-publish","hentry","person_type-stipendiatinnen","practice_field-bildende-kunst","year_generation-87","year_generation-88"],"acf":{"person_id__old":"1999","person_name":{"person_name":"Chan-Kyong","person_middlename":"","person_surname":"Park"},"person_metadata":"","person_position":[57],"person_job":"","person_txt":"Geboren 1965 in Seoul\/S\u00fcdkorea.<br \/>\n<br \/>\nStudium der bildenden K\u00fcnste an der Nationaluniversit\u00e4t von Seoul und der Kunst und Fotografie am kalifornischen Kunstinstitut (California College of Art), USA.<br \/>\n<br \/>\nArbeitet seit 1995 als Schriftsteller und K\u00fcnstler. Arbeitet als Lehrer an der koreanischen Nationaluniversit\u00e4t der K\u00fcnste (Kyongwon Universit\u00e4t).<br \/>\n<br \/>\nEr ist in verschiedenen alternativen Kulturprojekten engagiert, u.a. im \"alternative space pool\" (ein Ort f\u00fcr Kunst) und \"Forum a\" (ein K\u00fcnstlernetzwerk und eine Kunstzeitung). 1997 Einzelausstellung \"Black Box\" (Kumho Museum, Seoul).<br \/>\n<br \/>\nGruppenausstellungen u.a.: \"Media City Seoul\/Media Art 2000\" (Seoul Metropolitan Museum of Art) und \"Alienation and Assimilation\" (The Museum of Contemporary Photography, Chicago).","person_txt_short":"","person_img":"","person_website":"","person_links":null,"person_year":[87,88],"person_residencies":[{"person_stay_from":"20020101","person_stay_to":"20020831"}],"person_residency_sort_stay_from":null,"person_residency_sort_stay_to":null,"person_practice_field":[111],"person_program":false,"person_locations":[{"person_city":"Kyong-gi-do Koyang-si","person_country":"S\u00fcdkorea"}],"person_country":"","related_posts_event":"","related_posts_news":"","related_posts_post":null,"related_posts_schlosspost":null,"person_fellow_juror_relation":[5491]},"_links":{"self":[{"href":"https:\/\/www.akademie-solitude.de\/de\/wp-json\/wp\/v2\/person\/6088","targetHints":{"allow":["GET"]}}],"collection":[{"href":"https:\/\/www.akademie-solitude.de\/de\/wp-json\/wp\/v2\/person"}],"about":[{"href":"https:\/\/www.akademie-solitude.de\/de\/wp-json\/wp\/v2\/types\/person"}],"author":[{"embeddable":true,"href":"https:\/\/www.akademie-solitude.de\/de\/wp-json\/wp\/v2\/users\/1"}],"acf:post":[{"embeddable":true,"href":"https:\/\/www.akademie-solitude.de\/de\/wp-json\/wp\/v2\/person\/5491"}],"acf:term":[{"embeddable":true,"taxonomy":"practice_field","href":"https:\/\/www.akademie-solitude.de\/de\/wp-json\/wp\/v2\/practice_field\/111"},{"embeddable":true,"taxonomy":"year_generation","href":"https:\/\/www.akademie-solitude.de\/de\/wp-json\/wp\/v2\/year_generation\/88"},{"embeddable":true,"taxonomy":"year_generation","href":"https:\/\/www.akademie-solitude.de\/de\/wp-json\/wp\/v2\/year_generation\/87"},{"embeddable":true,"taxonomy":"person_type","href":"https:\/\/www.akademie-solitude.de\/de\/wp-json\/wp\/v2\/person_type\/57"}],"wp:attachment":[{"href":"https:\/\/www.akademie-solitude.de\/de\/wp-json\/wp\/v2\/media?parent=6088"}],"wp:term":[{"taxonomy":"person_type","embeddable":true,"href":"https:\/\/www.akademie-solitude.de\/de\/wp-json\/wp\/v2\/person_type?post=6088"},{"taxonomy":"program","embeddable":true,"href":"https:\/\/www.akademie-solitude.de\/de\/wp-json\/wp\/v2\/program?post=6088"},{"taxonomy":"practice_field","embeddable":true,"href":"https:\/\/www.akademie-solitude.de\/de\/wp-json\/wp\/v2\/practice_field?post=6088"},{"taxonomy":"year_generation","embeddable":true,"href":"https:\/\/www.akademie-solitude.de\/de\/wp-json\/wp\/v2\/year_generation?post=6088"}],"curies":[{"name":"wp","href":"https:\/\/api.w.org\/{rel}","templated":true}]}}

Geboren 1965 in Seoul/Südkorea.<br />
<br />
Studium der bildenden Künste an der Nationaluniversität von Seoul und der Kunst und Fotografie am kalifornischen Kunstinstitut (California College of Art), USA.<br />
<br />
Arbeitet seit 1995 als Schriftsteller und Künstler. Arbeitet als Lehrer an der koreanischen Nationaluniversität der Künste (Kyongwon Universität).<br />
<br />
Er ist in verschiedenen alternativen Kulturprojekten engagiert, u.a. im "alternative space pool" (ein Ort für Kunst) und "Forum a" (ein Künstlernetzwerk und eine Kunstzeitung). 1997 Einzelausstellung "Black Box" (Kumho Museum, Seoul).<br />
<br />
Gruppenausstellungen u.a.: "Media City Seoul/Media Art 2000" (Seoul Metropolitan Museum of Art) und "Alienation and Assimilation" (The Museum of Contemporary Photography, Chicago).

Südkorea
