{"id":6111,"date":"2020-03-26T14:48:12","date_gmt":"2020-03-26T13:48:12","guid":{"rendered":"https:\/\/www.akademie-solitude.de\/person\/naufus-ramirez-figueroa\/"},"modified":"2020-08-12T17:28:50","modified_gmt":"2020-08-12T15:28:50","slug":"naufus-ramirez-figueroa","status":"publish","type":"person","link":"https:\/\/www.akademie-solitude.de\/de\/person\/naufus-ramirez-figueroa\/","title":{"rendered":"Naufus  Ramirez-Figueroa"},"content":{"rendered":"","protected":false},"author":1,"featured_media":0,"template":"","meta":{"_acf_changed":false,"inline_featured_image":false},"person_type":[57],"program":[],"practice_field":[111],"year_generation":[94,95,96],"class_list":["post-6111","person","type-person","status-publish","hentry","person_type-stipendiatinnen","practice_field-bildende-kunst","year_generation-94","year_generation-95","year_generation-96"],"acf":{"person_id__old":"2022","person_name":{"person_name":"Naufus","person_middlename":"","person_surname":"Ramirez-Figueroa"},"person_metadata":"","person_position":[57],"person_job":"","person_txt":"Geboren 1978 in Guatemala City\/Guatemala.<br \/>\n<br \/>\nNaufus Ramirez-Figueroa studierte am Emily Carr Institute of Art and Design, Vancouver\/Kanada, wo er mit einem Bachelor of Fine Arts abschloss. An der School of the Art Institute of Chicago in Illinois\/USA machte er 2007 seinen Master of Fine Arts. Er arbeitet als Video-, Installations- und Performancek\u00fcnstler. <br \/>\n<br \/>\nRamirez-Figueroa ist der Sohn eines ehemaligen Guerillak\u00e4mpfers im Guatemaltekischen B\u00fcrgerkrieg. Seine Kunstwerke spiegeln die Erlebnisse seiner Kindheit, wie politische Gewalt und die Erfahrung als Fl\u00fcchtling in Kanada, wider. Weitere wichtige Themen in seinem Werk sind Poesie, Folklorismus, Homosexualit\u00e4t, die Politik des Essens und magische Praktiken. <br \/>\n<br \/>\nAusgew\u00e4hlte Projekte: Einzelausstellungen: \u00bbChildren\u2019s Tears Laid Out To Dry\u00ab, grunt gallery, Vancouver, 2007; \u00bbPara Ti El Banano Madura Al Peso De Tu Dulce Amor\u00ab, Espacio ::.: ..: ::.: : .:, San Jos\u00e9\/Costa Rica, 2008; \u00bbThe Great White Fleet\u00ab, Gallery Gachet, Vancouver, 2003; Gruppenausstellungen: \u00bbAA Bronson\u2019s School for Young Shamans\u00ab, John Connelly Presents, New York, NY\/USA, 2008, \u00bbHome Works IV\u00ab, Masrah Al Madina,\/Libanon, 2008; \u00bbSex Work: The Museum as Brothel, Art House as Porn House\u00ab, Internationale Kurzfilmtage, Oberhausen\/Deutschland, 2007. Performances am FADO Centre for Performance Art in Toronto\/Kanada, im South Side Community Art Centre in Chicago, bei Tribe Arts in Saskatoon\/Kanada, in der Vancouver Art Gallery, und dem Museo de Arte y Dise\u00f1o Contemporaneo in San Jos\u00e9.<br \/>\n<br \/>\n Naufus Ramirez-Figueroa erhielt eine Vielzahl von Preisen, unter anderem den Franklin Furnace Performace Art Fund im Jahr 2007. Er verbringt einen Teil seiner Zeit in Guatemala auf seiner Farm nahe Flores, wo er mit seiner Familie lebt und den anderen in Kanada in seinem Studio in Vancouver.","person_txt_short":"","person_img":"","person_website":"","person_links":null,"person_year":[94,95,96],"person_residencies":[{"person_stay_from":"20110101","person_stay_to":"20111031"}],"person_residency_sort_stay_from":null,"person_residency_sort_stay_to":null,"person_practice_field":[111],"person_program":false,"person_locations":[{"person_city":"Flores","person_country":"Guatemala"}],"person_country":"","related_posts_event":[7762,7406,18621],"related_posts_news":[7762,19361],"related_posts_post":null,"related_posts_schlosspost":null,"person_fellow_juror_relation":[5464]},"_links":{"self":[{"href":"https:\/\/www.akademie-solitude.de\/de\/wp-json\/wp\/v2\/person\/6111","targetHints":{"allow":["GET"]}}],"collection":[{"href":"https:\/\/www.akademie-solitude.de\/de\/wp-json\/wp\/v2\/person"}],"about":[{"href":"https:\/\/www.akademie-solitude.de\/de\/wp-json\/wp\/v2\/types\/person"}],"author":[{"embeddable":true,"href":"https:\/\/www.akademie-solitude.de\/de\/wp-json\/wp\/v2\/users\/1"}],"acf:post":[{"embeddable":true,"href":"https:\/\/www.akademie-solitude.de\/de\/wp-json\/wp\/v2\/person\/5464"},{"embeddable":true,"href":"https:\/\/www.akademie-solitude.de\/de\/wp-json\/wp\/v2\/news\/19361"},{"embeddable":true,"href":"https:\/\/www.akademie-solitude.de\/de\/wp-json\/wp\/v2\/event\/18621"},{"embeddable":true,"href":"https:\/\/www.akademie-solitude.de\/de\/wp-json\/wp\/v2\/event\/7406"},{"embeddable":true,"href":"https:\/\/www.akademie-solitude.de\/de\/wp-json\/wp\/v2\/news\/7762"}],"acf:term":[{"embeddable":true,"taxonomy":"practice_field","href":"https:\/\/www.akademie-solitude.de\/de\/wp-json\/wp\/v2\/practice_field\/111"},{"embeddable":true,"taxonomy":"year_generation","href":"https:\/\/www.akademie-solitude.de\/de\/wp-json\/wp\/v2\/year_generation\/96"},{"embeddable":true,"taxonomy":"year_generation","href":"https:\/\/www.akademie-solitude.de\/de\/wp-json\/wp\/v2\/year_generation\/95"},{"embeddable":true,"taxonomy":"year_generation","href":"https:\/\/www.akademie-solitude.de\/de\/wp-json\/wp\/v2\/year_generation\/94"},{"embeddable":true,"taxonomy":"person_type","href":"https:\/\/www.akademie-solitude.de\/de\/wp-json\/wp\/v2\/person_type\/57"}],"wp:attachment":[{"href":"https:\/\/www.akademie-solitude.de\/de\/wp-json\/wp\/v2\/media?parent=6111"}],"wp:term":[{"taxonomy":"person_type","embeddable":true,"href":"https:\/\/www.akademie-solitude.de\/de\/wp-json\/wp\/v2\/person_type?post=6111"},{"taxonomy":"program","embeddable":true,"href":"https:\/\/www.akademie-solitude.de\/de\/wp-json\/wp\/v2\/program?post=6111"},{"taxonomy":"practice_field","embeddable":true,"href":"https:\/\/www.akademie-solitude.de\/de\/wp-json\/wp\/v2\/practice_field?post=6111"},{"taxonomy":"year_generation","embeddable":true,"href":"https:\/\/www.akademie-solitude.de\/de\/wp-json\/wp\/v2\/year_generation?post=6111"}],"curies":[{"name":"wp","href":"https:\/\/api.w.org\/{rel}","templated":true}]}}

Geboren 1978 in Guatemala City/Guatemala.<br />
<br />
Naufus Ramirez-Figueroa studierte am Emily Carr Institute of Art and Design, Vancouver/Kanada, wo er mit einem Bachelor of Fine Arts abschloss. An der School of the Art Institute of Chicago in Illinois/USA machte er 2007 seinen Master of Fine Arts. Er arbeitet als Video-, Installations- und Performancekünstler. <br />
<br />
Ramirez-Figueroa ist der Sohn eines ehemaligen Guerillakämpfers im Guatemaltekischen Bürgerkrieg. Seine Kunstwerke spiegeln die Erlebnisse seiner Kindheit, wie politische Gewalt und die Erfahrung als Flüchtling in Kanada, wider. Weitere wichtige Themen in seinem Werk sind Poesie, Folklorismus, Homosexualität, die Politik des Essens und magische Praktiken. <br />
<br />
Ausgewählte Projekte: Einzelausstellungen: »Children’s Tears Laid Out To Dry«, grunt gallery, Vancouver, 2007; »Para Ti El Banano Madura Al Peso De Tu Dulce Amor«, Espacio ::.: ..: ::.: : .:, San José/Costa Rica, 2008; »The Great White Fleet«, Gallery Gachet, Vancouver, 2003; Gruppenausstellungen: »AA Bronson’s School for Young Shamans«, John Connelly Presents, New York, NY/USA, 2008, »Home Works IV«, Masrah Al Madina,/Libanon, 2008; »Sex Work: The Museum as Brothel, Art House as Porn House«, Internationale Kurzfilmtage, Oberhausen/Deutschland, 2007. Performances am FADO Centre for Performance Art in Toronto/Kanada, im South Side Community Art Centre in Chicago, bei Tribe Arts in Saskatoon/Kanada, in der Vancouver Art Gallery, und dem Museo de Arte y Diseño Contemporaneo in San José.<br />
<br />
 Naufus Ramirez-Figueroa erhielt eine Vielzahl von Preisen, unter anderem den Franklin Furnace Performace Art Fund im Jahr 2007. Er verbringt einen Teil seiner Zeit in Guatemala auf seiner Farm nahe Flores, wo er mit seiner Familie lebt und den anderen in Kanada in seinem Studio in Vancouver.
