{"id":6152,"date":"2020-03-26T14:48:18","date_gmt":"2020-03-26T13:48:18","guid":{"rendered":"https:\/\/www.akademie-solitude.de\/person\/katharina-hinsberg-2\/"},"modified":"2020-08-12T17:28:57","modified_gmt":"2020-08-12T15:28:57","slug":"katharina-hinsberg-2","status":"publish","type":"person","link":"https:\/\/www.akademie-solitude.de\/de\/person\/katharina-hinsberg-2\/","title":{"rendered":"Katharina  Hinsberg"},"content":{"rendered":"","protected":false},"author":1,"featured_media":0,"template":"","meta":{"_acf_changed":false,"inline_featured_image":false},"person_type":[57],"program":[],"practice_field":[111],"year_generation":[80,81],"class_list":["post-6152","person","type-person","status-publish","hentry","person_type-stipendiatinnen","practice_field-bildende-kunst","year_generation-80","year_generation-81"],"acf":{"person_id__old":"2063","person_name":{"person_name":"Katharina","person_middlename":"","person_surname":"Hinsberg"},"person_metadata":"","person_position":[57],"person_job":"","person_txt":"Geboren 1967 in Karlsruhe.<br \/>\n<br \/>\n1989-95 Studium an der Akademie der Bildenden K\u00fcnste M\u00fcnchen, an der Hochschule f\u00fcr Bildende K\u00fcnste Dresden und an der \u00c9cole des Beaux Arts Bordeaux.1998 Stipendium der Kunststiftung Baden-W\u00fcrttemberg. 1999 Arbeitsstipendium der Kunstfonds e.V. 2000\tArtist in Residence Chinati Foundation, Marfa, Texas<br \/>\n<br \/>\nEINZELAUSSTELLUNGEN (Auswahl)<br \/>\n<br \/>\n1995 Mus\u00e9e de Villandraut; Association du Grand Phylloxera, Bordeaux; 1996 Akademie Schloss Solitude, Stuttgart; 1997 St\u00e4dtische Galerie Albstadt,; Land, Striche, Schnitte; 1998 Mus\u00e9e des Beaux-Arts d\u2019Agen; St\u00e4dtische Galerie im Cordonhaus Cham (mit Gottfried Ecker); 1999 Galerie Eva Mack, G\u00f6ppingen; Kunstmuseum Bonn, Zeichnung heute II, (mit Beate Terfloth und Andrea Zaumseil); Galerie Birner und Wittman, N\u00fcrnberg; 2000 Chinati Foundation, Marfa, Texas<br \/>\n<br \/>\nAUSSTELLUNGSBETEILIGUNGEN (Auswahl)<br \/>\n<br \/>\n1994 Atelier \u201ePens\u00e9e nomade, chose imprim\u00e9e\u201c, Los Angeles, La Maison du Lac d'Argent; 1995 Galerie du CAPCMus\u00e9e, Bordeaux; 1996 HdK Berlin, Center Court; Germanisches Nationalmuseum N\u00fcrnberg, Ausstellung Dt. K\u00fcnstlerbund, zeichnen; 1997 Staatliches Kunstmuseum Tschuwaschien, Tscheboksary, GUS, Zu Genadij Ajgi; 1998 Galerie Eva Mack, G\u00f6ppingen; 1999 M\u00fccsarnok, Budapest, Solitude in Budapest; Galerie Gaby Kraushaar, D\u00fcsseldorf; Sprengelmuseum, Hannover, Kunstpreis der deutschen Volksbanken und Raiffeisenbanken.","person_txt_short":"","person_img":"","person_website":"","person_links":null,"person_year":[80,81],"person_residencies":[{"person_stay_from":"19960101","person_stay_to":"19961231"}],"person_residency_sort_stay_from":null,"person_residency_sort_stay_to":null,"person_practice_field":[111],"person_program":false,"person_locations":[{"person_city":"Wien","person_country":"\u00d6sterreich"}],"person_country":"","related_posts_event":"","related_posts_news":"","related_posts_post":null,"related_posts_schlosspost":null,"person_fellow_juror_relation":[5535]},"_links":{"self":[{"href":"https:\/\/www.akademie-solitude.de\/de\/wp-json\/wp\/v2\/person\/6152","targetHints":{"allow":["GET"]}}],"collection":[{"href":"https:\/\/www.akademie-solitude.de\/de\/wp-json\/wp\/v2\/person"}],"about":[{"href":"https:\/\/www.akademie-solitude.de\/de\/wp-json\/wp\/v2\/types\/person"}],"author":[{"embeddable":true,"href":"https:\/\/www.akademie-solitude.de\/de\/wp-json\/wp\/v2\/users\/1"}],"acf:post":[{"embeddable":true,"href":"https:\/\/www.akademie-solitude.de\/de\/wp-json\/wp\/v2\/person\/5535"}],"acf:term":[{"embeddable":true,"taxonomy":"practice_field","href":"https:\/\/www.akademie-solitude.de\/de\/wp-json\/wp\/v2\/practice_field\/111"},{"embeddable":true,"taxonomy":"year_generation","href":"https:\/\/www.akademie-solitude.de\/de\/wp-json\/wp\/v2\/year_generation\/81"},{"embeddable":true,"taxonomy":"year_generation","href":"https:\/\/www.akademie-solitude.de\/de\/wp-json\/wp\/v2\/year_generation\/80"},{"embeddable":true,"taxonomy":"person_type","href":"https:\/\/www.akademie-solitude.de\/de\/wp-json\/wp\/v2\/person_type\/57"}],"wp:attachment":[{"href":"https:\/\/www.akademie-solitude.de\/de\/wp-json\/wp\/v2\/media?parent=6152"}],"wp:term":[{"taxonomy":"person_type","embeddable":true,"href":"https:\/\/www.akademie-solitude.de\/de\/wp-json\/wp\/v2\/person_type?post=6152"},{"taxonomy":"program","embeddable":true,"href":"https:\/\/www.akademie-solitude.de\/de\/wp-json\/wp\/v2\/program?post=6152"},{"taxonomy":"practice_field","embeddable":true,"href":"https:\/\/www.akademie-solitude.de\/de\/wp-json\/wp\/v2\/practice_field?post=6152"},{"taxonomy":"year_generation","embeddable":true,"href":"https:\/\/www.akademie-solitude.de\/de\/wp-json\/wp\/v2\/year_generation?post=6152"}],"curies":[{"name":"wp","href":"https:\/\/api.w.org\/{rel}","templated":true}]}}

Geboren 1967 in Karlsruhe.<br />
<br />
1989-95 Studium an der Akademie der Bildenden Künste München, an der Hochschule für Bildende Künste Dresden und an der École des Beaux Arts Bordeaux.1998 Stipendium der Kunststiftung Baden-Württemberg. 1999 Arbeitsstipendium der Kunstfonds e.V. 2000	Artist in Residence Chinati Foundation, Marfa, Texas<br />
<br />
EINZELAUSSTELLUNGEN (Auswahl)<br />
<br />
1995 Musée de Villandraut; Association du Grand Phylloxera, Bordeaux; 1996 Akademie Schloss Solitude, Stuttgart; 1997 Städtische Galerie Albstadt,; Land, Striche, Schnitte; 1998 Musée des Beaux-Arts d’Agen; Städtische Galerie im Cordonhaus Cham (mit Gottfried Ecker); 1999 Galerie Eva Mack, Göppingen; Kunstmuseum Bonn, Zeichnung heute II, (mit Beate Terfloth und Andrea Zaumseil); Galerie Birner und Wittman, Nürnberg; 2000 Chinati Foundation, Marfa, Texas<br />
<br />
AUSSTELLUNGSBETEILIGUNGEN (Auswahl)<br />
<br />
1994 Atelier „Pensée nomade, chose imprimée“, Los Angeles, La Maison du Lac d'Argent; 1995 Galerie du CAPCMusée, Bordeaux; 1996 HdK Berlin, Center Court; Germanisches Nationalmuseum Nürnberg, Ausstellung Dt. Künstlerbund, zeichnen; 1997 Staatliches Kunstmuseum Tschuwaschien, Tscheboksary, GUS, Zu Genadij Ajgi; 1998 Galerie Eva Mack, Göppingen; 1999 Mücsarnok, Budapest, Solitude in Budapest; Galerie Gaby Kraushaar, Düsseldorf; Sprengelmuseum, Hannover, Kunstpreis der deutschen Volksbanken und Raiffeisenbanken.

Österreich
