{"id":6236,"date":"2020-03-26T14:48:27","date_gmt":"2020-03-26T13:48:27","guid":{"rendered":"https:\/\/www.akademie-solitude.de\/person\/helena-klakocar\/"},"modified":"2020-08-12T17:29:11","modified_gmt":"2020-08-12T15:29:11","slug":"helena-klakocar","status":"publish","type":"person","link":"https:\/\/www.akademie-solitude.de\/de\/person\/helena-klakocar\/","title":{"rendered":"Helena  Klakocar"},"content":{"rendered":"","protected":false},"author":1,"featured_media":0,"template":"","meta":{"_acf_changed":false,"inline_featured_image":false},"person_type":[57],"program":[],"practice_field":[13],"year_generation":[85,86],"class_list":["post-6236","person","type-person","status-publish","hentry","person_type-stipendiatinnen","practice_field-design","year_generation-85","year_generation-86"],"acf":{"person_id__old":"2149","person_name":{"person_name":"Helena","person_middlename":"","person_surname":"Klakocar"},"person_metadata":"","person_position":[57],"person_job":"","person_txt":"Geboren 1958 in Kroatien.<br \/>\n<br \/>\n1978-82 Studium an der Kunstakademie in Zagreb. Arbeitet danach als freischaffende Grafik-Designerin in Kroatien, Griechenland und den Niederlanden. 1995-98 Studium an der dortigen Kunstakademie in Tilburg im Bereich Malerei und Zeichentrickfilm.<br \/>\n<br \/>\nSeit 1998 Animation f\u00fcr Film. 1999 wird das Comicband \"Passage en douce\" ver\u00f6ffentlicht f\u00fcr das sie zahlreiche Preise (u.a. Festival de BD in Frankreich) erh\u00e4lt.<br \/>\n<br \/>\nTeilnahme an zahlreichen Festivals, Gruppen- und Einzelausstellungen, u.a. in Amsterdam, Antwerpen, Helsinki, Ljubljana, Bologna und Bastia.<br \/>\n<br \/>\nArbeitet gerade an dem Buch \"People think\" und ist Mitglied der Gruppe \"Eimigrative Art\".","person_txt_short":"","person_img":"","person_website":"","person_links":null,"person_year":[85,86],"person_residencies":[{"person_stay_from":"20011001","person_stay_to":"20011031"}],"person_residency_sort_stay_from":null,"person_residency_sort_stay_to":null,"person_practice_field":[13],"person_program":false,"person_locations":[{"person_city":"Tilburg","person_country":"Niederlande"}],"person_country":"","related_posts_event":"","related_posts_news":"","related_posts_post":null,"related_posts_schlosspost":null,"person_fellow_juror_relation":[5507]},"_links":{"self":[{"href":"https:\/\/www.akademie-solitude.de\/de\/wp-json\/wp\/v2\/person\/6236","targetHints":{"allow":["GET"]}}],"collection":[{"href":"https:\/\/www.akademie-solitude.de\/de\/wp-json\/wp\/v2\/person"}],"about":[{"href":"https:\/\/www.akademie-solitude.de\/de\/wp-json\/wp\/v2\/types\/person"}],"author":[{"embeddable":true,"href":"https:\/\/www.akademie-solitude.de\/de\/wp-json\/wp\/v2\/users\/1"}],"acf:post":[{"embeddable":true,"href":"https:\/\/www.akademie-solitude.de\/de\/wp-json\/wp\/v2\/person\/5507"}],"acf:term":[{"embeddable":true,"taxonomy":"practice_field","href":"https:\/\/www.akademie-solitude.de\/de\/wp-json\/wp\/v2\/practice_field\/13"},{"embeddable":true,"taxonomy":"year_generation","href":"https:\/\/www.akademie-solitude.de\/de\/wp-json\/wp\/v2\/year_generation\/86"},{"embeddable":true,"taxonomy":"year_generation","href":"https:\/\/www.akademie-solitude.de\/de\/wp-json\/wp\/v2\/year_generation\/85"},{"embeddable":true,"taxonomy":"person_type","href":"https:\/\/www.akademie-solitude.de\/de\/wp-json\/wp\/v2\/person_type\/57"}],"wp:attachment":[{"href":"https:\/\/www.akademie-solitude.de\/de\/wp-json\/wp\/v2\/media?parent=6236"}],"wp:term":[{"taxonomy":"person_type","embeddable":true,"href":"https:\/\/www.akademie-solitude.de\/de\/wp-json\/wp\/v2\/person_type?post=6236"},{"taxonomy":"program","embeddable":true,"href":"https:\/\/www.akademie-solitude.de\/de\/wp-json\/wp\/v2\/program?post=6236"},{"taxonomy":"practice_field","embeddable":true,"href":"https:\/\/www.akademie-solitude.de\/de\/wp-json\/wp\/v2\/practice_field?post=6236"},{"taxonomy":"year_generation","embeddable":true,"href":"https:\/\/www.akademie-solitude.de\/de\/wp-json\/wp\/v2\/year_generation?post=6236"}],"curies":[{"name":"wp","href":"https:\/\/api.w.org\/{rel}","templated":true}]}}

Geboren 1958 in Kroatien.<br />
<br />
1978-82 Studium an der Kunstakademie in Zagreb. Arbeitet danach als freischaffende Grafik-Designerin in Kroatien, Griechenland und den Niederlanden. 1995-98 Studium an der dortigen Kunstakademie in Tilburg im Bereich Malerei und Zeichentrickfilm.<br />
<br />
Seit 1998 Animation für Film. 1999 wird das Comicband "Passage en douce" veröffentlicht für das sie zahlreiche Preise (u.a. Festival de BD in Frankreich) erhält.<br />
<br />
Teilnahme an zahlreichen Festivals, Gruppen- und Einzelausstellungen, u.a. in Amsterdam, Antwerpen, Helsinki, Ljubljana, Bologna und Bastia.<br />
<br />
Arbeitet gerade an dem Buch "People think" und ist Mitglied der Gruppe "Eimigrative Art".
