{"id":6423,"date":"2020-03-26T14:48:44","date_gmt":"2020-03-26T13:48:44","guid":{"rendered":"https:\/\/www.akademie-solitude.de\/person\/katarina-burin\/"},"modified":"2020-08-12T17:29:43","modified_gmt":"2020-08-12T15:29:43","slug":"katarina-burin","status":"publish","type":"person","link":"https:\/\/www.akademie-solitude.de\/de\/person\/katarina-burin\/","title":{"rendered":"Katarina  Burin"},"content":{"rendered":"","protected":false},"author":1,"featured_media":0,"template":"","meta":{"_acf_changed":false,"inline_featured_image":false},"person_type":[57],"program":[346],"practice_field":[111],"year_generation":[96,97,98],"class_list":["post-6423","person","type-person","status-publish","hentry","person_type-stipendiatinnen","program-solitude-stipendium","practice_field-bildende-kunst","year_generation-96","year_generation-97","year_generation-98"],"acf":{"person_id__old":"2338","person_name":{"person_name":"Katarina","person_middlename":"","person_surname":"Burin"},"person_metadata":"Visual Arts, Solitude fellow 2013\u20132015","person_position":[57],"person_job":"","person_txt":"<p>Geboren in Bratislava\/Slowakei.<\/p>\n<p>Katarina Burin studierte Bildende Kunst an der University of Georgia, Athens, GA\/USA und der Yale University, New Haven, CT\/USA. Neben der Ausstellung der Finalisten des James and Audrey Foster Preises, mit dem sie 2013 durch das Institute of Contemporary Art Boston, MA\/USA, ausgezeichnet wurde, hatte sie Soloausstellungen u. a. bei Ratio 3 in San Francisco, CA\/USA, bei M29 Richter & Br\u00fcckner in K\u00f6ln\/Deutschland und bei Lucile Corty in Paris\/Frankreich. Katarina nahm an zahlreichen Gruppenausstellungen teil, dazu geh\u00f6ren Ausstellungen bei Form\/Content in London\/UK, bei White Columns in New York, NY\/USA, bei Participant Inc. in New York und in der Galerie Max Hetzler in Berlin\/Deutschland.<\/p>\n<p>2012\/2013 co-kuratierte sie eine Ausstellung im Carpenter Center of Visual Arts und ver\u00f6ffentlichte selbst ein K\u00fcnstlerbuch, das ihr aktuelles Projekt \u00fcber die Arbeit der tschechischen Architektin Petra Andrejova-Moln\u00e1r, enthielt. Katarina erhielt f\u00fcr ein kuratorisches Projekt die Unterst\u00fctzung der Graham Foundation sowie ein Dedalus Master of Fine Arts Stipendium. Sie bekam Aufenthaltsstipendien in K\u00fcnstlerresidenzen wie dem MuseumsQuartier in Wien\/\u00d6sterreich, Skowhegan in Madison, ME\/USA, Yaddow in Saratoga Springs, NY\/USA, und in der MacDowell Colony in Peterborough, NH\/USA.<\/p>\n<p>Katarina ist Dozentin am Department of Visual and Environmental Studies der Harvard University, Cambridge, MA\/USA, und arbeitet zurzeit an zwei kommenden Ausstellungen im Kunstverein Langenhagen, Deutschland, und im Aspen Art Museum, CO\/USA.<\/p>","person_txt_short":"Katarina Burin is currently preparing the first monograph of the work of Petra Andrejova-Moln\u00e1r, forthcoming from Walther K\u00f6nig Verlag. Recent solo exhibitions include the Neubauer Collegium (University of Chicago), Kunstverein Langenhagen, P! and Ratio 3.\u00a0 Group exhibitions include the Wattis Institute for Contemporary Arts, ICA Boston, Aspen Art Museum and White Columns. The recipient of 2013 James and Audrey Foster Prize, as well as a Schloss Solitude fellowship and Graham Foundation publication grant, Burin is a Lecturer of Visual Art at Harvard University.","person_img":9286,"person_website":"","person_links":null,"person_year":[96,97,98],"person_residencies":[{"person_stay_from":"20130501","person_stay_to":"20140630"}],"person_residency_sort_stay_from":null,"person_residency_sort_stay_to":null,"person_practice_field":[111],"person_program":[346],"person_locations":[{"person_city":"Berlin","person_country":"Deutschland"}],"person_country":"","related_posts_event":[7508,18723],"related_posts_news":[7508],"related_posts_post":null,"related_posts_schlosspost":null,"person_fellow_juror_relation":[5453]},"_links":{"self":[{"href":"https:\/\/www.akademie-solitude.de\/de\/wp-json\/wp\/v2\/person\/6423","targetHints":{"allow":["GET"]}}],"collection":[{"href":"https:\/\/www.akademie-solitude.de\/de\/wp-json\/wp\/v2\/person"}],"about":[{"href":"https:\/\/www.akademie-solitude.de\/de\/wp-json\/wp\/v2\/types\/person"}],"author":[{"embeddable":true,"href":"https:\/\/www.akademie-solitude.de\/de\/wp-json\/wp\/v2\/users\/1"}],"acf:post":[{"embeddable":true,"href":"https:\/\/www.akademie-solitude.de\/de\/wp-json\/wp\/v2\/person\/5453"},{"embeddable":true,"href":"https:\/\/www.akademie-solitude.de\/de\/wp-json\/wp\/v2\/event\/18723"},{"embeddable":true,"href":"https:\/\/www.akademie-solitude.de\/de\/wp-json\/wp\/v2\/event\/7508"}],"acf:term":[{"embeddable":true,"taxonomy":"program","href":"https:\/\/www.akademie-solitude.de\/de\/wp-json\/wp\/v2\/program\/346"},{"embeddable":true,"taxonomy":"practice_field","href":"https:\/\/www.akademie-solitude.de\/de\/wp-json\/wp\/v2\/practice_field\/111"},{"embeddable":true,"taxonomy":"year_generation","href":"https:\/\/www.akademie-solitude.de\/de\/wp-json\/wp\/v2\/year_generation\/98"},{"embeddable":true,"taxonomy":"year_generation","href":"https:\/\/www.akademie-solitude.de\/de\/wp-json\/wp\/v2\/year_generation\/97"},{"embeddable":true,"taxonomy":"year_generation","href":"https:\/\/www.akademie-solitude.de\/de\/wp-json\/wp\/v2\/year_generation\/96"},{"embeddable":true,"taxonomy":"person_type","href":"https:\/\/www.akademie-solitude.de\/de\/wp-json\/wp\/v2\/person_type\/57"}],"wp:attachment":[{"href":"https:\/\/www.akademie-solitude.de\/de\/wp-json\/wp\/v2\/media?parent=6423"}],"wp:term":[{"taxonomy":"person_type","embeddable":true,"href":"https:\/\/www.akademie-solitude.de\/de\/wp-json\/wp\/v2\/person_type?post=6423"},{"taxonomy":"program","embeddable":true,"href":"https:\/\/www.akademie-solitude.de\/de\/wp-json\/wp\/v2\/program?post=6423"},{"taxonomy":"practice_field","embeddable":true,"href":"https:\/\/www.akademie-solitude.de\/de\/wp-json\/wp\/v2\/practice_field?post=6423"},{"taxonomy":"year_generation","embeddable":true,"href":"https:\/\/www.akademie-solitude.de\/de\/wp-json\/wp\/v2\/year_generation?post=6423"}],"curies":[{"name":"wp","href":"https:\/\/api.w.org\/{rel}","templated":true}]}}

<p>Geboren in Bratislava/Slowakei.</p>
<p>Katarina Burin studierte Bildende Kunst an der University of Georgia, Athens, GA/USA und der Yale University, New Haven, CT/USA. Neben der Ausstellung der Finalisten des James and Audrey Foster Preises, mit dem sie 2013 durch das Institute of Contemporary Art Boston, MA/USA, ausgezeichnet wurde, hatte sie Soloausstellungen u. a. bei Ratio 3 in San Francisco, CA/USA, bei M29 Richter & Brückner in Köln/Deutschland und bei Lucile Corty in Paris/Frankreich. Katarina nahm an zahlreichen Gruppenausstellungen teil, dazu gehören Ausstellungen bei Form/Content in London/UK, bei White Columns in New York, NY/USA, bei Participant Inc. in New York und in der Galerie Max Hetzler in Berlin/Deutschland.</p>
<p>2012/2013 co-kuratierte sie eine Ausstellung im Carpenter Center of Visual Arts und veröffentlichte selbst ein Künstlerbuch, das ihr aktuelles Projekt über die Arbeit der tschechischen Architektin Petra Andrejova-Molnár, enthielt. Katarina erhielt für ein kuratorisches Projekt die Unterstützung der Graham Foundation sowie ein Dedalus Master of Fine Arts Stipendium. Sie bekam Aufenthaltsstipendien in Künstlerresidenzen wie dem MuseumsQuartier in Wien/Österreich, Skowhegan in Madison, ME/USA, Yaddow in Saratoga Springs, NY/USA, und in der MacDowell Colony in Peterborough, NH/USA.</p>
<p>Katarina ist Dozentin am Department of Visual and Environmental Studies der Harvard University, Cambridge, MA/USA, und arbeitet zurzeit an zwei kommenden Ausstellungen im Kunstverein Langenhagen, Deutschland, und im Aspen Art Museum, CO/USA.</p>

Katarina Burin is currently preparing the first monograph of the work of Petra Andrejova-Molnár, forthcoming from Walther König Verlag. Recent solo exhibitions include the Neubauer Collegium (University of Chicago), Kunstverein Langenhagen, P! and Ratio 3.  Group exhibitions include the Wattis Institute for Contemporary Arts, ICA Boston, Aspen Art Museum and White Columns. The recipient of 2013 James and Audrey Foster Prize, as well as a Schloss Solitude fellowship and Graham Foundation publication grant, Burin is a Lecturer of Visual Art at Harvard University.
