{"id":6472,"date":"2020-03-26T14:48:48","date_gmt":"2020-03-26T13:48:48","guid":{"rendered":"https:\/\/www.akademie-solitude.de\/person\/jose-carlos-teixeira\/"},"modified":"2020-08-12T17:29:51","modified_gmt":"2020-08-12T15:29:51","slug":"jose-carlos-teixeira","status":"publish","type":"person","link":"https:\/\/www.akademie-solitude.de\/de\/person\/jose-carlos-teixeira\/","title":{"rendered":"Jos\u00e9 Carlos  Teixeira"},"content":{"rendered":"","protected":false},"author":1,"featured_media":0,"template":"","meta":{"_acf_changed":false,"inline_featured_image":false},"person_type":[57],"program":[],"practice_field":[],"year_generation":[92,93,94],"class_list":["post-6472","person","type-person","status-publish","hentry","person_type-stipendiatinnen","year_generation-92","year_generation-93","year_generation-94"],"acf":{"person_id__old":"2389","person_name":{"person_name":"Jos\u00e9 Carlos","person_middlename":"","person_surname":"Teixeira"},"person_metadata":"Time-based Media, Solitude fellow 2008\u20132009","person_position":[57],"person_job":"","person_txt":"Geboren 1977 in Porto\/Portugal.\r\n\r\nJos\u00e9 Carlos Teixeira erhielt seinen Master of Fine Arts vom Interdisziplin\u00e4ren Institut der University of California (UCLA) in Los Angeles nachdem er bereits an der NYU in New York, der Universidad del Pais Vasco (Universit\u00e4t des Baskenlands) in Bilbao, Spanien und der Universit\u00e4t von Porto, Portugal studiert hatte. In Porto arbeitete er intensiv mit dem Serralves Museum f\u00fcr zeitgen\u00f6ssische Kunst zusammen.\r\n\r\nIn seinen k\u00fcnstlerischen Arbeiten, die meist interdisziplin\u00e4rer Natur sind, besch\u00e4ftigt er sich vorwiegend mit den Themen Abgrenzung, Identit\u00e4t und Sprache. Seine Videos und Installationen wurden in vielen Ausstellungen, auf Festivals und bei Filmvorf\u00fchrungen in Europa und den USA gezeigt.\r\n\r\nTeixeiras Arbeiten finden sich in verschiedenen Kunstsammlungen u. a. in der Aberdeen Art Gallery Collection, Schottland und der PLMJ Foundation in Lissabon, Portugal.\r\n\r\nEr erhielt zahlreiche Stipendien und Preise wie z. B. das Fulbright-Stipendium\/Carmona &amp; Costa Foundation, das Gulbenkian\/FLAD-Stipendium, den Samuel Booth-Preis und einige Stipendien der University of California (UCLA).\r\n\r\nAusgew\u00e4hlte Einzelausstellungen: \u00bbGeographies and other Ethnographies\u00ab, EAC, Carmona e Costa Foundation, Lissabon (2007); \u00bbShipwreck | Naufr\u00e1gio\u00ab, collaboration with Sofia Ponte, Sala do Veado, Natural History Museum, Lissabon (2005).\r\n\r\nAusgew\u00e4hlte Gruppenausstellungen: \u00bbStranger than paradise\u00ab, Presen\u00e7a Gallery, Porto; \u00bbL\u00c1 FORA\u00ab, Museum of the Presidency of the Republic, Viana do Castelo, \u00c9vora und Lissabon; \u00bbEVR lisbon, e-flux\u00ab, Calouste Gulbenkian Foundation, Lissabon; \u00bbWhere are you from? Contemporary Art from Portugal\u00ab, Faulconer Gallery, Bucksbaum Center for the Arts, Grinnell\/IA (alle 2008); \u00bbDisplacements, Four Portuguese contemporary perspectives\u00ab, EESC European Economic and Social Committee, Br\u00fcssel (2007); \u00bbL.A. Freewaves: 10th biennial of experimental film, video and new media\u00ab, Hammer Museum, Los Angeles; \u00bbAt Home in the World\u00ab, Armory Center for the Arts, Pasadena, USA; \u00bbLatino-Anglo Culture Clash: Erecting and Breaking Barriers\u00ab, Museum of the City of New York with Art For Change; \u00bbInto the Deep \/ De Dentro: Exhibition of contemporary Portuguese art\u00ab, NCCA National Center for Contemporary Arts, Moskau; \u00bbEmbodied Technologies\u00ab, Art Interactive Gallery, Boston\/MA (alle 2006); \u00bbEDP Award New Artists 2005\u00ab, Centro de Portugal Pavillion, Coimbra, Portugal; \u00bbUnclassifiable Project\u00ab, Malmofestivalen, Malm\u00f6, Schweden (alle 2005); \u00bbRencontres Internationales Paris\/Berlin\u00ab, Le Grande Halle de La Villete, Paris (2004).","person_txt_short":"Jos\u00e9 Carlos Teixeira is an artist and researcher who has exhibited his interdisciplinary work internationally. Through performative and participatory strategies, his practice examine notions of locational identity, language, boundary, exile and displacement, addressing the limits and overlapping of personal and socio-political territories, physical and psychological spaces. The relationship with, and the representation of Otherness occupy a central role in his ethical and aesthetic materializations.","person_img":9272,"person_website":"","person_links":null,"person_year":[92,93,94],"person_residencies":[{"person_stay_from":"20080801","person_stay_to":"20090731"}],"person_residency_sort_stay_from":null,"person_residency_sort_stay_to":null,"person_practice_field":false,"person_program":false,"person_locations":[{"person_city":"Venice","person_country":"USA"},{"person_city":"CA","person_country":""}],"person_country":"","related_posts_event":[7798,7303,7309,7321,7322,7361,7362,7363,7364,18518,18524,18536,18537,18576,18577,18578,18579],"related_posts_news":[7798,13430,19442],"related_posts_post":"","related_posts_schlosspost":null,"person_fellow_juror_relation":[5514]},"_links":{"self":[{"href":"https:\/\/www.akademie-solitude.de\/de\/wp-json\/wp\/v2\/person\/6472","targetHints":{"allow":["GET"]}}],"collection":[{"href":"https:\/\/www.akademie-solitude.de\/de\/wp-json\/wp\/v2\/person"}],"about":[{"href":"https:\/\/www.akademie-solitude.de\/de\/wp-json\/wp\/v2\/types\/person"}],"author":[{"embeddable":true,"href":"https:\/\/www.akademie-solitude.de\/de\/wp-json\/wp\/v2\/users\/1"}],"acf:post":[{"embeddable":true,"href":"https:\/\/www.akademie-solitude.de\/de\/wp-json\/wp\/v2\/person\/5514"},{"embeddable":true,"href":"https:\/\/www.akademie-solitude.de\/de\/wp-json\/wp\/v2\/news\/19442"},{"embeddable":true,"href":"https:\/\/www.akademie-solitude.de\/de\/wp-json\/wp\/v2\/event\/18579"},{"embeddable":true,"href":"https:\/\/www.akademie-solitude.de\/de\/wp-json\/wp\/v2\/event\/18578"},{"embeddable":true,"href":"https:\/\/www.akademie-solitude.de\/de\/wp-json\/wp\/v2\/event\/18577"},{"embeddable":true,"href":"https:\/\/www.akademie-solitude.de\/de\/wp-json\/wp\/v2\/event\/18576"},{"embeddable":true,"href":"https:\/\/www.akademie-solitude.de\/de\/wp-json\/wp\/v2\/event\/18537"},{"embeddable":true,"href":"https:\/\/www.akademie-solitude.de\/de\/wp-json\/wp\/v2\/event\/18536"},{"embeddable":true,"href":"https:\/\/www.akademie-solitude.de\/de\/wp-json\/wp\/v2\/event\/18524"},{"embeddable":true,"href":"https:\/\/www.akademie-solitude.de\/de\/wp-json\/wp\/v2\/event\/18518"},{"embeddable":true,"href":"https:\/\/www.akademie-solitude.de\/de\/wp-json\/wp\/v2\/event\/7364"},{"embeddable":true,"href":"https:\/\/www.akademie-solitude.de\/de\/wp-json\/wp\/v2\/event\/7363"},{"embeddable":true,"href":"https:\/\/www.akademie-solitude.de\/de\/wp-json\/wp\/v2\/event\/7362"},{"embeddable":true,"href":"https:\/\/www.akademie-solitude.de\/de\/wp-json\/wp\/v2\/event\/7361"},{"embeddable":true,"href":"https:\/\/www.akademie-solitude.de\/de\/wp-json\/wp\/v2\/event\/7322"},{"embeddable":true,"href":"https:\/\/www.akademie-solitude.de\/de\/wp-json\/wp\/v2\/event\/7321"},{"embeddable":true,"href":"https:\/\/www.akademie-solitude.de\/de\/wp-json\/wp\/v2\/event\/7309"},{"embeddable":true,"href":"https:\/\/www.akademie-solitude.de\/de\/wp-json\/wp\/v2\/event\/7303"},{"embeddable":true,"href":"https:\/\/www.akademie-solitude.de\/de\/wp-json\/wp\/v2\/news\/7798"}],"acf:term":[{"embeddable":true,"taxonomy":"year_generation","href":"https:\/\/www.akademie-solitude.de\/de\/wp-json\/wp\/v2\/year_generation\/94"},{"embeddable":true,"taxonomy":"year_generation","href":"https:\/\/www.akademie-solitude.de\/de\/wp-json\/wp\/v2\/year_generation\/93"},{"embeddable":true,"taxonomy":"year_generation","href":"https:\/\/www.akademie-solitude.de\/de\/wp-json\/wp\/v2\/year_generation\/92"},{"embeddable":true,"taxonomy":"person_type","href":"https:\/\/www.akademie-solitude.de\/de\/wp-json\/wp\/v2\/person_type\/57"}],"wp:attachment":[{"href":"https:\/\/www.akademie-solitude.de\/de\/wp-json\/wp\/v2\/media?parent=6472"}],"wp:term":[{"taxonomy":"person_type","embeddable":true,"href":"https:\/\/www.akademie-solitude.de\/de\/wp-json\/wp\/v2\/person_type?post=6472"},{"taxonomy":"program","embeddable":true,"href":"https:\/\/www.akademie-solitude.de\/de\/wp-json\/wp\/v2\/program?post=6472"},{"taxonomy":"practice_field","embeddable":true,"href":"https:\/\/www.akademie-solitude.de\/de\/wp-json\/wp\/v2\/practice_field?post=6472"},{"taxonomy":"year_generation","embeddable":true,"href":"https:\/\/www.akademie-solitude.de\/de\/wp-json\/wp\/v2\/year_generation?post=6472"}],"curies":[{"name":"wp","href":"https:\/\/api.w.org\/{rel}","templated":true}]}}

José Carlos  Teixeira

José Carlos

Geboren 1977 in Porto/Portugal.

José Carlos Teixeira erhielt seinen Master of Fine Arts vom Interdisziplinären Institut der University of California (UCLA) in Los Angeles nachdem er bereits an der NYU in New York, der Universidad del Pais Vasco (Universität des Baskenlands) in Bilbao, Spanien und der Universität von Porto, Portugal studiert hatte. In Porto arbeitete er intensiv mit dem Serralves Museum für zeitgenössische Kunst zusammen.

In seinen künstlerischen Arbeiten, die meist interdisziplinärer Natur sind, beschäftigt er sich vorwiegend mit den Themen Abgrenzung, Identität und Sprache. Seine Videos und Installationen wurden in vielen Ausstellungen, auf Festivals und bei Filmvorführungen in Europa und den USA gezeigt.

Teixeiras Arbeiten finden sich in verschiedenen Kunstsammlungen u. a. in der Aberdeen Art Gallery Collection, Schottland und der PLMJ Foundation in Lissabon, Portugal.

Er erhielt zahlreiche Stipendien und Preise wie z. B. das Fulbright-Stipendium/Carmona &amp; Costa Foundation, das Gulbenkian/FLAD-Stipendium, den Samuel Booth-Preis und einige Stipendien der University of California (UCLA).

Ausgewählte Einzelausstellungen: »Geographies and other Ethnographies«, EAC, Carmona e Costa Foundation, Lissabon (2007); »Shipwreck | Naufrágio«, collaboration with Sofia Ponte, Sala do Veado, Natural History Museum, Lissabon (2005).

Ausgewählte Gruppenausstellungen: »Stranger than paradise«, Presença Gallery, Porto; »LÁ FORA«, Museum of the Presidency of the Republic, Viana do Castelo, Évora und Lissabon; »EVR lisbon, e-flux«, Calouste Gulbenkian Foundation, Lissabon; »Where are you from? Contemporary Art from Portugal«, Faulconer Gallery, Bucksbaum Center for the Arts, Grinnell/IA (alle 2008); »Displacements, Four Portuguese contemporary perspectives«, EESC European Economic and Social Committee, Brüssel (2007); »L.A. Freewaves: 10th biennial of experimental film, video and new media«, Hammer Museum, Los Angeles; »At Home in the World«, Armory Center for the Arts, Pasadena, USA; »Latino-Anglo Culture Clash: Erecting and Breaking Barriers«, Museum of the City of New York with Art For Change; »Into the Deep / De Dentro: Exhibition of contemporary Portuguese art«, NCCA National Center for Contemporary Arts, Moskau; »Embodied Technologies«, Art Interactive Gallery, Boston/MA (alle 2006); »EDP Award New Artists 2005«, Centro de Portugal Pavillion, Coimbra, Portugal; »Unclassifiable Project«, Malmofestivalen, Malmö, Schweden (alle 2005); »Rencontres Internationales Paris/Berlin«, Le Grande Halle de La Villete, Paris (2004).

José Carlos Teixeira is an artist and researcher who has exhibited his interdisciplinary work internationally. Through performative and participatory strategies, his practice examine notions of locational identity, language, boundary, exile and displacement, addressing the limits and overlapping of personal and socio-political territories, physical and psychological spaces. The relationship with, and the representation of Otherness occupy a central role in his ethical and aesthetic materializations.
