{"id":6508,"date":"2020-03-26T14:48:52","date_gmt":"2020-03-26T13:48:52","guid":{"rendered":"https:\/\/www.akademie-solitude.de\/person\/gavriel-lipkind\/"},"modified":"2020-08-12T17:29:58","modified_gmt":"2020-08-12T15:29:58","slug":"gavriel-lipkind","status":"publish","type":"person","link":"https:\/\/www.akademie-solitude.de\/de\/person\/gavriel-lipkind\/","title":{"rendered":"Gavriel  Lipkind"},"content":{"rendered":"","protected":false},"author":1,"featured_media":0,"template":"","meta":{"_acf_changed":false,"inline_featured_image":false},"person_type":[57],"program":[],"practice_field":[122],"year_generation":[90,91,92],"class_list":["post-6508","person","type-person","status-publish","hentry","person_type-stipendiatinnen","practice_field-musik-klang","year_generation-90","year_generation-91","year_generation-92"],"acf":{"person_id__old":"2427","person_name":{"person_name":"Gavriel","person_middlename":"","person_surname":"Lipkind"},"person_metadata":"","person_position":[57],"person_job":"","person_txt":"Geboren 1977 in Tel Aviv.<br \/>\n<br \/>\nEr begann mit sechs Jahren Violincello zu spielen und studierte bei Uzi Wiesel an der S. Rubin Music Academy der Tel-Aviv University.<br \/>\n<br \/>\nSeit seinem H\u00f6rfunk-Deb\u00fct mit dem Violoncello im Alter von acht Jahren \u00fcbertr\u00e4gt der Israelische Rundfunk regelm\u00e4\u00dfig seine Recitals und Konzerte. Rundfunkaufnahmen bei der ARD (hr, SWR, BR), WGBH Boston u. a. schlossen sich an.<br \/>\n<br \/>\nAls Solist hat er bereits international mit zahlreichen bedeutenden Orchestern zusammengearbeitet, u. a. mit dem Israel Philharmonic Orchestra, dem New Jersey Symphony Orchestra, dem Netherlands Chamber Orchestra, den M\u00fcnchener Philharmonikern.<br \/>\n<br \/>\nF\u00fcr sein Spiel wurde er mit zahlreichen Preisen internationaler Wettbewerbe ausgezeichnet, u. a. mit jeweils dem ersten Preis beim 5. Internationalen Rostropovich Cello-Wettbewerb in Paris (1994), Francois Shapira Strings Comp. (1996), Israeli Radio Young Artists String Comp. (1997). 2002 gewann er zwei Sonderpreise beim Grand Prix Emanuel Feuermann in Berlin f\u00fcr die beste Interpretation des Mozart Fl\u00f6ten-Konzertes in D-Dur. Inzwischen gibt Gavriel Lipkind selbst Cello-Meisterkurse in den USA, Israel, den Niederlanden und Deutschland.","person_txt_short":"","person_img":"","person_website":"","person_links":null,"person_year":[90,91,92],"person_residencies":[{"person_stay_from":"20051101","person_stay_to":"20060228"}],"person_residency_sort_stay_from":null,"person_residency_sort_stay_to":null,"person_practice_field":[122],"person_program":false,"person_locations":[{"person_city":"Frankfurt a.M.","person_country":"Deutschland"}],"person_country":"","related_posts_event":[7215,7265,18430,18480],"related_posts_news":"","related_posts_post":null,"related_posts_schlosspost":null,"person_fellow_juror_relation":[5482]},"_links":{"self":[{"href":"https:\/\/www.akademie-solitude.de\/de\/wp-json\/wp\/v2\/person\/6508","targetHints":{"allow":["GET"]}}],"collection":[{"href":"https:\/\/www.akademie-solitude.de\/de\/wp-json\/wp\/v2\/person"}],"about":[{"href":"https:\/\/www.akademie-solitude.de\/de\/wp-json\/wp\/v2\/types\/person"}],"author":[{"embeddable":true,"href":"https:\/\/www.akademie-solitude.de\/de\/wp-json\/wp\/v2\/users\/1"}],"acf:post":[{"embeddable":true,"href":"https:\/\/www.akademie-solitude.de\/de\/wp-json\/wp\/v2\/person\/5482"},{"embeddable":true,"href":"https:\/\/www.akademie-solitude.de\/de\/wp-json\/wp\/v2\/event\/18480"},{"embeddable":true,"href":"https:\/\/www.akademie-solitude.de\/de\/wp-json\/wp\/v2\/event\/18430"},{"embeddable":true,"href":"https:\/\/www.akademie-solitude.de\/de\/wp-json\/wp\/v2\/event\/7265"},{"embeddable":true,"href":"https:\/\/www.akademie-solitude.de\/de\/wp-json\/wp\/v2\/event\/7215"}],"acf:term":[{"embeddable":true,"taxonomy":"practice_field","href":"https:\/\/www.akademie-solitude.de\/de\/wp-json\/wp\/v2\/practice_field\/122"},{"embeddable":true,"taxonomy":"year_generation","href":"https:\/\/www.akademie-solitude.de\/de\/wp-json\/wp\/v2\/year_generation\/92"},{"embeddable":true,"taxonomy":"year_generation","href":"https:\/\/www.akademie-solitude.de\/de\/wp-json\/wp\/v2\/year_generation\/91"},{"embeddable":true,"taxonomy":"year_generation","href":"https:\/\/www.akademie-solitude.de\/de\/wp-json\/wp\/v2\/year_generation\/90"},{"embeddable":true,"taxonomy":"person_type","href":"https:\/\/www.akademie-solitude.de\/de\/wp-json\/wp\/v2\/person_type\/57"}],"wp:attachment":[{"href":"https:\/\/www.akademie-solitude.de\/de\/wp-json\/wp\/v2\/media?parent=6508"}],"wp:term":[{"taxonomy":"person_type","embeddable":true,"href":"https:\/\/www.akademie-solitude.de\/de\/wp-json\/wp\/v2\/person_type?post=6508"},{"taxonomy":"program","embeddable":true,"href":"https:\/\/www.akademie-solitude.de\/de\/wp-json\/wp\/v2\/program?post=6508"},{"taxonomy":"practice_field","embeddable":true,"href":"https:\/\/www.akademie-solitude.de\/de\/wp-json\/wp\/v2\/practice_field?post=6508"},{"taxonomy":"year_generation","embeddable":true,"href":"https:\/\/www.akademie-solitude.de\/de\/wp-json\/wp\/v2\/year_generation?post=6508"}],"curies":[{"name":"wp","href":"https:\/\/api.w.org\/{rel}","templated":true}]}}

Geboren 1977 in Tel Aviv.<br />
<br />
Er begann mit sechs Jahren Violincello zu spielen und studierte bei Uzi Wiesel an der S. Rubin Music Academy der Tel-Aviv University.<br />
<br />
Seit seinem Hörfunk-Debüt mit dem Violoncello im Alter von acht Jahren überträgt der Israelische Rundfunk regelmäßig seine Recitals und Konzerte. Rundfunkaufnahmen bei der ARD (hr, SWR, BR), WGBH Boston u. a. schlossen sich an.<br />
<br />
Als Solist hat er bereits international mit zahlreichen bedeutenden Orchestern zusammengearbeitet, u. a. mit dem Israel Philharmonic Orchestra, dem New Jersey Symphony Orchestra, dem Netherlands Chamber Orchestra, den Münchener Philharmonikern.<br />
<br />
Für sein Spiel wurde er mit zahlreichen Preisen internationaler Wettbewerbe ausgezeichnet, u. a. mit jeweils dem ersten Preis beim 5. Internationalen Rostropovich Cello-Wettbewerb in Paris (1994), Francois Shapira Strings Comp. (1996), Israeli Radio Young Artists String Comp. (1997). 2002 gewann er zwei Sonderpreise beim Grand Prix Emanuel Feuermann in Berlin für die beste Interpretation des Mozart Flöten-Konzertes in D-Dur. Inzwischen gibt Gavriel Lipkind selbst Cello-Meisterkurse in den USA, Israel, den Niederlanden und Deutschland.
