{"id":6552,"date":"2020-03-26T14:48:56","date_gmt":"2020-03-26T13:48:56","guid":{"rendered":"https:\/\/www.akademie-solitude.de\/person\/brigitte-doppagne\/"},"modified":"2020-08-12T17:30:07","modified_gmt":"2020-08-12T15:30:07","slug":"brigitte-doppagne","status":"publish","type":"person","link":"https:\/\/www.akademie-solitude.de\/de\/person\/brigitte-doppagne\/","title":{"rendered":"Brigitte  Doppagne"},"content":{"rendered":"","protected":false},"author":1,"featured_media":0,"template":"","meta":{"_acf_changed":false,"inline_featured_image":false},"person_type":[57],"program":[],"practice_field":[119],"year_generation":[77,78],"class_list":["post-6552","person","type-person","status-publish","hentry","person_type-stipendiatinnen","practice_field-literatur","year_generation-77","year_generation-78"],"acf":{"person_id__old":"2471","person_name":{"person_name":"Brigitte","person_middlename":"","person_surname":"Doppagne"},"person_metadata":"","person_position":[57],"person_job":"","person_txt":"Geboren 1961 in K\u00f6ln.<br \/>\n<br \/>\nStudium der Germanistik, Anglistik, Ethnologie und Japanologie (Magister), seit 1990 freie Schriftstellerin.<br \/>\n<br \/>\nAuszeichnungen und Stipendien (Auswahl): Stipendium der Barkenhoff-Stiftung, Worpswede (1990); Rolf-Dieter-Brinkmann-Stipendium der Stadt K\u00f6ln (1993); Atelierhaus-Stipendium, Worpswede (1993); F\u00f6rderpreis f\u00fcr junge K\u00fcnstler des Landes Nordrhein-Westfalen (1994); Kulturpreis f\u00fcr Literatur des Landkreises Cuxhaven (1996); Arbeitstipendium f\u00fcr Literatur des Ministerium f\u00fcr Stadtentwicklung, Kultur und Sport des Landes Nordrhein-Westfalen (1998); H\u00f6rspielf\u00f6rderung der Filmstiftung Nordrhein-Westfalen (1998\/99, 2001).<br \/>\n<br \/>\nVer\u00f6ffentlichungen (Auswahl): Clara. Eine Erz\u00e4hlung. (1993); Ottilie Reylaender. Stationen einer Malerin. Biographie. (1994); Der Nachtgast. Roman. (1998); Gleisgespr\u00e4ch. Ein H\u00f6rspiel f\u00fcr zwei Stimmen. Ko-Produktion des Saarl\u00e4ndischen und des Norddeutschen Rundfunks (1999), Von Br\u00fcgge nach Gent. Eine Reise durch Flandern (2003).","person_txt_short":"","person_img":"","person_website":"","person_links":null,"person_year":[77,78],"person_residencies":null,"person_residency_sort_stay_from":null,"person_residency_sort_stay_to":null,"person_practice_field":[119],"person_program":false,"person_locations":[{"person_city":"K\u00f6ln","person_country":"Deutschland"}],"person_country":"","related_posts_event":"","related_posts_news":"","related_posts_post":null,"related_posts_schlosspost":null,"person_fellow_juror_relation":[5549]},"_links":{"self":[{"href":"https:\/\/www.akademie-solitude.de\/de\/wp-json\/wp\/v2\/person\/6552","targetHints":{"allow":["GET"]}}],"collection":[{"href":"https:\/\/www.akademie-solitude.de\/de\/wp-json\/wp\/v2\/person"}],"about":[{"href":"https:\/\/www.akademie-solitude.de\/de\/wp-json\/wp\/v2\/types\/person"}],"author":[{"embeddable":true,"href":"https:\/\/www.akademie-solitude.de\/de\/wp-json\/wp\/v2\/users\/1"}],"acf:post":[{"embeddable":true,"href":"https:\/\/www.akademie-solitude.de\/de\/wp-json\/wp\/v2\/person\/5549"}],"acf:term":[{"embeddable":true,"taxonomy":"practice_field","href":"https:\/\/www.akademie-solitude.de\/de\/wp-json\/wp\/v2\/practice_field\/119"},{"embeddable":true,"taxonomy":"year_generation","href":"https:\/\/www.akademie-solitude.de\/de\/wp-json\/wp\/v2\/year_generation\/78"},{"embeddable":true,"taxonomy":"year_generation","href":"https:\/\/www.akademie-solitude.de\/de\/wp-json\/wp\/v2\/year_generation\/77"},{"embeddable":true,"taxonomy":"person_type","href":"https:\/\/www.akademie-solitude.de\/de\/wp-json\/wp\/v2\/person_type\/57"}],"wp:attachment":[{"href":"https:\/\/www.akademie-solitude.de\/de\/wp-json\/wp\/v2\/media?parent=6552"}],"wp:term":[{"taxonomy":"person_type","embeddable":true,"href":"https:\/\/www.akademie-solitude.de\/de\/wp-json\/wp\/v2\/person_type?post=6552"},{"taxonomy":"program","embeddable":true,"href":"https:\/\/www.akademie-solitude.de\/de\/wp-json\/wp\/v2\/program?post=6552"},{"taxonomy":"practice_field","embeddable":true,"href":"https:\/\/www.akademie-solitude.de\/de\/wp-json\/wp\/v2\/practice_field?post=6552"},{"taxonomy":"year_generation","embeddable":true,"href":"https:\/\/www.akademie-solitude.de\/de\/wp-json\/wp\/v2\/year_generation?post=6552"}],"curies":[{"name":"wp","href":"https:\/\/api.w.org\/{rel}","templated":true}]}}

Geboren 1961 in Köln.<br />
<br />
Studium der Germanistik, Anglistik, Ethnologie und Japanologie (Magister), seit 1990 freie Schriftstellerin.<br />
<br />
Auszeichnungen und Stipendien (Auswahl): Stipendium der Barkenhoff-Stiftung, Worpswede (1990); Rolf-Dieter-Brinkmann-Stipendium der Stadt Köln (1993); Atelierhaus-Stipendium, Worpswede (1993); Förderpreis für junge Künstler des Landes Nordrhein-Westfalen (1994); Kulturpreis für Literatur des Landkreises Cuxhaven (1996); Arbeitstipendium für Literatur des Ministerium für Stadtentwicklung, Kultur und Sport des Landes Nordrhein-Westfalen (1998); Hörspielförderung der Filmstiftung Nordrhein-Westfalen (1998/99, 2001).<br />
<br />
Veröffentlichungen (Auswahl): Clara. Eine Erzählung. (1993); Ottilie Reylaender. Stationen einer Malerin. Biographie. (1994); Der Nachtgast. Roman. (1998); Gleisgespräch. Ein Hörspiel für zwei Stimmen. Ko-Produktion des Saarländischen und des Norddeutschen Rundfunks (1999), Von Brügge nach Gent. Eine Reise durch Flandern (2003).

Köln
