{"id":6609,"date":"2020-03-26T14:49:02","date_gmt":"2020-03-26T13:49:02","guid":{"rendered":"https:\/\/www.akademie-solitude.de\/person\/juna-suleiman\/"},"modified":"2020-08-12T17:30:18","modified_gmt":"2020-08-12T15:30:18","slug":"juna-suleiman","status":"publish","type":"person","link":"https:\/\/www.akademie-solitude.de\/de\/person\/juna-suleiman\/","title":{"rendered":"Juna  Suleiman"},"content":{"rendered":"","protected":false},"author":1,"featured_media":0,"template":"","meta":{"_acf_changed":false,"inline_featured_image":false},"person_type":[57],"program":[],"practice_field":[121],"year_generation":[96,97,98],"class_list":["post-6609","person","type-person","status-publish","hentry","person_type-stipendiatinnen","practice_field-video-film-neue-medien","year_generation-96","year_generation-97","year_generation-98"],"acf":{"person_id__old":"2530","person_name":{"person_name":"Juna","person_middlename":"","person_surname":"Suleiman"},"person_metadata":"","person_position":[57],"person_job":"","person_txt":"<p>Geboren 1981 in Nazareth\/Israel.<br>\n<br>\nJuna Suleiman studierte Film am Department of Film and Television der Tel Aviv University. 2007 erschien ihr erster Dokumentarfilm <i>Bed and Breakfast,<\/i> produziert vom I'lam Media Center. Der Film wurde auf Festivals und bei Wettbewerben gezeigt und erhielt 2008 den ersten Preis des Doc Aviv Festivals, Tel Aviv.<br>\nJuna Suleiman arbeitete au\u00dferdem als Regieassistentin bei Spiel- und Dokumentarfilmen, war f\u00fcr Spezialeffekte und als Requisiteurin von Kurzfilmen zust\u00e4ndig und arbeitete als Produzentin und Produktionsassistentin bei verschiedenen Filmen mit. Zuletzt war sie Casting-Direktorin der beiden Spielfilme <em>The Time that Remains <\/em>von Elia Suleiman<em> <\/em>und <em>Omar<\/em> von Hani Abu-Assad. Zurzeit produziert sie den Dokumentarfilm <em>Hiam<\/em> (Arbeitstitel) bei dem sie f\u00fcr Kamera, Regie, Schnitt und Produktion verantwortlich zeichnet.<\/p>","person_txt_short":"","person_img":"","person_website":"","person_links":null,"person_year":[96,97,98],"person_residencies":[{"person_stay_from":"20130201","person_stay_to":"20130731"}],"person_residency_sort_stay_from":null,"person_residency_sort_stay_to":null,"person_practice_field":[121],"person_program":false,"person_locations":[{"person_city":"Nazareth","person_country":"Israel"}],"person_country":"","related_posts_event":[7450,7457,7463,7472,18665,18672,18678,18687],"related_posts_news":[7450,7457,7463,7472],"related_posts_post":null,"related_posts_schlosspost":null,"person_fellow_juror_relation":[5461]},"_links":{"self":[{"href":"https:\/\/www.akademie-solitude.de\/de\/wp-json\/wp\/v2\/person\/6609","targetHints":{"allow":["GET"]}}],"collection":[{"href":"https:\/\/www.akademie-solitude.de\/de\/wp-json\/wp\/v2\/person"}],"about":[{"href":"https:\/\/www.akademie-solitude.de\/de\/wp-json\/wp\/v2\/types\/person"}],"author":[{"embeddable":true,"href":"https:\/\/www.akademie-solitude.de\/de\/wp-json\/wp\/v2\/users\/1"}],"acf:post":[{"embeddable":true,"href":"https:\/\/www.akademie-solitude.de\/de\/wp-json\/wp\/v2\/person\/5461"},{"embeddable":true,"href":"https:\/\/www.akademie-solitude.de\/de\/wp-json\/wp\/v2\/event\/18687"},{"embeddable":true,"href":"https:\/\/www.akademie-solitude.de\/de\/wp-json\/wp\/v2\/event\/18678"},{"embeddable":true,"href":"https:\/\/www.akademie-solitude.de\/de\/wp-json\/wp\/v2\/event\/18672"},{"embeddable":true,"href":"https:\/\/www.akademie-solitude.de\/de\/wp-json\/wp\/v2\/event\/18665"},{"embeddable":true,"href":"https:\/\/www.akademie-solitude.de\/de\/wp-json\/wp\/v2\/event\/7472"},{"embeddable":true,"href":"https:\/\/www.akademie-solitude.de\/de\/wp-json\/wp\/v2\/event\/7463"},{"embeddable":true,"href":"https:\/\/www.akademie-solitude.de\/de\/wp-json\/wp\/v2\/event\/7457"},{"embeddable":true,"href":"https:\/\/www.akademie-solitude.de\/de\/wp-json\/wp\/v2\/event\/7450"}],"acf:term":[{"embeddable":true,"taxonomy":"practice_field","href":"https:\/\/www.akademie-solitude.de\/de\/wp-json\/wp\/v2\/practice_field\/121"},{"embeddable":true,"taxonomy":"year_generation","href":"https:\/\/www.akademie-solitude.de\/de\/wp-json\/wp\/v2\/year_generation\/98"},{"embeddable":true,"taxonomy":"year_generation","href":"https:\/\/www.akademie-solitude.de\/de\/wp-json\/wp\/v2\/year_generation\/97"},{"embeddable":true,"taxonomy":"year_generation","href":"https:\/\/www.akademie-solitude.de\/de\/wp-json\/wp\/v2\/year_generation\/96"},{"embeddable":true,"taxonomy":"person_type","href":"https:\/\/www.akademie-solitude.de\/de\/wp-json\/wp\/v2\/person_type\/57"}],"wp:attachment":[{"href":"https:\/\/www.akademie-solitude.de\/de\/wp-json\/wp\/v2\/media?parent=6609"}],"wp:term":[{"taxonomy":"person_type","embeddable":true,"href":"https:\/\/www.akademie-solitude.de\/de\/wp-json\/wp\/v2\/person_type?post=6609"},{"taxonomy":"program","embeddable":true,"href":"https:\/\/www.akademie-solitude.de\/de\/wp-json\/wp\/v2\/program?post=6609"},{"taxonomy":"practice_field","embeddable":true,"href":"https:\/\/www.akademie-solitude.de\/de\/wp-json\/wp\/v2\/practice_field?post=6609"},{"taxonomy":"year_generation","embeddable":true,"href":"https:\/\/www.akademie-solitude.de\/de\/wp-json\/wp\/v2\/year_generation?post=6609"}],"curies":[{"name":"wp","href":"https:\/\/api.w.org\/{rel}","templated":true}]}}

<p>Geboren 1981 in Nazareth/Israel.<br>
<br>
Juna Suleiman studierte Film am Department of Film and Television der Tel Aviv University. 2007 erschien ihr erster Dokumentarfilm <i>Bed and Breakfast,</i> produziert vom I'lam Media Center. Der Film wurde auf Festivals und bei Wettbewerben gezeigt und erhielt 2008 den ersten Preis des Doc Aviv Festivals, Tel Aviv.<br>
Juna Suleiman arbeitete außerdem als Regieassistentin bei Spiel- und Dokumentarfilmen, war für Spezialeffekte und als Requisiteurin von Kurzfilmen zuständig und arbeitete als Produzentin und Produktionsassistentin bei verschiedenen Filmen mit. Zuletzt war sie Casting-Direktorin der beiden Spielfilme <em>The Time that Remains </em>von Elia Suleiman<em> </em>und <em>Omar</em> von Hani Abu-Assad. Zurzeit produziert sie den Dokumentarfilm <em>Hiam</em> (Arbeitstitel) bei dem sie für Kamera, Regie, Schnitt und Produktion verantwortlich zeichnet.</p>
