{"id":6647,"date":"2020-03-26T14:49:05","date_gmt":"2020-03-26T13:49:05","guid":{"rendered":"https:\/\/www.akademie-solitude.de\/person\/vida-knezevic\/"},"modified":"2020-08-12T17:30:25","modified_gmt":"2020-08-12T15:30:25","slug":"vida-knezevic","status":"publish","type":"person","link":"https:\/\/www.akademie-solitude.de\/de\/person\/vida-knezevic\/","title":{"rendered":"Vida  Knezevic"},"content":{"rendered":"","protected":false},"author":1,"featured_media":0,"template":"","meta":{"_acf_changed":false,"inline_featured_image":false},"person_type":[57],"program":[347],"practice_field":[],"year_generation":[96,97,98],"class_list":["post-6647","person","type-person","status-publish","hentry","person_type-stipendiatinnen","program-solitude-exchange-network","year_generation-96","year_generation-97","year_generation-98"],"acf":{"person_id__old":"3479","person_name":{"person_name":"Vida","person_middlename":"","person_surname":"Knezevic"},"person_metadata":"","person_position":[57],"person_job":"","person_txt":"Geboren 1980 in Zrenjanin\/Serbien.<br \/>\n&nbsp;<br \/>\nVida Kne\u017eevi\u0107 ist freie Kuratorin und Kunsthistorikerin aus Belgrad\/Serbien. 2005 schloss sie ihr Studium am Kunsthistorischen Institut der philosophischen Fakult\u00e4t an der Universit\u00e4t Belgrad ab. 2008 beendete sie ein Masterstudium am Institut f\u00fcr Kunst und Medientheorie an der University of Arts in Belgrad und besucht zurzeit ein Promotionskolleg am gleichen Institut. Von 2006 bis 2010 arbeitete sie am Projekt <em>Gallerija Kontekst<\/em>. Von 2008 bis 2010 unterrichtete sie an der Advanced Vocational Studies School of Fine and Applied Arts in Belgrad. Sie hat sich vor allem darum bem\u00fcht, Gespr\u00e4che zu Ph\u00e4nomenen in der zeitgen\u00f6ssischen Kunst, Kultur und Gesellschaft ins Leben zu rufen.<br \/>\n&nbsp;<br \/>\nZu ihren j\u00fcngsten Projekten geh\u00f6ren unter anderem: <em>Encounters \u2013 Future of European Integrations, Political Economy and Culture: Left Critical Perspectives, <\/em>dreit\u00e4gige Konferenz, 25 \u2013 29. September 2012, Belgrad;<em> The importance of the student protests in the 1930ies in Yugoslavia, <\/em>audio-visuelle Installation im \u00f6ffentlichen Raum, Oktober 2012, Urbanfestival, Zagreb\/Kroatien; <em>Kontekst, struggle for autonomous space, <\/em>2011 \u2013 laufend; <em>From Creative Work to Creative City<\/em>, zweit\u00e4giges Seminar im Rahmen des 52. <em>October Salon, <\/em>November 2011.<br \/>\n&nbsp;<br \/>\nVida Knezevic und Marko Miletic nehmen am Austauschprogramm zwischen der Akademie Schloss Solitude und dem&nbsp;New Media Center_kuda.org in Novi Sad\/Serbien teil.<br \/>","person_txt_short":"","person_img":"","person_website":"","person_links":null,"person_year":[96,97,98],"person_residencies":[{"person_stay_from":"20121001","person_stay_to":"20121231"}],"person_residency_sort_stay_from":null,"person_residency_sort_stay_to":null,"person_practice_field":false,"person_program":[347],"person_locations":[{"person_city":"Belgrad","person_country":"Serbien"}],"person_country":"","related_posts_event":[7437,7453,7457,7462,18652,18668,18672,18677],"related_posts_news":[7437,7453,7457,7462],"related_posts_post":null,"related_posts_schlosspost":null,"person_fellow_juror_relation":""},"_links":{"self":[{"href":"https:\/\/www.akademie-solitude.de\/de\/wp-json\/wp\/v2\/person\/6647","targetHints":{"allow":["GET"]}}],"collection":[{"href":"https:\/\/www.akademie-solitude.de\/de\/wp-json\/wp\/v2\/person"}],"about":[{"href":"https:\/\/www.akademie-solitude.de\/de\/wp-json\/wp\/v2\/types\/person"}],"author":[{"embeddable":true,"href":"https:\/\/www.akademie-solitude.de\/de\/wp-json\/wp\/v2\/users\/1"}],"acf:post":[{"embeddable":true,"href":"https:\/\/www.akademie-solitude.de\/de\/wp-json\/wp\/v2\/event\/18677"},{"embeddable":true,"href":"https:\/\/www.akademie-solitude.de\/de\/wp-json\/wp\/v2\/event\/18672"},{"embeddable":true,"href":"https:\/\/www.akademie-solitude.de\/de\/wp-json\/wp\/v2\/event\/18668"},{"embeddable":true,"href":"https:\/\/www.akademie-solitude.de\/de\/wp-json\/wp\/v2\/event\/18652"},{"embeddable":true,"href":"https:\/\/www.akademie-solitude.de\/de\/wp-json\/wp\/v2\/event\/7462"},{"embeddable":true,"href":"https:\/\/www.akademie-solitude.de\/de\/wp-json\/wp\/v2\/event\/7457"},{"embeddable":true,"href":"https:\/\/www.akademie-solitude.de\/de\/wp-json\/wp\/v2\/event\/7453"},{"embeddable":true,"href":"https:\/\/www.akademie-solitude.de\/de\/wp-json\/wp\/v2\/event\/7437"}],"acf:term":[{"embeddable":true,"taxonomy":"program","href":"https:\/\/www.akademie-solitude.de\/de\/wp-json\/wp\/v2\/program\/347"},{"embeddable":true,"taxonomy":"year_generation","href":"https:\/\/www.akademie-solitude.de\/de\/wp-json\/wp\/v2\/year_generation\/98"},{"embeddable":true,"taxonomy":"year_generation","href":"https:\/\/www.akademie-solitude.de\/de\/wp-json\/wp\/v2\/year_generation\/97"},{"embeddable":true,"taxonomy":"year_generation","href":"https:\/\/www.akademie-solitude.de\/de\/wp-json\/wp\/v2\/year_generation\/96"},{"embeddable":true,"taxonomy":"person_type","href":"https:\/\/www.akademie-solitude.de\/de\/wp-json\/wp\/v2\/person_type\/57"}],"wp:attachment":[{"href":"https:\/\/www.akademie-solitude.de\/de\/wp-json\/wp\/v2\/media?parent=6647"}],"wp:term":[{"taxonomy":"person_type","embeddable":true,"href":"https:\/\/www.akademie-solitude.de\/de\/wp-json\/wp\/v2\/person_type?post=6647"},{"taxonomy":"program","embeddable":true,"href":"https:\/\/www.akademie-solitude.de\/de\/wp-json\/wp\/v2\/program?post=6647"},{"taxonomy":"practice_field","embeddable":true,"href":"https:\/\/www.akademie-solitude.de\/de\/wp-json\/wp\/v2\/practice_field?post=6647"},{"taxonomy":"year_generation","embeddable":true,"href":"https:\/\/www.akademie-solitude.de\/de\/wp-json\/wp\/v2\/year_generation?post=6647"}],"curies":[{"name":"wp","href":"https:\/\/api.w.org\/{rel}","templated":true}]}}

Geboren 1980 in Zrenjanin/Serbien.<br />
&nbsp;<br />
Vida Knežević ist freie Kuratorin und Kunsthistorikerin aus Belgrad/Serbien. 2005 schloss sie ihr Studium am Kunsthistorischen Institut der philosophischen Fakultät an der Universität Belgrad ab. 2008 beendete sie ein Masterstudium am Institut für Kunst und Medientheorie an der University of Arts in Belgrad und besucht zurzeit ein Promotionskolleg am gleichen Institut. Von 2006 bis 2010 arbeitete sie am Projekt <em>Gallerija Kontekst</em>. Von 2008 bis 2010 unterrichtete sie an der Advanced Vocational Studies School of Fine and Applied Arts in Belgrad. Sie hat sich vor allem darum bemüht, Gespräche zu Phänomenen in der zeitgenössischen Kunst, Kultur und Gesellschaft ins Leben zu rufen.<br />
&nbsp;<br />
Zu ihren jüngsten Projekten gehören unter anderem: <em>Encounters – Future of European Integrations, Political Economy and Culture: Left Critical Perspectives, </em>dreitägige Konferenz, 25 – 29. September 2012, Belgrad;<em> The importance of the student protests in the 1930ies in Yugoslavia, </em>audio-visuelle Installation im öffentlichen Raum, Oktober 2012, Urbanfestival, Zagreb/Kroatien; <em>Kontekst, struggle for autonomous space, </em>2011 – laufend; <em>From Creative Work to Creative City</em>, zweitägiges Seminar im Rahmen des 52. <em>October Salon, </em>November 2011.<br />
&nbsp;<br />
Vida Knezevic und Marko Miletic nehmen am Austauschprogramm zwischen der Akademie Schloss Solitude und dem&nbsp;New Media Center_kuda.org in Novi Sad/Serbien teil.<br />
