{"id":6653,"date":"2020-03-26T14:49:05","date_gmt":"2020-03-26T13:49:05","guid":{"rendered":"https:\/\/www.akademie-solitude.de\/person\/marlene-perronet\/"},"modified":"2020-08-12T17:30:26","modified_gmt":"2020-08-12T15:30:26","slug":"marlene-perronet","status":"publish","type":"person","link":"https:\/\/www.akademie-solitude.de\/de\/person\/marlene-perronet\/","title":{"rendered":"Marl\u00e8ne  Perronet"},"content":{"rendered":"","protected":false},"author":1,"featured_media":0,"template":"","meta":{"_acf_changed":false,"inline_featured_image":false},"person_type":[57],"program":[],"practice_field":[110],"year_generation":[96,97,98],"class_list":["post-6653","person","type-person","status-publish","hentry","person_type-stipendiatinnen","practice_field-kunstkoordination","year_generation-96","year_generation-97","year_generation-98"],"acf":{"person_id__old":"3485","person_name":{"person_name":"Marl\u00e8ne","person_middlename":"","person_surname":"Perronet"},"person_metadata":"","person_position":[57],"person_job":"","person_txt":"<p>Geboren 1978 in Toulouse\/Frankreich.<br>\n&nbsp;<br>\nMarl\u00e8ne Perronet schloss 2004 ihr Masterstudium der franz\u00f6sischen Literatur an der Universit\u00e9 Sorbonne Nouvelle \u2013 Paris 3 ab und erhielt 2009 einen DNSEP (Master of Arts) von der Ecole Nationale Sup\u00e9rieure d\u2019Art de Paris, Cergy\/Frankreich. 2009 nahm sie an der 18. Session der \u00c9cole du Magasin, Grenoble\/Frankreich teil und 2010 an den Summer Seminars for Art Curators (AICA) in Yerevan\/Armenien. Sie koordinierte die franz\u00f6sische Teilnahme an der Shiryaevo Biennale (2007\u20132009) in Shiryaevo\/Russland. 2010 initiierte und koordinierte sie <em>Action Planning<\/em>, eine Reihe von Veranstaltungen und Ausstellungen von Video-Projektionen in Frankreich und Russland. Vor kurzem trat sie dem Netzwerk und Residenzprogramm <em>fugitif<\/em> in Leipzig bei, wo sie seit 2011 mehrere Veranstaltungen kuratierte, unter anderem <em>Dein Klon<\/em>, mit Oberwelt e.V. (Sublab e.V.) und <em>To. Counter. Proof<\/em> (Stuttgarter Kunstverein e.V.). 2012 kuratierte und koordinierte sie, gemeinsam mit Juliane Beck und Bettina Lehmann, das Projekt&nbsp;<em>In Our Backyards,&nbsp;<\/em>ein Gemeinschaftsprojekt von&nbsp;United Residencies (Netzwerk von K\u00fcnstlerresidenzprogrammen in Leipzig) und der Akademie Schloss Solitude.<\/p>\n<p>Marl\u00e8ne Perronet ist von Dezember 2012 bis Dezember 2013 Stipendiatin f\u00fcr Kunstkoordination an der Akademie Schloss Solitude. Ihr Stipendium wird gef\u00f6rdert vom Institut Fran\u00e7ais, dem Minist\u00e8re des Affaires Etrang\u00e8res und dem Minist\u00e8re de la Culture et de la Communication in Frankreich.<br>\n&nbsp;<\/p>","person_txt_short":"","person_img":"","person_website":"","person_links":null,"person_year":[96,97,98],"person_residencies":[{"person_stay_from":"20121130","person_stay_to":"20131130"}],"person_residency_sort_stay_from":null,"person_residency_sort_stay_to":null,"person_practice_field":[110],"person_program":false,"person_locations":[{"person_city":"Leipzig","person_country":"Deutschland"}],"person_country":"","related_posts_event":[7432,7450,7457,7462,7481,7487,7507,18647,18665,18672,18677,18696,18702,18722],"related_posts_news":[7450,7462,7457,7481,7487,7507],"related_posts_post":null,"related_posts_schlosspost":null,"person_fellow_juror_relation":""},"_links":{"self":[{"href":"https:\/\/www.akademie-solitude.de\/de\/wp-json\/wp\/v2\/person\/6653","targetHints":{"allow":["GET"]}}],"collection":[{"href":"https:\/\/www.akademie-solitude.de\/de\/wp-json\/wp\/v2\/person"}],"about":[{"href":"https:\/\/www.akademie-solitude.de\/de\/wp-json\/wp\/v2\/types\/person"}],"author":[{"embeddable":true,"href":"https:\/\/www.akademie-solitude.de\/de\/wp-json\/wp\/v2\/users\/1"}],"acf:post":[{"embeddable":true,"href":"https:\/\/www.akademie-solitude.de\/de\/wp-json\/wp\/v2\/event\/18722"},{"embeddable":true,"href":"https:\/\/www.akademie-solitude.de\/de\/wp-json\/wp\/v2\/event\/18702"},{"embeddable":true,"href":"https:\/\/www.akademie-solitude.de\/de\/wp-json\/wp\/v2\/event\/18696"},{"embeddable":true,"href":"https:\/\/www.akademie-solitude.de\/de\/wp-json\/wp\/v2\/event\/18677"},{"embeddable":true,"href":"https:\/\/www.akademie-solitude.de\/de\/wp-json\/wp\/v2\/event\/18672"},{"embeddable":true,"href":"https:\/\/www.akademie-solitude.de\/de\/wp-json\/wp\/v2\/event\/18665"},{"embeddable":true,"href":"https:\/\/www.akademie-solitude.de\/de\/wp-json\/wp\/v2\/event\/18647"},{"embeddable":true,"href":"https:\/\/www.akademie-solitude.de\/de\/wp-json\/wp\/v2\/event\/7507"},{"embeddable":true,"href":"https:\/\/www.akademie-solitude.de\/de\/wp-json\/wp\/v2\/event\/7487"},{"embeddable":true,"href":"https:\/\/www.akademie-solitude.de\/de\/wp-json\/wp\/v2\/event\/7481"},{"embeddable":true,"href":"https:\/\/www.akademie-solitude.de\/de\/wp-json\/wp\/v2\/event\/7462"},{"embeddable":true,"href":"https:\/\/www.akademie-solitude.de\/de\/wp-json\/wp\/v2\/event\/7457"},{"embeddable":true,"href":"https:\/\/www.akademie-solitude.de\/de\/wp-json\/wp\/v2\/event\/7450"},{"embeddable":true,"href":"https:\/\/www.akademie-solitude.de\/de\/wp-json\/wp\/v2\/event\/7432"}],"acf:term":[{"embeddable":true,"taxonomy":"practice_field","href":"https:\/\/www.akademie-solitude.de\/de\/wp-json\/wp\/v2\/practice_field\/110"},{"embeddable":true,"taxonomy":"year_generation","href":"https:\/\/www.akademie-solitude.de\/de\/wp-json\/wp\/v2\/year_generation\/98"},{"embeddable":true,"taxonomy":"year_generation","href":"https:\/\/www.akademie-solitude.de\/de\/wp-json\/wp\/v2\/year_generation\/97"},{"embeddable":true,"taxonomy":"year_generation","href":"https:\/\/www.akademie-solitude.de\/de\/wp-json\/wp\/v2\/year_generation\/96"},{"embeddable":true,"taxonomy":"person_type","href":"https:\/\/www.akademie-solitude.de\/de\/wp-json\/wp\/v2\/person_type\/57"}],"wp:attachment":[{"href":"https:\/\/www.akademie-solitude.de\/de\/wp-json\/wp\/v2\/media?parent=6653"}],"wp:term":[{"taxonomy":"person_type","embeddable":true,"href":"https:\/\/www.akademie-solitude.de\/de\/wp-json\/wp\/v2\/person_type?post=6653"},{"taxonomy":"program","embeddable":true,"href":"https:\/\/www.akademie-solitude.de\/de\/wp-json\/wp\/v2\/program?post=6653"},{"taxonomy":"practice_field","embeddable":true,"href":"https:\/\/www.akademie-solitude.de\/de\/wp-json\/wp\/v2\/practice_field?post=6653"},{"taxonomy":"year_generation","embeddable":true,"href":"https:\/\/www.akademie-solitude.de\/de\/wp-json\/wp\/v2\/year_generation?post=6653"}],"curies":[{"name":"wp","href":"https:\/\/api.w.org\/{rel}","templated":true}]}}

Marlène  Perronet

Marlène

<p>Geboren 1978 in Toulouse/Frankreich.<br>
&nbsp;<br>
Marlène Perronet schloss 2004 ihr Masterstudium der französischen Literatur an der Université Sorbonne Nouvelle – Paris 3 ab und erhielt 2009 einen DNSEP (Master of Arts) von der Ecole Nationale Supérieure d’Art de Paris, Cergy/Frankreich. 2009 nahm sie an der 18. Session der École du Magasin, Grenoble/Frankreich teil und 2010 an den Summer Seminars for Art Curators (AICA) in Yerevan/Armenien. Sie koordinierte die französische Teilnahme an der Shiryaevo Biennale (2007–2009) in Shiryaevo/Russland. 2010 initiierte und koordinierte sie <em>Action Planning</em>, eine Reihe von Veranstaltungen und Ausstellungen von Video-Projektionen in Frankreich und Russland. Vor kurzem trat sie dem Netzwerk und Residenzprogramm <em>fugitif</em> in Leipzig bei, wo sie seit 2011 mehrere Veranstaltungen kuratierte, unter anderem <em>Dein Klon</em>, mit Oberwelt e.V. (Sublab e.V.) und <em>To. Counter. Proof</em> (Stuttgarter Kunstverein e.V.). 2012 kuratierte und koordinierte sie, gemeinsam mit Juliane Beck und Bettina Lehmann, das Projekt&nbsp;<em>In Our Backyards,&nbsp;</em>ein Gemeinschaftsprojekt von&nbsp;United Residencies (Netzwerk von Künstlerresidenzprogrammen in Leipzig) und der Akademie Schloss Solitude.</p>
<p>Marlène Perronet ist von Dezember 2012 bis Dezember 2013 Stipendiatin für Kunstkoordination an der Akademie Schloss Solitude. Ihr Stipendium wird gefördert vom Institut Français, dem Ministère des Affaires Etrangères und dem Ministère de la Culture et de la Communication in Frankreich.<br>
&nbsp;</p>
