{"id":6683,"date":"2020-03-26T14:49:09","date_gmt":"2020-03-26T13:49:09","guid":{"rendered":"https:\/\/www.akademie-solitude.de\/person\/nestor-garcia-diaz\/"},"modified":"2023-02-15T15:01:48","modified_gmt":"2023-02-15T14:01:48","slug":"nestor-garcia-diaz","status":"publish","type":"person","link":"https:\/\/www.akademie-solitude.de\/de\/person\/nestor-garcia-diaz\/","title":{"rendered":"N\u00e9stor Garc\u00eda D\u00edaz"},"content":{"rendered":"","protected":false},"author":1,"featured_media":0,"template":"","meta":{"_acf_changed":false,"inline_featured_image":false},"person_type":[57],"program":[346],"practice_field":[120],"year_generation":[98,99,100],"class_list":["post-6683","person","type-person","status-publish","hentry","person_type-stipendiatinnen","program-solitude-stipendium","practice_field-darstellende-kunst","year_generation-98","year_generation-99","year_generation-100"],"acf":{"person_id__old":"3515","person_name":{"person_name":"N\u00e9stor","person_middlename":"Garc\u00eda","person_surname":"D\u00edaz"},"person_metadata":"Performing Arts, Solitude fellow 2013\u20132015","person_position":[57],"person_job":"","person_txt":"<p>Geboren 1985 in Alicante\/Spanien.<\/p>\r\n<p>N\u00e9stor Garc\u00eda Diaz studierte zehn Jahre am Conservatorio Superior de Danza de Valencia\/Spanien. Anschlie\u00dfend zog er nach Barcelona\/Spanien um Theaterwissenschaft am Institut del Teatre zu studieren. Drei Jahre sp\u00e4ter trat N\u00e9stor Garc\u00eda P.A.R.T.S (Performing Arts Research and Training Studios) bei, einer Schule unter der Leitung von Anne Teresa De Keersmaeker, um seine eigenen Ideen und Projekte zu entwickeln.<\/p>\r\n<p>Infolge seiner choreografischen T\u00e4tigkeit schuf er St\u00fccke, die auf etlichen internationalen Festivals gezeigt wurden, unter anderen <em>The Secret of a Meaningful Piece <\/em>(2010), Solost\u00fcck; <em>Now and Then, Here and There<\/em> (2011), ein St\u00fcck f\u00fcr f\u00fcnf Performer; <em>G#$*&!\/Disagreement?\/How to Dance Things With Doing<\/em> (2012), ein Gemeinschaftsprojekt.<\/p>\r\n<p>N\u00e9stor Garc\u00eda D\u00edaz ist auch als Performancek\u00fcnstler aktiv und arbeitete unter anderem mit Jeremy Wade, Xavier Le Roy, M\u00e5rten Sp\u00e5nberg und Tino Sehgal zusammen. Er nahm an verschiedenen Projekten mit Choreografen und Theoretikern wie Jonathan Burrows und Juan Dom\u00ednguez teil.<\/p>","person_txt_short":"","person_img":9418,"person_website":"","person_links":null,"person_year":[98,99,100],"person_residencies":[{"person_stay_from":"20140601","person_stay_to":"20140731"},{"person_stay_from":"20150101","person_stay_to":"20150222"}],"person_residency_sort_stay_from":null,"person_residency_sort_stay_to":null,"person_practice_field":[120],"person_program":[346],"person_locations":[{"person_city":"Br\u00fcssel","person_country":"Belgien"}],"person_country":"","related_posts_event":[7537,7538,7570,7582,18752,18753,18785,18797],"related_posts_news":"","related_posts_post":"","related_posts_schlosspost":null,"person_fellow_juror_relation":[6664]},"_links":{"self":[{"href":"https:\/\/www.akademie-solitude.de\/de\/wp-json\/wp\/v2\/person\/6683","targetHints":{"allow":["GET"]}}],"collection":[{"href":"https:\/\/www.akademie-solitude.de\/de\/wp-json\/wp\/v2\/person"}],"about":[{"href":"https:\/\/www.akademie-solitude.de\/de\/wp-json\/wp\/v2\/types\/person"}],"author":[{"embeddable":true,"href":"https:\/\/www.akademie-solitude.de\/de\/wp-json\/wp\/v2\/users\/1"}],"acf:post":[{"embeddable":true,"href":"https:\/\/www.akademie-solitude.de\/de\/wp-json\/wp\/v2\/person\/6664"},{"embeddable":true,"href":"https:\/\/www.akademie-solitude.de\/de\/wp-json\/wp\/v2\/event\/18797"},{"embeddable":true,"href":"https:\/\/www.akademie-solitude.de\/de\/wp-json\/wp\/v2\/event\/18785"},{"embeddable":true,"href":"https:\/\/www.akademie-solitude.de\/de\/wp-json\/wp\/v2\/event\/18753"},{"embeddable":true,"href":"https:\/\/www.akademie-solitude.de\/de\/wp-json\/wp\/v2\/event\/18752"},{"embeddable":true,"href":"https:\/\/www.akademie-solitude.de\/de\/wp-json\/wp\/v2\/event\/7582"},{"embeddable":true,"href":"https:\/\/www.akademie-solitude.de\/de\/wp-json\/wp\/v2\/event\/7570"},{"embeddable":true,"href":"https:\/\/www.akademie-solitude.de\/de\/wp-json\/wp\/v2\/event\/7538"},{"embeddable":true,"href":"https:\/\/www.akademie-solitude.de\/de\/wp-json\/wp\/v2\/event\/7537"}],"acf:term":[{"embeddable":true,"taxonomy":"program","href":"https:\/\/www.akademie-solitude.de\/de\/wp-json\/wp\/v2\/program\/346"},{"embeddable":true,"taxonomy":"practice_field","href":"https:\/\/www.akademie-solitude.de\/de\/wp-json\/wp\/v2\/practice_field\/120"},{"embeddable":true,"taxonomy":"year_generation","href":"https:\/\/www.akademie-solitude.de\/de\/wp-json\/wp\/v2\/year_generation\/100"},{"embeddable":true,"taxonomy":"year_generation","href":"https:\/\/www.akademie-solitude.de\/de\/wp-json\/wp\/v2\/year_generation\/99"},{"embeddable":true,"taxonomy":"year_generation","href":"https:\/\/www.akademie-solitude.de\/de\/wp-json\/wp\/v2\/year_generation\/98"},{"embeddable":true,"taxonomy":"person_type","href":"https:\/\/www.akademie-solitude.de\/de\/wp-json\/wp\/v2\/person_type\/57"}],"wp:attachment":[{"href":"https:\/\/www.akademie-solitude.de\/de\/wp-json\/wp\/v2\/media?parent=6683"}],"wp:term":[{"taxonomy":"person_type","embeddable":true,"href":"https:\/\/www.akademie-solitude.de\/de\/wp-json\/wp\/v2\/person_type?post=6683"},{"taxonomy":"program","embeddable":true,"href":"https:\/\/www.akademie-solitude.de\/de\/wp-json\/wp\/v2\/program?post=6683"},{"taxonomy":"practice_field","embeddable":true,"href":"https:\/\/www.akademie-solitude.de\/de\/wp-json\/wp\/v2\/practice_field?post=6683"},{"taxonomy":"year_generation","embeddable":true,"href":"https:\/\/www.akademie-solitude.de\/de\/wp-json\/wp\/v2\/year_generation?post=6683"}],"curies":[{"name":"wp","href":"https:\/\/api.w.org\/{rel}","templated":true}]}}

Néstor García Díaz

Néstor

García

Díaz

<p>Geboren 1985 in Alicante/Spanien.</p>
<p>Néstor García Diaz studierte zehn Jahre am Conservatorio Superior de Danza de Valencia/Spanien. Anschließend zog er nach Barcelona/Spanien um Theaterwissenschaft am Institut del Teatre zu studieren. Drei Jahre später trat Néstor García P.A.R.T.S (Performing Arts Research and Training Studios) bei, einer Schule unter der Leitung von Anne Teresa De Keersmaeker, um seine eigenen Ideen und Projekte zu entwickeln.</p>
<p>Infolge seiner choreografischen Tätigkeit schuf er Stücke, die auf etlichen internationalen Festivals gezeigt wurden, unter anderen <em>The Secret of a Meaningful Piece </em>(2010), Solostück; <em>Now and Then, Here and There</em> (2011), ein Stück für fünf Performer; <em>G#$*&!/Disagreement?/How to Dance Things With Doing</em> (2012), ein Gemeinschaftsprojekt.</p>
<p>Néstor García Díaz ist auch als Performancekünstler aktiv und arbeitete unter anderem mit Jeremy Wade, Xavier Le Roy, Mårten Spånberg und Tino Sehgal zusammen. Er nahm an verschiedenen Projekten mit Choreografen und Theoretikern wie Jonathan Burrows und Juan Domínguez teil.</p>

Brüssel
