{"id":6756,"date":"2020-03-26T14:49:17","date_gmt":"2020-03-26T13:49:17","guid":{"rendered":"https:\/\/www.akademie-solitude.de\/person\/astrid-schult\/"},"modified":"2022-03-23T12:36:50","modified_gmt":"2022-03-23T11:36:50","slug":"astrid-schult","status":"publish","type":"person","link":"https:\/\/www.akademie-solitude.de\/de\/person\/astrid-schult\/","title":{"rendered":"Astrid  Schult"},"content":{"rendered":"","protected":false},"author":1,"featured_media":0,"template":"","meta":{"_acf_changed":false,"inline_featured_image":false},"person_type":[57],"program":[631],"practice_field":[],"year_generation":[100,101],"class_list":["post-6756","person","type-person","status-publish","hentry","person_type-stipendiatinnen","program-kooperationsstipendium","year_generation-100","year_generation-101"],"acf":{"person_id__old":"3594","person_name":{"person_name":"Astrid","person_middlename":"","person_surname":"Schult"},"person_metadata":"Time-based Media, Solitude fellow 2013\u20132015","person_position":[57],"person_job":"","person_txt":"Geboren 1979 in Bad Nauheim\/Deutschland.\r\n\r\nAstrid Schult studierte ab 2003 Kamera an der Filmakademie Baden-W\u00fcrttemberg. Ihr Hauptstudium ab 2005 erfolgte im Studiengang Regie\/Dokumentarfilm. 2009 erhielt sie ihr Diplom. Bereits 2006 brachte ihr Film <em>Zirkus is nich<\/em> ihr eine Einladung zur Berlinale sowie mehrere Dokumentarfilmpreise ein. Die Erstausstrahlung des 45-Min\u00fcters erfolgte im WDR in der Reihe <em>Menschen hautnah<\/em> im Fr\u00fchjahr 2007. Astrid Schults Abschlussfilm <em>Der innere Krieg<\/em> wurde im Rahmen der Hofer Filmtage 2009 uraufgef\u00fchrt. Er brachte ihr viel Beachtung durch einen Sonderpreis bei der Verleihung der Adolf-Grimme-Preise 2010. Au\u00dferdem erhielt sie das Eberhard-Fechner-F\u00f6rderstipendium der VG Bild-Kunst.\r\nAstrid Schult lebt und arbeitet als freie Regisseurin und Kamerafrau in Berlin.\r\n\r\nSie ist Stipendiatin im Rahmen einer Kooperation mit der <a href=\"http:\/\/www.mfg.de\/film\/\" data-cke-saved-href=\"http:\/\/www.mfg.de\/film\/\">MFG Filmf\u00f6rderung Baden-W\u00fcrttemberg<\/a>.","person_txt_short":"Astrid Schult is a renown author and director of documentary films. She graduated in 2009 at the Filmakademie Baden-W\u00fcrttemberg and received numerous awards at national and international film festivals. She was Solitude fellow in cooperation with MFG Filmf\u00f6rderung Baden-W\u00fcrttemberg.\r\n<div class=\"ig-fb-plugin\"><\/div>","person_img":9026,"person_website":"","person_links":null,"person_year":[100,101],"person_residencies":[{"person_stay_from":"20150101","person_stay_to":"20150331"},{"person_stay_from":"20160111","person_stay_to":"20160113"}],"person_residency_sort_stay_from":null,"person_residency_sort_stay_to":null,"person_practice_field":false,"person_program":[631],"person_locations":[{"person_city":"Berlin","person_country":"Deutschland"}],"person_country":"","related_posts_event":[7638,18852],"related_posts_news":"","related_posts_post":[15346],"related_posts_schlosspost":null,"person_fellow_juror_relation":""},"_links":{"self":[{"href":"https:\/\/www.akademie-solitude.de\/de\/wp-json\/wp\/v2\/person\/6756","targetHints":{"allow":["GET"]}}],"collection":[{"href":"https:\/\/www.akademie-solitude.de\/de\/wp-json\/wp\/v2\/person"}],"about":[{"href":"https:\/\/www.akademie-solitude.de\/de\/wp-json\/wp\/v2\/types\/person"}],"author":[{"embeddable":true,"href":"https:\/\/www.akademie-solitude.de\/de\/wp-json\/wp\/v2\/users\/1"}],"acf:post":[{"embeddable":true,"href":"https:\/\/www.akademie-solitude.de\/de\/wp-json\/wp\/v2\/posts\/15346"},{"embeddable":true,"href":"https:\/\/www.akademie-solitude.de\/de\/wp-json\/wp\/v2\/event\/18852"},{"embeddable":true,"href":"https:\/\/www.akademie-solitude.de\/de\/wp-json\/wp\/v2\/event\/7638"}],"acf:term":[{"embeddable":true,"taxonomy":"program","href":"https:\/\/www.akademie-solitude.de\/de\/wp-json\/wp\/v2\/program\/631"},{"embeddable":true,"taxonomy":"year_generation","href":"https:\/\/www.akademie-solitude.de\/de\/wp-json\/wp\/v2\/year_generation\/101"},{"embeddable":true,"taxonomy":"year_generation","href":"https:\/\/www.akademie-solitude.de\/de\/wp-json\/wp\/v2\/year_generation\/100"},{"embeddable":true,"taxonomy":"person_type","href":"https:\/\/www.akademie-solitude.de\/de\/wp-json\/wp\/v2\/person_type\/57"}],"wp:attachment":[{"href":"https:\/\/www.akademie-solitude.de\/de\/wp-json\/wp\/v2\/media?parent=6756"}],"wp:term":[{"taxonomy":"person_type","embeddable":true,"href":"https:\/\/www.akademie-solitude.de\/de\/wp-json\/wp\/v2\/person_type?post=6756"},{"taxonomy":"program","embeddable":true,"href":"https:\/\/www.akademie-solitude.de\/de\/wp-json\/wp\/v2\/program?post=6756"},{"taxonomy":"practice_field","embeddable":true,"href":"https:\/\/www.akademie-solitude.de\/de\/wp-json\/wp\/v2\/practice_field?post=6756"},{"taxonomy":"year_generation","embeddable":true,"href":"https:\/\/www.akademie-solitude.de\/de\/wp-json\/wp\/v2\/year_generation?post=6756"}],"curies":[{"name":"wp","href":"https:\/\/api.w.org\/{rel}","templated":true}]}}

Geboren 1979 in Bad Nauheim/Deutschland.

Astrid Schult studierte ab 2003 Kamera an der Filmakademie Baden-Württemberg. Ihr Hauptstudium ab 2005 erfolgte im Studiengang Regie/Dokumentarfilm. 2009 erhielt sie ihr Diplom. Bereits 2006 brachte ihr Film <em>Zirkus is nich</em> ihr eine Einladung zur Berlinale sowie mehrere Dokumentarfilmpreise ein. Die Erstausstrahlung des 45-Minüters erfolgte im WDR in der Reihe <em>Menschen hautnah</em> im Frühjahr 2007. Astrid Schults Abschlussfilm <em>Der innere Krieg</em> wurde im Rahmen der Hofer Filmtage 2009 uraufgeführt. Er brachte ihr viel Beachtung durch einen Sonderpreis bei der Verleihung der Adolf-Grimme-Preise 2010. Außerdem erhielt sie das Eberhard-Fechner-Förderstipendium der VG Bild-Kunst.
Astrid Schult lebt und arbeitet als freie Regisseurin und Kamerafrau in Berlin.

Sie ist Stipendiatin im Rahmen einer Kooperation mit der <a href="http://www.mfg.de/film/" data-cke-saved-href="http://www.mfg.de/film/">MFG Filmförderung Baden-Württemberg</a>.

Astrid Schult is a renown author and director of documentary films. She graduated in 2009 at the Filmakademie Baden-Württemberg and received numerous awards at national and international film festivals. She was Solitude fellow in cooperation with MFG Filmförderung Baden-Württemberg.
<div class="ig-fb-plugin"></div>
