{"id":6786,"date":"2020-03-26T14:49:19","date_gmt":"2020-03-26T13:49:19","guid":{"rendered":"https:\/\/www.akademie-solitude.de\/person\/peter-mueller\/"},"modified":"2020-08-12T17:30:53","modified_gmt":"2020-08-12T15:30:53","slug":"peter-mueller","status":"publish","type":"person","link":"https:\/\/www.akademie-solitude.de\/de\/person\/peter-mueller\/","title":{"rendered":"Peter  M\u00fcller"},"content":{"rendered":"","protected":false},"author":1,"featured_media":0,"template":"","meta":{"_acf_changed":false,"inline_featured_image":false},"person_type":[57],"program":[],"practice_field":[],"year_generation":[98,99,100],"class_list":["post-6786","person","type-person","status-publish","hentry","person_type-stipendiatinnen","year_generation-98","year_generation-99","year_generation-100"],"acf":{"person_id__old":"3625","person_name":{"person_name":"Peter","person_middlename":"","person_surname":"M\u00fcller"},"person_metadata":"Humanities, Solitude fellow 2014","person_position":[57],"person_job":"","person_txt":"<p>Geboren 1976 in R\u00fcsselsheim.<\/p>\n\n<p>Peter M\u00fcller arbeitet momentan k\u00fcnstlerisch im Bereich Video\/Installation und sozialphilosophisch an Fragen massenmedialer \u00c4sthetik und der gesellschaftlichen Materialit\u00e4t des Audiovisuellen.<\/p>\n\n<p>Er studierte Visuelle Kommunikation mit dem Schwerpunkt Freie Gestaltung an der Hochschule f\u00fcr Gestaltung Offenbach am Main und Bildende Kunst an der Universit\u00e4t Kapstadt in S\u00fcdafrika.<\/p>\n\n<p>Peter M\u00fcller war Visiting Scholar am Comparative Media Studies Program des Massachusetts Institute of Technology, Cambridge, MA\/USA und Researcher im Fine Art Department der<br>\nJan van Eyck Academie in Maastricht\/Niederlande. Peter M\u00fcller erhielt Reisestipendien vom Deutschen Akademischen Austauschdienst (S\u00fcdafrika\/Nordamerika) und der Hessischen Kulturstiftung (Japan und Irland).<\/p>\n\n<p>Zurzeit erstellt er innerhalb des DFG-Graduiertenkollegs \u00bbSichtbarkeit und Sichtbarmachung\u00ab, mit Sitz an der Universit\u00e4t Potsdam, eine wissenschaftlich-k\u00fcnstlerische Promotion \u00fcber das Bildformat 16:9 als ein \u00e4sthetisches Regime.<\/p>","person_txt_short":"Peter M\u00fcller works in the field of video\/installation and in a social philosophy perspective on aesthetics of formats. He is currently the artistic-scientific associate at the postgraduate\u00a0doctoral program \u00bbAesthetics of the Virtual\u00ab of the University of Fine Arts (HfbK) Hamburg.","person_img":"","person_website":"","person_links":null,"person_year":[98,99,100],"person_residencies":[{"person_stay_from":"20140101","person_stay_to":"20140430"}],"person_residency_sort_stay_from":null,"person_residency_sort_stay_to":null,"person_practice_field":false,"person_program":false,"person_locations":[{"person_city":"","person_country":"Deutschland"}],"person_country":"","related_posts_event":[7500,7519,18715,18734],"related_posts_news":[7500,7519],"related_posts_post":null,"related_posts_schlosspost":null,"person_fellow_juror_relation":""},"_links":{"self":[{"href":"https:\/\/www.akademie-solitude.de\/de\/wp-json\/wp\/v2\/person\/6786","targetHints":{"allow":["GET"]}}],"collection":[{"href":"https:\/\/www.akademie-solitude.de\/de\/wp-json\/wp\/v2\/person"}],"about":[{"href":"https:\/\/www.akademie-solitude.de\/de\/wp-json\/wp\/v2\/types\/person"}],"author":[{"embeddable":true,"href":"https:\/\/www.akademie-solitude.de\/de\/wp-json\/wp\/v2\/users\/1"}],"acf:post":[{"embeddable":true,"href":"https:\/\/www.akademie-solitude.de\/de\/wp-json\/wp\/v2\/event\/18734"},{"embeddable":true,"href":"https:\/\/www.akademie-solitude.de\/de\/wp-json\/wp\/v2\/event\/18715"},{"embeddable":true,"href":"https:\/\/www.akademie-solitude.de\/de\/wp-json\/wp\/v2\/event\/7519"},{"embeddable":true,"href":"https:\/\/www.akademie-solitude.de\/de\/wp-json\/wp\/v2\/event\/7500"}],"acf:term":[{"embeddable":true,"taxonomy":"year_generation","href":"https:\/\/www.akademie-solitude.de\/de\/wp-json\/wp\/v2\/year_generation\/100"},{"embeddable":true,"taxonomy":"year_generation","href":"https:\/\/www.akademie-solitude.de\/de\/wp-json\/wp\/v2\/year_generation\/99"},{"embeddable":true,"taxonomy":"year_generation","href":"https:\/\/www.akademie-solitude.de\/de\/wp-json\/wp\/v2\/year_generation\/98"},{"embeddable":true,"taxonomy":"person_type","href":"https:\/\/www.akademie-solitude.de\/de\/wp-json\/wp\/v2\/person_type\/57"}],"wp:attachment":[{"href":"https:\/\/www.akademie-solitude.de\/de\/wp-json\/wp\/v2\/media?parent=6786"}],"wp:term":[{"taxonomy":"person_type","embeddable":true,"href":"https:\/\/www.akademie-solitude.de\/de\/wp-json\/wp\/v2\/person_type?post=6786"},{"taxonomy":"program","embeddable":true,"href":"https:\/\/www.akademie-solitude.de\/de\/wp-json\/wp\/v2\/program?post=6786"},{"taxonomy":"practice_field","embeddable":true,"href":"https:\/\/www.akademie-solitude.de\/de\/wp-json\/wp\/v2\/practice_field?post=6786"},{"taxonomy":"year_generation","embeddable":true,"href":"https:\/\/www.akademie-solitude.de\/de\/wp-json\/wp\/v2\/year_generation?post=6786"}],"curies":[{"name":"wp","href":"https:\/\/api.w.org\/{rel}","templated":true}]}}

Peter  Müller

Müller

<p>Geboren 1976 in Rüsselsheim.</p>

<p>Peter Müller arbeitet momentan künstlerisch im Bereich Video/Installation und sozialphilosophisch an Fragen massenmedialer Ästhetik und der gesellschaftlichen Materialität des Audiovisuellen.</p>

<p>Er studierte Visuelle Kommunikation mit dem Schwerpunkt Freie Gestaltung an der Hochschule für Gestaltung Offenbach am Main und Bildende Kunst an der Universität Kapstadt in Südafrika.</p>

<p>Peter Müller war Visiting Scholar am Comparative Media Studies Program des Massachusetts Institute of Technology, Cambridge, MA/USA und Researcher im Fine Art Department der<br>
Jan van Eyck Academie in Maastricht/Niederlande. Peter Müller erhielt Reisestipendien vom Deutschen Akademischen Austauschdienst (Südafrika/Nordamerika) und der Hessischen Kulturstiftung (Japan und Irland).</p>

<p>Zurzeit erstellt er innerhalb des DFG-Graduiertenkollegs »Sichtbarkeit und Sichtbarmachung«, mit Sitz an der Universität Potsdam, eine wissenschaftlich-künstlerische Promotion über das Bildformat 16:9 als ein ästhetisches Regime.</p>

Peter Müller works in the field of video/installation and in a social philosophy perspective on aesthetics of formats. He is currently the artistic-scientific associate at the postgraduate doctoral program »Aesthetics of the Virtual« of the University of Fine Arts (HfbK) Hamburg.
