{"id":6787,"date":"2020-03-26T14:49:19","date_gmt":"2020-03-26T13:49:19","guid":{"rendered":"https:\/\/www.akademie-solitude.de\/person\/denis-gruenemeier\/"},"modified":"2024-06-26T17:23:19","modified_gmt":"2024-06-26T15:23:19","slug":"denis-gruenemeier","status":"publish","type":"person","link":"https:\/\/www.akademie-solitude.de\/de\/person\/denis-gruenemeier\/","title":{"rendered":"Denis  Gr\u00fcnemeier"},"content":{"rendered":"","protected":false},"author":1,"featured_media":0,"template":"","meta":{"_acf_changed":false,"inline_featured_image":false},"person_type":[57],"program":[],"practice_field":[],"year_generation":[98,99,100],"class_list":["post-6787","person","type-person","status-publish","hentry","person_type-stipendiatinnen","year_generation-98","year_generation-99","year_generation-100"],"acf":{"person_id__old":"3626","person_name":{"person_name":"Denis","person_middlename":"","person_surname":"Gr\u00fcnemeier"},"person_metadata":"","person_position":[57],"person_job":"","person_txt":"Denis Gr\u00fcnemeier studierte Kunstgeschichte und Kulturwissenschaften an der Humboldt-Universit\u00e4t zu Berlin sowie an der Staatlichen Universit\u00e4t f\u00fcr Sozial- und Geisteswissenschaften in Moskau\/Russland. Er promoviert zurzeit \u00fcber Licht und Lichtgestaltung im Film und arbeitet als Kunstkritiker und Kurator.\r\n\r\nDenis Gr\u00fcnemeier schrieb zahlreiche Artikel f\u00fcr <em>Monopol<\/em>, <em>Artnet<\/em> sowie die <em>Moskauer Deutsche Zeitung<\/em>, publizierte Beitr\u00e4ge in Sammelb\u00e4nden und Ausstellungskatalogen. Von 2011 bis 2013 war er wissenschaftlicher Volont\u00e4r am J\u00fcdischen Museum Berlin (JMB) und geh\u00f6rte zum Kuratorenteam der Ausstellung <a href=\"http:\/\/www.jmberlin.de\/heimatkunde\/ausstellung\/ausstellungsinfo.php\"><em>Heimatkunde. 30 K\u00fcnstler blicken auf Deutschland<\/em><\/a>. Anschlie\u00dfend kuratierte er die Ausstellung <a href=\"http:\/\/www.jmberlin.de\/fritta\/de\/index.php\"><em>Bed\u0159ich Fritta. Zeichnungen aus dem Ghetto Theresienstadt<\/em><\/a>, die vom 17. Mai bis 29. September 2013 am JMB gezeigt wurde.\r\n\r\nDenis Gr\u00fcnemeier ist Stipendiat im Rahmen der Kooperation mit dem <a href=\"http:\/\/www.kulturtechnik.hu-berlin.de\/\">Hermann von Helmholtz-Zentrum f\u00fcr Kulturtechnik<\/a> der Humboldt-Universit\u00e4t zu Berlin.","person_txt_short":"","person_img":"","person_website":"","person_links":null,"person_year":[98,99,100],"person_residencies":[{"person_stay_from":"20131001","person_stay_to":"20131231"}],"person_residency_sort_stay_from":null,"person_residency_sort_stay_to":null,"person_practice_field":false,"person_program":false,"person_locations":[{"person_city":"Berlin","person_country":"Deutschland"}],"person_country":"","related_posts_event":[7533,18748],"related_posts_news":"","related_posts_post":"","related_posts_schlosspost":null,"person_fellow_juror_relation":""},"_links":{"self":[{"href":"https:\/\/www.akademie-solitude.de\/de\/wp-json\/wp\/v2\/person\/6787","targetHints":{"allow":["GET"]}}],"collection":[{"href":"https:\/\/www.akademie-solitude.de\/de\/wp-json\/wp\/v2\/person"}],"about":[{"href":"https:\/\/www.akademie-solitude.de\/de\/wp-json\/wp\/v2\/types\/person"}],"author":[{"embeddable":true,"href":"https:\/\/www.akademie-solitude.de\/de\/wp-json\/wp\/v2\/users\/1"}],"acf:post":[{"embeddable":true,"href":"https:\/\/www.akademie-solitude.de\/de\/wp-json\/wp\/v2\/event\/18748"},{"embeddable":true,"href":"https:\/\/www.akademie-solitude.de\/de\/wp-json\/wp\/v2\/event\/7533"}],"acf:term":[{"embeddable":true,"taxonomy":"year_generation","href":"https:\/\/www.akademie-solitude.de\/de\/wp-json\/wp\/v2\/year_generation\/100"},{"embeddable":true,"taxonomy":"year_generation","href":"https:\/\/www.akademie-solitude.de\/de\/wp-json\/wp\/v2\/year_generation\/99"},{"embeddable":true,"taxonomy":"year_generation","href":"https:\/\/www.akademie-solitude.de\/de\/wp-json\/wp\/v2\/year_generation\/98"},{"embeddable":true,"taxonomy":"person_type","href":"https:\/\/www.akademie-solitude.de\/de\/wp-json\/wp\/v2\/person_type\/57"}],"wp:attachment":[{"href":"https:\/\/www.akademie-solitude.de\/de\/wp-json\/wp\/v2\/media?parent=6787"}],"wp:term":[{"taxonomy":"person_type","embeddable":true,"href":"https:\/\/www.akademie-solitude.de\/de\/wp-json\/wp\/v2\/person_type?post=6787"},{"taxonomy":"program","embeddable":true,"href":"https:\/\/www.akademie-solitude.de\/de\/wp-json\/wp\/v2\/program?post=6787"},{"taxonomy":"practice_field","embeddable":true,"href":"https:\/\/www.akademie-solitude.de\/de\/wp-json\/wp\/v2\/practice_field?post=6787"},{"taxonomy":"year_generation","embeddable":true,"href":"https:\/\/www.akademie-solitude.de\/de\/wp-json\/wp\/v2\/year_generation?post=6787"}],"curies":[{"name":"wp","href":"https:\/\/api.w.org\/{rel}","templated":true}]}}

Denis  Grünemeier

Grünemeier

Denis Grünemeier studierte Kunstgeschichte und Kulturwissenschaften an der Humboldt-Universität zu Berlin sowie an der Staatlichen Universität für Sozial- und Geisteswissenschaften in Moskau/Russland. Er promoviert zurzeit über Licht und Lichtgestaltung im Film und arbeitet als Kunstkritiker und Kurator.

Denis Grünemeier schrieb zahlreiche Artikel für <em>Monopol</em>, <em>Artnet</em> sowie die <em>Moskauer Deutsche Zeitung</em>, publizierte Beiträge in Sammelbänden und Ausstellungskatalogen. Von 2011 bis 2013 war er wissenschaftlicher Volontär am Jüdischen Museum Berlin (JMB) und gehörte zum Kuratorenteam der Ausstellung <a href="http://www.jmberlin.de/heimatkunde/ausstellung/ausstellungsinfo.php"><em>Heimatkunde. 30 Künstler blicken auf Deutschland</em></a>. Anschließend kuratierte er die Ausstellung <a href="http://www.jmberlin.de/fritta/de/index.php"><em>Bedřich Fritta. Zeichnungen aus dem Ghetto Theresienstadt</em></a>, die vom 17. Mai bis 29. September 2013 am JMB gezeigt wurde.

Denis Grünemeier ist Stipendiat im Rahmen der Kooperation mit dem <a href="http://www.kulturtechnik.hu-berlin.de/">Hermann von Helmholtz-Zentrum für Kulturtechnik</a> der Humboldt-Universität zu Berlin.
