{"id":6892,"date":"2020-03-26T14:49:29","date_gmt":"2020-03-26T13:49:29","guid":{"rendered":"https:\/\/www.akademie-solitude.de\/person\/catherine-lamb\/"},"modified":"2020-08-12T17:31:11","modified_gmt":"2020-08-12T15:31:11","slug":"catherine-lamb","status":"publish","type":"person","link":"https:\/\/www.akademie-solitude.de\/de\/person\/catherine-lamb\/","title":{"rendered":"Catherine  Lamb"},"content":{"rendered":"","protected":false},"author":1,"featured_media":0,"template":"","meta":{"_acf_changed":false,"inline_featured_image":false},"person_type":[57],"program":[],"practice_field":[122],"year_generation":[100,101,102],"class_list":["post-6892","person","type-person","status-publish","hentry","person_type-stipendiatinnen","practice_field-musik-klang","year_generation-100","year_generation-101","year_generation-102"],"acf":{"person_id__old":"3736","person_name":{"person_name":"Catherine","person_middlename":"","person_surname":"Lamb"},"person_metadata":"","person_position":[57],"person_job":"","person_txt":"<p>Geboren 1982 in Olympia, WA\/USA.<\/p><p>Catherine Lamb besch\u00e4ftigt sich in ihren Arbeiten mit dem Zusammenspiel von Ton und Schatten. Fr\u00fcher Unterricht in klassischer Musik f\u00fchrte sie 2003 zum Studium der Hindustani-Musik in Pune\/Indien. Ihren Bachelor schloss sie bei James Tenney und Michael Pisaro am California Institute of Arts, Valencia, CA\/USA 2006 ab. Im Anschluss wurde sie vom experimentellen Filmemacher und Dhrupad Musiker Mani Kaul bis zu seinem Tod in 2011 betreut. 2012 erhielt sie ihren Masterabschluss in Musik\/Klang vom Bard College, Annandale-on-Hudson, NY\/USA.<\/p><p>Im Anschluss tourte sie mit ihrem St\u00fcck <em>Shade\/Gradient<\/em> und erhielt den Henry Cowell Research Fellowship um mit Eliane Radigue in Paris\/Frankreich zu abeiten. 2013 zog sie nach Berlin\/Deutschland, wo sie f\u00fcr Konzert Minimal, Ensemble Dedalus und andere schrieb. Ihr erstes St\u00fcck f\u00fcr Orchestor Portions <em>Transparent\/Opaque<\/em> wurde 2014 vom BBC Scottish Symphony Orchestra auf dem Tectonic Festival Glasgow, Schottland uraufgef\u00fchrt. Artikel und Werke wurden bereits in <em>KunstMusik<\/em>, <em>Open Space Magazine<\/em>, QO2, NEOS, another timbre, winds measure recordings und Sacred Realism ver\u00f6ffentlicht.<\/p><p>K\u00fcrzlich wurde sie als Staubach Fellow f\u00fcr die Internationalen Ferienkurse f\u00fcr Neue Musik, Darmstadt\/Deutschland in 2016 ausgew\u00e4hlt. Zudem erhielt sie f\u00fcr ihr St\u00fcck <em>Dilations<\/em>, das beim Other Minds Festival, San Francisco, CA\/USA uraufgef\u00fchrt wurde, Stipendien der W. A. Gerbode Foundation und der W. & F. Hewlett Foundation.<\/p>","person_txt_short":"","person_img":"","person_website":"<p><a data-cke-saved-href=\"http:\/\/sacredrealism.org\/catlamb\" href=\"http:\/\/sacredrealism.org\/catlamb\">http:\/\/sacredrealism.org\/catlamb<\/a><\/p>","person_links":null,"person_year":[100,101,102],"person_residencies":[{"person_stay_from":"20161001","person_stay_to":"20170531"}],"person_residency_sort_stay_from":null,"person_residency_sort_stay_to":null,"person_practice_field":[122],"person_program":false,"person_locations":[{"person_city":"Berlin","person_country":"Deutschland"}],"person_country":"","related_posts_event":[7764,7615,18829],"related_posts_news":[7615,7764,19364,26757],"related_posts_post":null,"related_posts_schlosspost":null,"person_fellow_juror_relation":[6833]},"_links":{"self":[{"href":"https:\/\/www.akademie-solitude.de\/de\/wp-json\/wp\/v2\/person\/6892","targetHints":{"allow":["GET"]}}],"collection":[{"href":"https:\/\/www.akademie-solitude.de\/de\/wp-json\/wp\/v2\/person"}],"about":[{"href":"https:\/\/www.akademie-solitude.de\/de\/wp-json\/wp\/v2\/types\/person"}],"author":[{"embeddable":true,"href":"https:\/\/www.akademie-solitude.de\/de\/wp-json\/wp\/v2\/users\/1"}],"acf:post":[{"embeddable":true,"href":"https:\/\/www.akademie-solitude.de\/de\/wp-json\/wp\/v2\/person\/6833"},{"embeddable":true,"href":"https:\/\/www.akademie-solitude.de\/de\/wp-json\/wp\/v2\/news\/26757"},{"embeddable":true,"href":"https:\/\/www.akademie-solitude.de\/de\/wp-json\/wp\/v2\/news\/19364"},{"embeddable":true,"href":"https:\/\/www.akademie-solitude.de\/de\/wp-json\/wp\/v2\/event\/18829"},{"embeddable":true,"href":"https:\/\/www.akademie-solitude.de\/de\/wp-json\/wp\/v2\/event\/7615"},{"embeddable":true,"href":"https:\/\/www.akademie-solitude.de\/de\/wp-json\/wp\/v2\/news\/7764"}],"acf:term":[{"embeddable":true,"taxonomy":"practice_field","href":"https:\/\/www.akademie-solitude.de\/de\/wp-json\/wp\/v2\/practice_field\/122"},{"embeddable":true,"taxonomy":"year_generation","href":"https:\/\/www.akademie-solitude.de\/de\/wp-json\/wp\/v2\/year_generation\/102"},{"embeddable":true,"taxonomy":"year_generation","href":"https:\/\/www.akademie-solitude.de\/de\/wp-json\/wp\/v2\/year_generation\/101"},{"embeddable":true,"taxonomy":"year_generation","href":"https:\/\/www.akademie-solitude.de\/de\/wp-json\/wp\/v2\/year_generation\/100"},{"embeddable":true,"taxonomy":"person_type","href":"https:\/\/www.akademie-solitude.de\/de\/wp-json\/wp\/v2\/person_type\/57"}],"wp:attachment":[{"href":"https:\/\/www.akademie-solitude.de\/de\/wp-json\/wp\/v2\/media?parent=6892"}],"wp:term":[{"taxonomy":"person_type","embeddable":true,"href":"https:\/\/www.akademie-solitude.de\/de\/wp-json\/wp\/v2\/person_type?post=6892"},{"taxonomy":"program","embeddable":true,"href":"https:\/\/www.akademie-solitude.de\/de\/wp-json\/wp\/v2\/program?post=6892"},{"taxonomy":"practice_field","embeddable":true,"href":"https:\/\/www.akademie-solitude.de\/de\/wp-json\/wp\/v2\/practice_field?post=6892"},{"taxonomy":"year_generation","embeddable":true,"href":"https:\/\/www.akademie-solitude.de\/de\/wp-json\/wp\/v2\/year_generation?post=6892"}],"curies":[{"name":"wp","href":"https:\/\/api.w.org\/{rel}","templated":true}]}}

<p>Geboren 1982 in Olympia, WA/USA.</p><p>Catherine Lamb beschäftigt sich in ihren Arbeiten mit dem Zusammenspiel von Ton und Schatten. Früher Unterricht in klassischer Musik führte sie 2003 zum Studium der Hindustani-Musik in Pune/Indien. Ihren Bachelor schloss sie bei James Tenney und Michael Pisaro am California Institute of Arts, Valencia, CA/USA 2006 ab. Im Anschluss wurde sie vom experimentellen Filmemacher und Dhrupad Musiker Mani Kaul bis zu seinem Tod in 2011 betreut. 2012 erhielt sie ihren Masterabschluss in Musik/Klang vom Bard College, Annandale-on-Hudson, NY/USA.</p><p>Im Anschluss tourte sie mit ihrem Stück <em>Shade/Gradient</em> und erhielt den Henry Cowell Research Fellowship um mit Eliane Radigue in Paris/Frankreich zu abeiten. 2013 zog sie nach Berlin/Deutschland, wo sie für Konzert Minimal, Ensemble Dedalus und andere schrieb. Ihr erstes Stück für Orchestor Portions <em>Transparent/Opaque</em> wurde 2014 vom BBC Scottish Symphony Orchestra auf dem Tectonic Festival Glasgow, Schottland uraufgeführt. Artikel und Werke wurden bereits in <em>KunstMusik</em>, <em>Open Space Magazine</em>, QO2, NEOS, another timbre, winds measure recordings und Sacred Realism veröffentlicht.</p><p>Kürzlich wurde sie als Staubach Fellow für die Internationalen Ferienkurse für Neue Musik, Darmstadt/Deutschland in 2016 ausgewählt. Zudem erhielt sie für ihr Stück <em>Dilations</em>, das beim Other Minds Festival, San Francisco, CA/USA uraufgeführt wurde, Stipendien der W. A. Gerbode Foundation und der W. & F. Hewlett Foundation.</p>
