{"id":6915,"date":"2020-03-26T14:49:31","date_gmt":"2020-03-26T13:49:31","guid":{"rendered":"https:\/\/www.akademie-solitude.de\/person\/malgorzata-kuciewicz\/"},"modified":"2020-08-12T17:31:15","modified_gmt":"2020-08-12T15:31:15","slug":"malgorzata-kuciewicz","status":"publish","type":"person","link":"https:\/\/www.akademie-solitude.de\/de\/person\/malgorzata-kuciewicz\/","title":{"rendered":"Malgorzata  Kuciewicz"},"content":{"rendered":"","protected":false},"author":1,"featured_media":0,"template":"","meta":{"_acf_changed":false,"inline_featured_image":false},"person_type":[57],"program":[347],"practice_field":[],"year_generation":[],"class_list":["post-6915","person","type-person","status-publish","hentry","person_type-stipendiatinnen","program-solitude-exchange-network"],"acf":{"person_id__old":"3767","person_name":{"person_name":"Malgorzata","person_middlename":"","person_surname":"Kuciewicz"},"person_metadata":"","person_position":[57],"person_job":"","person_txt":"<p>Geboren 1976 in Gdynia\/Polen.<\/p><p>Malgorzata Kuciewicz lebt und arbeitet in Warschau\/Polen. Sie studierte Architektur in Warschau, Montpellier\/Frankreich und Tampere\/Finnland und sammelte am Berlage Instituut in Amsterdam\/Niederlande und in EASA Workshops Erfahrungen (1995\u20132006).<\/p><p>Sie ist Mitgestalterin der Projekte <em>Lifting The Curtain. Central European Architectural Networks<\/em>, Collateral Event bei der 14th International Architecture Exhibition \u2013 La Biennale di Venezia, Italien (2014), und <em>Oskar Hansen. Open Form<\/em> am MACBA Barcelona, Spain (2015) und am Serralves Museum of Contemporary Art in Porto\/Portugal (2015).<\/p><p>Sie ist Mitbegr\u00fcnderin und Mitglied der Designgruppe Centrala und Gestalterin von verschiedenen Inneneinrichtungen, Strukturen, Ausstellungen und Projekten, die das Nachdenken \u00fcber den Stadtraum anregen. Sie arbeitet zudem in der Forschung, Popularisierung und in verschiedenen Initiativen, um das wertvolle Erbe der Architektur und des St\u00e4dtebaus zu bewahren und wiederzubeleben. Seit 2012 organisiert sie die Touren, Workshops, Publikationen, Fotoprojekte und Vortr\u00e4ge im Rahmen ihres \u00bbWarsaw Critical Tourism Project\u00ab.<\/p><p>Malgorzata Kuciewicz wurde bereits mit verschiedenen Preisen in Architektur- und St\u00e4dtebauwettbewerben ausgezeichnet.<\/p><p>Malgorzata Kuciewicz ist Stipendiatin im Rahmen des Austauschprogramms zwischen dem Zentrum f\u00fcr Zeitgen\u00f6ssische Kunst, Schloss Ujazdowski in Warschau und der Akademie Schloss Solitude, mit finanzieller Unterst\u00fctzung des Adam Mickiewicz Instituts.<\/p>","person_txt_short":"","person_img":"","person_website":"","person_links":null,"person_year":false,"person_residencies":[{"person_stay_from":"20151009","person_stay_to":"20151231"}],"person_residency_sort_stay_from":null,"person_residency_sort_stay_to":null,"person_practice_field":false,"person_program":[347],"person_locations":[{"person_city":"Warschau","person_country":"Polen"}],"person_country":"","related_posts_event":[7571,7573,18786,18788],"related_posts_news":[7571,7573],"related_posts_post":null,"related_posts_schlosspost":null,"person_fellow_juror_relation":""},"_links":{"self":[{"href":"https:\/\/www.akademie-solitude.de\/de\/wp-json\/wp\/v2\/person\/6915","targetHints":{"allow":["GET"]}}],"collection":[{"href":"https:\/\/www.akademie-solitude.de\/de\/wp-json\/wp\/v2\/person"}],"about":[{"href":"https:\/\/www.akademie-solitude.de\/de\/wp-json\/wp\/v2\/types\/person"}],"author":[{"embeddable":true,"href":"https:\/\/www.akademie-solitude.de\/de\/wp-json\/wp\/v2\/users\/1"}],"acf:post":[{"embeddable":true,"href":"https:\/\/www.akademie-solitude.de\/de\/wp-json\/wp\/v2\/event\/18788"},{"embeddable":true,"href":"https:\/\/www.akademie-solitude.de\/de\/wp-json\/wp\/v2\/event\/18786"},{"embeddable":true,"href":"https:\/\/www.akademie-solitude.de\/de\/wp-json\/wp\/v2\/event\/7573"},{"embeddable":true,"href":"https:\/\/www.akademie-solitude.de\/de\/wp-json\/wp\/v2\/event\/7571"}],"acf:term":[{"embeddable":true,"taxonomy":"program","href":"https:\/\/www.akademie-solitude.de\/de\/wp-json\/wp\/v2\/program\/347"},{"embeddable":true,"taxonomy":"person_type","href":"https:\/\/www.akademie-solitude.de\/de\/wp-json\/wp\/v2\/person_type\/57"}],"wp:attachment":[{"href":"https:\/\/www.akademie-solitude.de\/de\/wp-json\/wp\/v2\/media?parent=6915"}],"wp:term":[{"taxonomy":"person_type","embeddable":true,"href":"https:\/\/www.akademie-solitude.de\/de\/wp-json\/wp\/v2\/person_type?post=6915"},{"taxonomy":"program","embeddable":true,"href":"https:\/\/www.akademie-solitude.de\/de\/wp-json\/wp\/v2\/program?post=6915"},{"taxonomy":"practice_field","embeddable":true,"href":"https:\/\/www.akademie-solitude.de\/de\/wp-json\/wp\/v2\/practice_field?post=6915"},{"taxonomy":"year_generation","embeddable":true,"href":"https:\/\/www.akademie-solitude.de\/de\/wp-json\/wp\/v2\/year_generation?post=6915"}],"curies":[{"name":"wp","href":"https:\/\/api.w.org\/{rel}","templated":true}]}}

<p>Geboren 1976 in Gdynia/Polen.</p><p>Malgorzata Kuciewicz lebt und arbeitet in Warschau/Polen. Sie studierte Architektur in Warschau, Montpellier/Frankreich und Tampere/Finnland und sammelte am Berlage Instituut in Amsterdam/Niederlande und in EASA Workshops Erfahrungen (1995–2006).</p><p>Sie ist Mitgestalterin der Projekte <em>Lifting The Curtain. Central European Architectural Networks</em>, Collateral Event bei der 14th International Architecture Exhibition – La Biennale di Venezia, Italien (2014), und <em>Oskar Hansen. Open Form</em> am MACBA Barcelona, Spain (2015) und am Serralves Museum of Contemporary Art in Porto/Portugal (2015).</p><p>Sie ist Mitbegründerin und Mitglied der Designgruppe Centrala und Gestalterin von verschiedenen Inneneinrichtungen, Strukturen, Ausstellungen und Projekten, die das Nachdenken über den Stadtraum anregen. Sie arbeitet zudem in der Forschung, Popularisierung und in verschiedenen Initiativen, um das wertvolle Erbe der Architektur und des Städtebaus zu bewahren und wiederzubeleben. Seit 2012 organisiert sie die Touren, Workshops, Publikationen, Fotoprojekte und Vorträge im Rahmen ihres »Warsaw Critical Tourism Project«.</p><p>Malgorzata Kuciewicz wurde bereits mit verschiedenen Preisen in Architektur- und Städtebauwettbewerben ausgezeichnet.</p><p>Malgorzata Kuciewicz ist Stipendiatin im Rahmen des Austauschprogramms zwischen dem Zentrum für Zeitgenössische Kunst, Schloss Ujazdowski in Warschau und der Akademie Schloss Solitude, mit finanzieller Unterstützung des Adam Mickiewicz Instituts.</p>
