{"id":6928,"date":"2020-03-26T14:49:35","date_gmt":"2020-03-26T13:49:35","guid":{"rendered":"https:\/\/www.akademie-solitude.de\/person\/judith-engel\/"},"modified":"2020-08-12T17:31:17","modified_gmt":"2020-08-12T15:31:17","slug":"judith-engel","status":"publish","type":"person","link":"https:\/\/www.akademie-solitude.de\/de\/person\/judith-engel\/","title":{"rendered":"Judith  Engel"},"content":{"rendered":"","protected":false},"author":1,"featured_media":0,"template":"","meta":{"_acf_changed":false,"inline_featured_image":false},"person_type":[57],"program":[],"practice_field":[],"year_generation":[101],"class_list":["post-6928","person","type-person","status-publish","hentry","person_type-stipendiatinnen","year_generation-101"],"acf":{"person_id__old":"3780","person_name":{"person_name":"Judith","person_middlename":"","person_surname":"Engel"},"person_metadata":"Former Coordinator Digital Solitude program & editor of Schlosspost","person_position":[57],"person_job":"","person_txt":"<p><span>Geboren 1987 in Konstanz\/Deutschland. <\/span><\/p><p><span>Judith Engel hat Kunsterziehung und Anglistik in Stuttgart\/Deutschland studiert. Neben der Realisation eigener k\u00fcnstlerischer Projekte schreibt sie seit 2013 regelm\u00e4\u00dfig f\u00fcr <em>Theater heute, taz, Stuttgarter Nachrichten<\/em> und kulturkritische Blogs \u00fcber Theater und Performance. <\/span><br><\/p><p><span>Im Juli 2015 hat sie das Stage@Play Symposium am Theater Rampe, Stuttgart als Gastbloggerin begleitet. <\/span><\/p><p><span>2013 war sie Stipendiatin f\u00fcr Nachwuchsjournalismus beim Festivalmagazin der Internationalen Schillertage in Mannheim\/Deutschland. 2015 war sie im Rahmen eines Stipendiums f\u00fcr jungen Kulturjournalismus f\u00fcr den Blog des Berliner Theatertreffens eingeladen sowie zum internationalen Festival PREMI\u00c8RES f\u00fcr europ\u00e4ische NachwuchsregisseurInnen in Karlsruhe\/Deutschland.<\/span><\/p>","person_txt_short":"Judith Engel studied visual arts and research in media, arts and design in Stuttgart\/Germany. Amongst the realization of own artistic projects, she regularly writes for magazines as well as for blogs critical on contemporary culture since 2013. In 2016, she was a fellow for art coordination at Akademie Schloss Solitude. Subsequently she has been the coordinator of the Digital Solitude program and editor of the digital platform Schlosspost together with Clara Herrmann from 2017 to 2019.","person_img":9276,"person_website":"","person_links":null,"person_year":[101],"person_residencies":[{"person_stay_from":"20160101","person_stay_to":"20161231"}],"person_residency_sort_stay_from":null,"person_residency_sort_stay_to":null,"person_practice_field":false,"person_program":false,"person_locations":[{"person_city":"Stuttgart","person_country":"Deutschland"}],"person_country":"","related_posts_event":[7582,7623,18797,18837],"related_posts_news":[7582,7623],"related_posts_post":[15042,15046,15059,15062,15608,15877,16099,16153,15383,15390,15379,24396,24411,15370,24713,24716,15368,25193,15366,25260,25273,15365,25295,15358,25382,25385,25410,15350,25599,15349,25656,10452,25740,15356,26431,10323,26531,26613,26657],"related_posts_schlosspost":null,"person_fellow_juror_relation":""},"_links":{"self":[{"href":"https:\/\/www.akademie-solitude.de\/de\/wp-json\/wp\/v2\/person\/6928","targetHints":{"allow":["GET"]}}],"collection":[{"href":"https:\/\/www.akademie-solitude.de\/de\/wp-json\/wp\/v2\/person"}],"about":[{"href":"https:\/\/www.akademie-solitude.de\/de\/wp-json\/wp\/v2\/types\/person"}],"author":[{"embeddable":true,"href":"https:\/\/www.akademie-solitude.de\/de\/wp-json\/wp\/v2\/users\/1"}],"acf:post":[{"embeddable":true,"href":"https:\/\/www.akademie-solitude.de\/de\/wp-json\/wp\/v2\/posts\/26613"},{"embeddable":true,"href":"https:\/\/www.akademie-solitude.de\/de\/wp-json\/wp\/v2\/posts\/10323"},{"embeddable":true,"href":"https:\/\/www.akademie-solitude.de\/de\/wp-json\/wp\/v2\/posts\/15356"},{"embeddable":true,"href":"https:\/\/www.akademie-solitude.de\/de\/wp-json\/wp\/v2\/posts\/10452"},{"embeddable":true,"href":"https:\/\/www.akademie-solitude.de\/de\/wp-json\/wp\/v2\/posts\/15349"},{"embeddable":true,"href":"https:\/\/www.akademie-solitude.de\/de\/wp-json\/wp\/v2\/posts\/15350"},{"embeddable":true,"href":"https:\/\/www.akademie-solitude.de\/de\/wp-json\/wp\/v2\/posts\/15358"},{"embeddable":true,"href":"https:\/\/www.akademie-solitude.de\/de\/wp-json\/wp\/v2\/posts\/15365"},{"embeddable":true,"href":"https:\/\/www.akademie-solitude.de\/de\/wp-json\/wp\/v2\/posts\/15366"},{"embeddable":true,"href":"https:\/\/www.akademie-solitude.de\/de\/wp-json\/wp\/v2\/posts\/15368"},{"embeddable":true,"href":"https:\/\/www.akademie-solitude.de\/de\/wp-json\/wp\/v2\/posts\/15370"},{"embeddable":true,"href":"https:\/\/www.akademie-solitude.de\/de\/wp-json\/wp\/v2\/posts\/15379"},{"embeddable":true,"href":"https:\/\/www.akademie-solitude.de\/de\/wp-json\/wp\/v2\/posts\/15390"},{"embeddable":true,"href":"https:\/\/www.akademie-solitude.de\/de\/wp-json\/wp\/v2\/posts\/15383"},{"embeddable":true,"href":"https:\/\/www.akademie-solitude.de\/de\/wp-json\/wp\/v2\/event\/18837"},{"embeddable":true,"href":"https:\/\/www.akademie-solitude.de\/de\/wp-json\/wp\/v2\/event\/18797"},{"embeddable":true,"href":"https:\/\/www.akademie-solitude.de\/de\/wp-json\/wp\/v2\/event\/7623"},{"embeddable":true,"href":"https:\/\/www.akademie-solitude.de\/de\/wp-json\/wp\/v2\/event\/7582"}],"acf:term":[{"embeddable":true,"taxonomy":"year_generation","href":"https:\/\/www.akademie-solitude.de\/de\/wp-json\/wp\/v2\/year_generation\/101"},{"embeddable":true,"taxonomy":"person_type","href":"https:\/\/www.akademie-solitude.de\/de\/wp-json\/wp\/v2\/person_type\/57"}],"wp:attachment":[{"href":"https:\/\/www.akademie-solitude.de\/de\/wp-json\/wp\/v2\/media?parent=6928"}],"wp:term":[{"taxonomy":"person_type","embeddable":true,"href":"https:\/\/www.akademie-solitude.de\/de\/wp-json\/wp\/v2\/person_type?post=6928"},{"taxonomy":"program","embeddable":true,"href":"https:\/\/www.akademie-solitude.de\/de\/wp-json\/wp\/v2\/program?post=6928"},{"taxonomy":"practice_field","embeddable":true,"href":"https:\/\/www.akademie-solitude.de\/de\/wp-json\/wp\/v2\/practice_field?post=6928"},{"taxonomy":"year_generation","embeddable":true,"href":"https:\/\/www.akademie-solitude.de\/de\/wp-json\/wp\/v2\/year_generation?post=6928"}],"curies":[{"name":"wp","href":"https:\/\/api.w.org\/{rel}","templated":true}]}}

<p><span>Geboren 1987 in Konstanz/Deutschland. </span></p><p><span>Judith Engel hat Kunsterziehung und Anglistik in Stuttgart/Deutschland studiert. Neben der Realisation eigener künstlerischer Projekte schreibt sie seit 2013 regelmäßig für <em>Theater heute, taz, Stuttgarter Nachrichten</em> und kulturkritische Blogs über Theater und Performance. </span><br></p><p><span>Im Juli 2015 hat sie das Stage@Play Symposium am Theater Rampe, Stuttgart als Gastbloggerin begleitet. </span></p><p><span>2013 war sie Stipendiatin für Nachwuchsjournalismus beim Festivalmagazin der Internationalen Schillertage in Mannheim/Deutschland. 2015 war sie im Rahmen eines Stipendiums für jungen Kulturjournalismus für den Blog des Berliner Theatertreffens eingeladen sowie zum internationalen Festival PREMIÈRES für europäische NachwuchsregisseurInnen in Karlsruhe/Deutschland.</span></p>
