{"id":6934,"date":"2020-03-26T14:49:35","date_gmt":"2020-03-26T13:49:35","guid":{"rendered":"https:\/\/www.akademie-solitude.de\/person\/komi-antoine-feda\/"},"modified":"2020-08-12T17:31:18","modified_gmt":"2020-08-12T15:31:18","slug":"komi-antoine-feda","status":"publish","type":"person","link":"https:\/\/www.akademie-solitude.de\/de\/person\/komi-antoine-feda\/","title":{"rendered":"Komi Antoine Feda"},"content":{"rendered":"","protected":false},"author":1,"featured_media":0,"template":"","meta":{"_acf_changed":false,"inline_featured_image":false},"person_type":[57],"program":[408],"practice_field":[128],"year_generation":[100,101,102],"class_list":["post-6934","person","type-person","status-publish","hentry","person_type-stipendiatinnen","program-kulturjournalismus-und-digitale-medien","practice_field-kulturjournalismus","year_generation-100","year_generation-101","year_generation-102"],"acf":{"person_id__old":"3788","person_name":{"person_name":"Komi","person_middlename":"Antoine","person_surname":"Feda"},"person_metadata":"Cultural journalism, Solitude fellow 2016","person_position":[57],"person_job":"","person_txt":"<p>Geboren 1973 in Lom\u00e9\/Togo.<\/p><p>Komi Antoine Feda lebt und arbeitet in Lom\u00e9\/Togo. Er erwarb einen Bachelorabschluss in Sozialwissenschaften an der Gamal Abdel Nasser University of Conakry, Guinea. Durch sein politisches Engagement kam er zum Journalismus. W\u00e4hrend er das Aufbl\u00fchen der togolesischen Theater- und Literaturszene unterst\u00fctzte, die nach nahezu drei\u00dfig Jahren der Lethargie durch eine neue Generation von Schriftstellern belebt wurde, wandte er sich dem Kulturjournalismus zu.<\/p><p>Seit 2000 arbeitet Komi Antoine Feda f\u00fcr verschiedene elektronische und gedruckte Zeitungen und Zeitschriften in Togo und im Ausland. Seitdem hat er sich sowohl als kultureller Akteur als auch als Journalist der F\u00f6rderung von Kultur verschrieben. Er nahm an verschiedenen Fortbildungen und Workshops teil, die sich mit Theater, Festivals und Kunstworkshops in den verschiedenen Hauptkulturzentren ehemaliger franz\u00f6sischer Kolonien befassten, wie zum Beispiel Mali (Festival de Th\u00e9\u00e2tre des R\u00e9alit\u00e9s, 2008), Burkina Faso (Arts critics 2009-2010; Les R\u00e9cr\u00e9atrales, 2014) und Senegal. Er ist au\u00dferdem Generalsekret\u00e4r von <em>Filbleu<\/em> (Festival international des Lucioles), einem Festival f\u00fcr Literatur aus franz\u00f6sischsprachigen L\u00e4ndern. Dieses Jahr fand das Festival mit dem Thema \u00bbArts and science against ignorance\u00ab (Kunst und Wissenschaft gegen Ignoranz) in Lom\u00e9 statt.<\/p><p>Momentan arbeitet Komi Antoine Feda mit einer NGO zusammen. Ausgehend von den Arbeiten Robert Parks\u2019 und der Chicago School of Sociology, IL\/USA, bringen sie unter anderem Journalisten, Soziologen und Demografen zusammen, um die Vororte von Lom\u00e9 deskriptiv und analytisch zu untersuchen. Zudem ist Komi Antoine Feda ab April 2016 erneut einer der Redakteure von <em>Togocultures<\/em>, einer togolesischen Online-Kulturzeitschrift.<\/p><p>Komi Antoine Feda ist Stipendiat der Akademie Schloss Solitude im Bereich Kulturjournalismus, im Rahmen eines Sonderprogramms, das von der <a data-cke-saved-href=\"http:\/\/carl-zeiss-stiftung.de\/\" href=\"http:\/\/carl-zeiss-stiftung.de\/\">Carl-Zeiss-Stiftung<\/a> gef\u00f6rdert wird.<\/p>","person_txt_short":"Tony Feda is a Togolese independent journalist who works in social and cultural fields.\nCurrently, he is working as a journalist and social actor with an NGO. Drawing on the work of Robert Park and the Chicago School of Sociology, they are bringing together journalists, sociologists, and demographers for a descriptive and analytical work on different suburbs of Lom\u00e9. During his residency, he will proceed to launch the blog <a href=\"http:\/\/www.afrocites.wordpress.com\/\">www.afrocites.wordpress.com<\/a> which will discuss issues of poverty, education, and other cultural matters in suburbs of Lom\u00e9, the capital of Togo.\n\nHe also a a founding member of <a href=\"http:\/\/www.togocultures.com\/\">www.togocultures.com<\/a>, a culture site of Togo.","person_img":9299,"person_website":"","person_links":null,"person_year":[100,101,102],"person_residencies":[{"person_stay_from":"20160706","person_stay_to":"20161130"}],"person_residency_sort_stay_from":null,"person_residency_sort_stay_to":null,"person_practice_field":[128],"person_program":[408],"person_locations":[{"person_city":"Lom\u00e9","person_country":"Togo"}],"person_country":"","related_posts_event":"","related_posts_news":"","related_posts_post":null,"related_posts_schlosspost":null,"person_fellow_juror_relation":""},"_links":{"self":[{"href":"https:\/\/www.akademie-solitude.de\/de\/wp-json\/wp\/v2\/person\/6934","targetHints":{"allow":["GET"]}}],"collection":[{"href":"https:\/\/www.akademie-solitude.de\/de\/wp-json\/wp\/v2\/person"}],"about":[{"href":"https:\/\/www.akademie-solitude.de\/de\/wp-json\/wp\/v2\/types\/person"}],"author":[{"embeddable":true,"href":"https:\/\/www.akademie-solitude.de\/de\/wp-json\/wp\/v2\/users\/1"}],"acf:term":[{"embeddable":true,"taxonomy":"program","href":"https:\/\/www.akademie-solitude.de\/de\/wp-json\/wp\/v2\/program\/408"},{"embeddable":true,"taxonomy":"practice_field","href":"https:\/\/www.akademie-solitude.de\/de\/wp-json\/wp\/v2\/practice_field\/128"},{"embeddable":true,"taxonomy":"year_generation","href":"https:\/\/www.akademie-solitude.de\/de\/wp-json\/wp\/v2\/year_generation\/102"},{"embeddable":true,"taxonomy":"year_generation","href":"https:\/\/www.akademie-solitude.de\/de\/wp-json\/wp\/v2\/year_generation\/101"},{"embeddable":true,"taxonomy":"year_generation","href":"https:\/\/www.akademie-solitude.de\/de\/wp-json\/wp\/v2\/year_generation\/100"},{"embeddable":true,"taxonomy":"person_type","href":"https:\/\/www.akademie-solitude.de\/de\/wp-json\/wp\/v2\/person_type\/57"}],"wp:attachment":[{"href":"https:\/\/www.akademie-solitude.de\/de\/wp-json\/wp\/v2\/media?parent=6934"}],"wp:term":[{"taxonomy":"person_type","embeddable":true,"href":"https:\/\/www.akademie-solitude.de\/de\/wp-json\/wp\/v2\/person_type?post=6934"},{"taxonomy":"program","embeddable":true,"href":"https:\/\/www.akademie-solitude.de\/de\/wp-json\/wp\/v2\/program?post=6934"},{"taxonomy":"practice_field","embeddable":true,"href":"https:\/\/www.akademie-solitude.de\/de\/wp-json\/wp\/v2\/practice_field?post=6934"},{"taxonomy":"year_generation","embeddable":true,"href":"https:\/\/www.akademie-solitude.de\/de\/wp-json\/wp\/v2\/year_generation?post=6934"}],"curies":[{"name":"wp","href":"https:\/\/api.w.org\/{rel}","templated":true}]}}

<p>Geboren 1973 in Lomé/Togo.</p><p>Komi Antoine Feda lebt und arbeitet in Lomé/Togo. Er erwarb einen Bachelorabschluss in Sozialwissenschaften an der Gamal Abdel Nasser University of Conakry, Guinea. Durch sein politisches Engagement kam er zum Journalismus. Während er das Aufblühen der togolesischen Theater- und Literaturszene unterstützte, die nach nahezu dreißig Jahren der Lethargie durch eine neue Generation von Schriftstellern belebt wurde, wandte er sich dem Kulturjournalismus zu.</p><p>Seit 2000 arbeitet Komi Antoine Feda für verschiedene elektronische und gedruckte Zeitungen und Zeitschriften in Togo und im Ausland. Seitdem hat er sich sowohl als kultureller Akteur als auch als Journalist der Förderung von Kultur verschrieben. Er nahm an verschiedenen Fortbildungen und Workshops teil, die sich mit Theater, Festivals und Kunstworkshops in den verschiedenen Hauptkulturzentren ehemaliger französischer Kolonien befassten, wie zum Beispiel Mali (Festival de Théâtre des Réalités, 2008), Burkina Faso (Arts critics 2009-2010; Les Récréatrales, 2014) und Senegal. Er ist außerdem Generalsekretär von <em>Filbleu</em> (Festival international des Lucioles), einem Festival für Literatur aus französischsprachigen Ländern. Dieses Jahr fand das Festival mit dem Thema »Arts and science against ignorance« (Kunst und Wissenschaft gegen Ignoranz) in Lomé statt.</p><p>Momentan arbeitet Komi Antoine Feda mit einer NGO zusammen. Ausgehend von den Arbeiten Robert Parks’ und der Chicago School of Sociology, IL/USA, bringen sie unter anderem Journalisten, Soziologen und Demografen zusammen, um die Vororte von Lomé deskriptiv und analytisch zu untersuchen. Zudem ist Komi Antoine Feda ab April 2016 erneut einer der Redakteure von <em>Togocultures</em>, einer togolesischen Online-Kulturzeitschrift.</p><p>Komi Antoine Feda ist Stipendiat der Akademie Schloss Solitude im Bereich Kulturjournalismus, im Rahmen eines Sonderprogramms, das von der <a data-cke-saved-href="http://carl-zeiss-stiftung.de/" href="http://carl-zeiss-stiftung.de/">Carl-Zeiss-Stiftung</a> gefördert wird.</p>

Tony Feda is a Togolese independent journalist who works in social and cultural fields.
Currently, he is working as a journalist and social actor with an NGO. Drawing on the work of Robert Park and the Chicago School of Sociology, they are bringing together journalists, sociologists, and demographers for a descriptive and analytical work on different suburbs of Lomé. During his residency, he will proceed to launch the blog <a href="http://www.afrocites.wordpress.com/">www.afrocites.wordpress.com</a> which will discuss issues of poverty, education, and other cultural matters in suburbs of Lomé, the capital of Togo.

He also a a founding member of <a href="http://www.togocultures.com/">www.togocultures.com</a>, a culture site of Togo.

Lomé
