{"id":6935,"date":"2020-03-26T14:49:35","date_gmt":"2020-03-26T13:49:35","guid":{"rendered":"https:\/\/www.akademie-solitude.de\/person\/yania-suarez-calleyro\/"},"modified":"2020-08-12T17:31:18","modified_gmt":"2020-08-12T15:31:18","slug":"yania-suarez-calleyro","status":"publish","type":"person","link":"https:\/\/www.akademie-solitude.de\/de\/person\/yania-suarez-calleyro\/","title":{"rendered":"Yania  Su\u00e1rez Calleyro"},"content":{"rendered":"","protected":false},"author":1,"featured_media":0,"template":"","meta":{"_acf_changed":false,"inline_featured_image":false},"person_type":[57],"program":[408],"practice_field":[128],"year_generation":[100,101,102],"class_list":["post-6935","person","type-person","status-publish","hentry","person_type-stipendiatinnen","program-kulturjournalismus-und-digitale-medien","practice_field-kulturjournalismus","year_generation-100","year_generation-101","year_generation-102"],"acf":{"person_id__old":"3789","person_name":{"person_name":"Yania","person_middlename":"","person_surname":"Su\u00e1rez Calleyro"},"person_metadata":"Cultural journalism, Solitude fellow 2016","person_position":[57],"person_job":"","person_txt":"<p>Geboren 1975 in Havanna\/Kuba.<\/p><p>Yania Su\u00e1rez Calleyro arbeitet als Schriftstellerin und Journalistin in Havanna\/Kuba. Sie erwarb einen Abschluss in Philologie von der Universit\u00e4t von Havanna und einen Masterabschluss von der Western University in London\/Kanada (2009). Yania Su\u00e1rez Calleyro arbeitete als Literaturprofessorin und kollaborierte mit verschiedenen Zeitschriften und Zeitungen.<\/p><p>2002 ver\u00f6ffentlichte sie das national ausgezeichnete Buch <em>Usted tiene derecho a hacer silencio<\/em> sowie einige Kurzgeschichten und Aufs\u00e4tze in nationalen und internationalen Zeitschriften. 2011 nahm Liliane Hasson, die franz\u00f6sische \u00dcbersetzerin von Reinaldo Arenas, einen davon in ihren pers\u00f6nlichen Sammelband mit jungen kubanischen Schriftstellern, <em>L\u2019\u00cele errante<\/em>, auf.<\/p><p>Seit vielen Jahren studiert Yania Su\u00e1rez Calleyro die Arbeiten von Jorge Luis Borges, sowohl im Allgemeinen als auch speziell in Bezug auf Paul Val\u00e9ry. Die Interpretation von <em>Pierre Menard, autor del Quijote<\/em> (Variaciones Borges, #32) kann als ihr gr\u00f6\u00dfter Erfolg betrachtet werden.<\/p><p>Nachdem sie mit der Zensur in Kuba zu k\u00e4mpfen hatte, begann sie ihre Karriere als Journalistin bei unabh\u00e4ngigen Zeitungen wie <em>Diario de Cuba<\/em> und <em>14ymedio<\/em> aus dem kubanischen Exil und aus dem \u00bbinxile\u00ab, mit denen sie bis heute zusammenarbeitet.\u00a0<\/p><p>Yania Su\u00e1rez Calleyro ist Stipendiatin der Akademie Schloss Solitude im Bereich Kulturjournalismus, im Rahmen eines Sonderprogramms, das von der\u00a0<a data-cke-saved-href=\"http:\/\/carl-zeiss-stiftung.de\/\" href=\"http:\/\/carl-zeiss-stiftung.de\/\">Carl-Zeiss-Stiftung<\/a> gef\u00f6rdert wird.<\/p>","person_txt_short":"Yania Su\u00e1rez is a writer and a cultural journalist from La Habana. She works for independent digital journals that have emerged whilst struggling against State censorship: as it\u2019s impossible to work for a Government who owns everything and punishes \u00bbdisloyalties\u00ab. For her, to work as independent digital journalist has been the way to exercise her freedom of expression and to connect with others Cubans in hope of a parallel, free, and future Island.","person_img":9586,"person_website":"","person_links":null,"person_year":[100,101,102],"person_residencies":[{"person_stay_from":"20160708","person_stay_to":"20161130"}],"person_residency_sort_stay_from":null,"person_residency_sort_stay_to":null,"person_practice_field":[128],"person_program":[408],"person_locations":[{"person_city":"Havanna","person_country":"Kuba"}],"person_country":"","related_posts_event":"","related_posts_news":"","related_posts_post":null,"related_posts_schlosspost":null,"person_fellow_juror_relation":""},"_links":{"self":[{"href":"https:\/\/www.akademie-solitude.de\/de\/wp-json\/wp\/v2\/person\/6935","targetHints":{"allow":["GET"]}}],"collection":[{"href":"https:\/\/www.akademie-solitude.de\/de\/wp-json\/wp\/v2\/person"}],"about":[{"href":"https:\/\/www.akademie-solitude.de\/de\/wp-json\/wp\/v2\/types\/person"}],"author":[{"embeddable":true,"href":"https:\/\/www.akademie-solitude.de\/de\/wp-json\/wp\/v2\/users\/1"}],"acf:term":[{"embeddable":true,"taxonomy":"program","href":"https:\/\/www.akademie-solitude.de\/de\/wp-json\/wp\/v2\/program\/408"},{"embeddable":true,"taxonomy":"practice_field","href":"https:\/\/www.akademie-solitude.de\/de\/wp-json\/wp\/v2\/practice_field\/128"},{"embeddable":true,"taxonomy":"year_generation","href":"https:\/\/www.akademie-solitude.de\/de\/wp-json\/wp\/v2\/year_generation\/102"},{"embeddable":true,"taxonomy":"year_generation","href":"https:\/\/www.akademie-solitude.de\/de\/wp-json\/wp\/v2\/year_generation\/101"},{"embeddable":true,"taxonomy":"year_generation","href":"https:\/\/www.akademie-solitude.de\/de\/wp-json\/wp\/v2\/year_generation\/100"},{"embeddable":true,"taxonomy":"person_type","href":"https:\/\/www.akademie-solitude.de\/de\/wp-json\/wp\/v2\/person_type\/57"}],"wp:attachment":[{"href":"https:\/\/www.akademie-solitude.de\/de\/wp-json\/wp\/v2\/media?parent=6935"}],"wp:term":[{"taxonomy":"person_type","embeddable":true,"href":"https:\/\/www.akademie-solitude.de\/de\/wp-json\/wp\/v2\/person_type?post=6935"},{"taxonomy":"program","embeddable":true,"href":"https:\/\/www.akademie-solitude.de\/de\/wp-json\/wp\/v2\/program?post=6935"},{"taxonomy":"practice_field","embeddable":true,"href":"https:\/\/www.akademie-solitude.de\/de\/wp-json\/wp\/v2\/practice_field?post=6935"},{"taxonomy":"year_generation","embeddable":true,"href":"https:\/\/www.akademie-solitude.de\/de\/wp-json\/wp\/v2\/year_generation?post=6935"}],"curies":[{"name":"wp","href":"https:\/\/api.w.org\/{rel}","templated":true}]}}

Yania  Suárez Calleyro

Suárez Calleyro

<p>Geboren 1975 in Havanna/Kuba.</p><p>Yania Suárez Calleyro arbeitet als Schriftstellerin und Journalistin in Havanna/Kuba. Sie erwarb einen Abschluss in Philologie von der Universität von Havanna und einen Masterabschluss von der Western University in London/Kanada (2009). Yania Suárez Calleyro arbeitete als Literaturprofessorin und kollaborierte mit verschiedenen Zeitschriften und Zeitungen.</p><p>2002 veröffentlichte sie das national ausgezeichnete Buch <em>Usted tiene derecho a hacer silencio</em> sowie einige Kurzgeschichten und Aufsätze in nationalen und internationalen Zeitschriften. 2011 nahm Liliane Hasson, die französische Übersetzerin von Reinaldo Arenas, einen davon in ihren persönlichen Sammelband mit jungen kubanischen Schriftstellern, <em>L’Île errante</em>, auf.</p><p>Seit vielen Jahren studiert Yania Suárez Calleyro die Arbeiten von Jorge Luis Borges, sowohl im Allgemeinen als auch speziell in Bezug auf Paul Valéry. Die Interpretation von <em>Pierre Menard, autor del Quijote</em> (Variaciones Borges, #32) kann als ihr größter Erfolg betrachtet werden.</p><p>Nachdem sie mit der Zensur in Kuba zu kämpfen hatte, begann sie ihre Karriere als Journalistin bei unabhängigen Zeitungen wie <em>Diario de Cuba</em> und <em>14ymedio</em> aus dem kubanischen Exil und aus dem »inxile«, mit denen sie bis heute zusammenarbeitet. </p><p>Yania Suárez Calleyro ist Stipendiatin der Akademie Schloss Solitude im Bereich Kulturjournalismus, im Rahmen eines Sonderprogramms, das von der <a data-cke-saved-href="http://carl-zeiss-stiftung.de/" href="http://carl-zeiss-stiftung.de/">Carl-Zeiss-Stiftung</a> gefördert wird.</p>

Yania Suárez is a writer and a cultural journalist from La Habana. She works for independent digital journals that have emerged whilst struggling against State censorship: as it’s impossible to work for a Government who owns everything and punishes »disloyalties«. For her, to work as independent digital journalist has been the way to exercise her freedom of expression and to connect with others Cubans in hope of a parallel, free, and future Island.
