{"id":6959,"date":"2020-03-26T14:49:40","date_gmt":"2020-03-26T13:49:40","guid":{"rendered":"https:\/\/www.akademie-solitude.de\/person\/benjamin-weiss\/"},"modified":"2020-08-12T17:31:23","modified_gmt":"2020-08-12T15:31:23","slug":"benjamin-weiss","status":"publish","type":"person","link":"https:\/\/www.akademie-solitude.de\/de\/person\/benjamin-weiss\/","title":{"rendered":"Benjamin  Weiss"},"content":{"rendered":"","protected":false},"author":1,"featured_media":0,"template":"","meta":{"_acf_changed":false,"inline_featured_image":false},"person_type":[57],"program":[],"practice_field":[],"year_generation":[100,101,102],"class_list":["post-6959","person","type-person","status-publish","hentry","person_type-stipendiatinnen","year_generation-100","year_generation-101","year_generation-102"],"acf":{"person_id__old":"3813","person_name":{"person_name":"Benjamin","person_middlename":"","person_surname":"Weiss"},"person_metadata":"","person_position":[57],"person_job":"","person_txt":"<p>Geboren 1977 in Bonn\/Deutschland.<\/p><p>Benjamin Weiss lebt und forscht in Berlin\/Germany. Er studierte Kommunikationswissenschaften\/Phonetik in Bonn, Trondheim und Berlin. Nach seinem Universit\u00e4tsabschluss 2002 promovierte er im Rahmen eines Graduiertenkollegs der Linguistik an der Humboldt-Universit\u00e4t zu Berlin. Seine Dissertation lautet \u00bbSprechtempoabh\u00e4ngige Aussprachevariationen\u00ab. 2007 wechselte er zum Quality and Usability Lab der TU Berlin. Dort erforscht er Themen wie wahrgenommene Sprach\u00fcbertragungsqualit\u00e4t bei zeitvariierenden Kan\u00e4len (Mobil- und IP-Telefonie), multimodale Mensch-Maschine-Interaktion, MMI (vor allem Nutzergruppenunterschiede und Einflussfaktoren auf wahrgenommene Usability), sowie interpersonelle Sympathie von Stimmen und Gespr\u00e4chen. Als Visiting Fellow an den MARCS Auditory Laboratories, University of Western Sydney, Australien forschte er zu Embodied Conversational Agents im September 2008, sowie Anfang 2014 zu Wahrnehmungsdimensionen von Stimmen. Seine Forschung konzentriert sich auf die Nutzerperspektive und dementsprechend auf die Verbesserung von Systemen und Nutzerschnittstellen aufgrund von Forschungsergebnissen zur Beziehung zwischen Systemeigenschaften und User Experience, wie auch auf die Entwicklung neuer Evaluierungsmethoden.<\/p><p>Benjamin Weiss lehrt regelm\u00e4\u00dfig zu Themen der multimodalen Interaktion und des Sprachdialogs. Er organisierte die Interspeech 2015 in Dresden und die CASA 2013 in Edinburgh mit und ist Gutachter f\u00fcr zahlreiche wissenschaftliche Konferenzen und Zeitschriften zur Sprachkommunikation und MMI. Er hat mehrfach F\u00f6rdergelder eingeworben und zwei Preise f\u00fcr seine Publikationen erhalten.<\/p><p>Benjamin Weiss ist Stipendiat im Rahmen einer Kooperation mit der <a data-cke-saved-href=\"http:\/\/www.hybrid-plattform.org\/\" href=\"http:\/\/www.hybrid-plattform.org\/\">Hybrid Plattform<\/a> in Berlin.<\/p>","person_txt_short":"","person_img":"","person_website":"","person_links":null,"person_year":[100,101,102],"person_residencies":[{"person_stay_from":"20161018","person_stay_to":"20161231"}],"person_residency_sort_stay_from":null,"person_residency_sort_stay_to":null,"person_practice_field":false,"person_program":false,"person_locations":[{"person_city":"Berlin","person_country":"Deutschland"}],"person_country":"","related_posts_event":"","related_posts_news":"","related_posts_post":null,"related_posts_schlosspost":null,"person_fellow_juror_relation":""},"_links":{"self":[{"href":"https:\/\/www.akademie-solitude.de\/de\/wp-json\/wp\/v2\/person\/6959","targetHints":{"allow":["GET"]}}],"collection":[{"href":"https:\/\/www.akademie-solitude.de\/de\/wp-json\/wp\/v2\/person"}],"about":[{"href":"https:\/\/www.akademie-solitude.de\/de\/wp-json\/wp\/v2\/types\/person"}],"author":[{"embeddable":true,"href":"https:\/\/www.akademie-solitude.de\/de\/wp-json\/wp\/v2\/users\/1"}],"acf:term":[{"embeddable":true,"taxonomy":"year_generation","href":"https:\/\/www.akademie-solitude.de\/de\/wp-json\/wp\/v2\/year_generation\/102"},{"embeddable":true,"taxonomy":"year_generation","href":"https:\/\/www.akademie-solitude.de\/de\/wp-json\/wp\/v2\/year_generation\/101"},{"embeddable":true,"taxonomy":"year_generation","href":"https:\/\/www.akademie-solitude.de\/de\/wp-json\/wp\/v2\/year_generation\/100"},{"embeddable":true,"taxonomy":"person_type","href":"https:\/\/www.akademie-solitude.de\/de\/wp-json\/wp\/v2\/person_type\/57"}],"wp:attachment":[{"href":"https:\/\/www.akademie-solitude.de\/de\/wp-json\/wp\/v2\/media?parent=6959"}],"wp:term":[{"taxonomy":"person_type","embeddable":true,"href":"https:\/\/www.akademie-solitude.de\/de\/wp-json\/wp\/v2\/person_type?post=6959"},{"taxonomy":"program","embeddable":true,"href":"https:\/\/www.akademie-solitude.de\/de\/wp-json\/wp\/v2\/program?post=6959"},{"taxonomy":"practice_field","embeddable":true,"href":"https:\/\/www.akademie-solitude.de\/de\/wp-json\/wp\/v2\/practice_field?post=6959"},{"taxonomy":"year_generation","embeddable":true,"href":"https:\/\/www.akademie-solitude.de\/de\/wp-json\/wp\/v2\/year_generation?post=6959"}],"curies":[{"name":"wp","href":"https:\/\/api.w.org\/{rel}","templated":true}]}}

<p>Geboren 1977 in Bonn/Deutschland.</p><p>Benjamin Weiss lebt und forscht in Berlin/Germany. Er studierte Kommunikationswissenschaften/Phonetik in Bonn, Trondheim und Berlin. Nach seinem Universitätsabschluss 2002 promovierte er im Rahmen eines Graduiertenkollegs der Linguistik an der Humboldt-Universität zu Berlin. Seine Dissertation lautet »Sprechtempoabhängige Aussprachevariationen«. 2007 wechselte er zum Quality and Usability Lab der TU Berlin. Dort erforscht er Themen wie wahrgenommene Sprachübertragungsqualität bei zeitvariierenden Kanälen (Mobil- und IP-Telefonie), multimodale Mensch-Maschine-Interaktion, MMI (vor allem Nutzergruppenunterschiede und Einflussfaktoren auf wahrgenommene Usability), sowie interpersonelle Sympathie von Stimmen und Gesprächen. Als Visiting Fellow an den MARCS Auditory Laboratories, University of Western Sydney, Australien forschte er zu Embodied Conversational Agents im September 2008, sowie Anfang 2014 zu Wahrnehmungsdimensionen von Stimmen. Seine Forschung konzentriert sich auf die Nutzerperspektive und dementsprechend auf die Verbesserung von Systemen und Nutzerschnittstellen aufgrund von Forschungsergebnissen zur Beziehung zwischen Systemeigenschaften und User Experience, wie auch auf die Entwicklung neuer Evaluierungsmethoden.</p><p>Benjamin Weiss lehrt regelmäßig zu Themen der multimodalen Interaktion und des Sprachdialogs. Er organisierte die Interspeech 2015 in Dresden und die CASA 2013 in Edinburgh mit und ist Gutachter für zahlreiche wissenschaftliche Konferenzen und Zeitschriften zur Sprachkommunikation und MMI. Er hat mehrfach Fördergelder eingeworben und zwei Preise für seine Publikationen erhalten.</p><p>Benjamin Weiss ist Stipendiat im Rahmen einer Kooperation mit der <a data-cke-saved-href="http://www.hybrid-plattform.org/" href="http://www.hybrid-plattform.org/">Hybrid Plattform</a> in Berlin.</p>
