{"id":6965,"date":"2020-03-26T14:49:40","date_gmt":"2020-03-26T13:49:40","guid":{"rendered":"https:\/\/www.akademie-solitude.de\/person\/thomas-koeck\/"},"modified":"2022-03-23T12:14:22","modified_gmt":"2022-03-23T11:14:22","slug":"thomas-koeck","status":"publish","type":"person","link":"https:\/\/www.akademie-solitude.de\/de\/person\/thomas-koeck\/","title":{"rendered":"Thomas  K\u00f6ck"},"content":{"rendered":"","protected":false},"author":1,"featured_media":0,"template":"","meta":{"_acf_changed":false,"inline_featured_image":false},"person_type":[57],"program":[631],"practice_field":[],"year_generation":[102],"class_list":["post-6965","person","type-person","status-publish","hentry","person_type-stipendiatinnen","program-kooperationsstipendium","year_generation-102"],"acf":{"person_id__old":"3819","person_name":{"person_name":"Thomas","person_middlename":"","person_surname":"K\u00f6ck"},"person_metadata":"Cooperation fellow, Solitude 2015\u20132017","person_position":[57],"person_job":"","person_txt":"Geboren 1986 in Steyr\/Ober\u00f6sterreich.\r\n\r\nThomas K\u00f6ck lebt und arbeitet als freier Autor, Dramatiker, Fotograf und Theatermacher zwischen Ober\u00f6sterreich und Berlin. Er studierte Philosophie, Literaturwissenschaften und Sinologie in Wien und an der FU Berlin, au\u00dferdem Szenisches Schreiben an der UdK Berlin und dem Literaturinstitut Leipzig.\r\n\r\nEr arbeitete mehrere Jahre als Assistent und Performer f\u00fcr Claudia Bosse\/theatercombinat in Wien, begleitete im Zuge dessen Projekte am FFT D\u00fcsseldorf oder dem Watermill Center von Robert Wilson in Long Island, New York. Seit 2012 schreibt Thomas K\u00f6ck neben H\u00f6rspielen, Prosa und Zwischenformen, haupts\u00e4chlich Theatertexte, die im gesamten deutschsprachigen Raum gespielt werden und mehrfach \u00fcbersetzt wurden, unter anderem am Theater Rampe Stuttgart, am Nationaltheater Mannheim, dem Burgtheater Wien, dem Volkstheater Wien, dem Schauspielhaus Wien oder dem Thalia Theater Hamburg. Er wurde f\u00fcr seine Theaterst\u00fccke mehrfach ausgezeichnet, so erhielt er den Osnabr\u00fccker Dramatikerpreis, den Else-Lasker-Sch\u00fcler-St\u00fcckepreis, den Kleist-F\u00f6rderpreis, und den Dramatik-Preis der \u00f6sterreichischen Theaterallianz. Seine Theaterst\u00fccke erscheinen beim Suhrkamp Verlag, wo im Sommer 2016 auch ein Buch mit gesammelten St\u00fccken von Thomas K\u00f6ck erschienen ist.\r\n\r\nMit einem Dokumentarfilmprojekt, der im Zuge eines l\u00e4ngeren Aufenthalts in Beirut entstand, \u00fcber den gescheiterten Wiederaufbau von Beirut und den daraus resultierenden sozialen Spannungen im Libanon nach dem B\u00fcrgerkrieg, war er zu Berlinale Talents 2014 eingeladen. Au\u00dferdem war er unter anderem Stipendiat beim Bachmann-Preis, Thomas-Bernhard-Stipendiat am Landestheater Linz und Hausautor am Nationaltheater Mannheim. Er organisierte Lese- und Diskursreihen \u00fcber zeitgen\u00f6ssisches Theater in Berlin in Kooperation mit der Lettr\u00e9tage, Linz und Mannheim.\r\n\r\nEr ist besonders an sparten\u00fcbergreifenden theatralen Projekten interessiert. So entstand zum Beispiel am Schauspielhaus Wien unter dem Titel <em>Strotter<\/em> ein dystopisches Live-H\u00f6rspiel im \u00f6ffentlichen Raum, oder mit <em>paradies fluten<\/em>, ein Text f\u00fcr Tanz und Schauspiel, das an mehreren Theatern als Sparten-Crossover inszeniert wurde.\r\n\r\nThomas K\u00f6ck ist Stipendiat im Rahmen einer Kooperation mit dem <a href=\"http:\/\/theaterrampe.de\/\" data-cke-saved-href=\"http:\/\/theaterrampe.de\/\">Theater Rampe<\/a>.","person_txt_short":"<p class=\"p1\"><span class=\"s1\">Thomas K\u00f6ck is a writer based in theatre, trained as a musician. He received an M.A. in Philosophy and graduated as a dramatist at the University of the Arts, Berlin. His plays have been staged in Germany, Switzerland and Austria, Poland, France and Argentinia, and are discussing the relationship of capitalism and the cultural and natural change over the last century. He often works with choirs and dancers. Lately he started working as a director and also started doing sound\/text hybrids.\u00a0<\/span><\/p>","person_img":9549,"person_website":"","person_links":null,"person_year":[102],"person_residencies":[{"person_stay_from":"20171201","person_stay_to":"20180228"}],"person_residency_sort_stay_from":null,"person_residency_sort_stay_to":null,"person_practice_field":false,"person_program":[631],"person_locations":[{"person_city":"Berlin","person_country":"Deutschland"}],"person_country":"","related_posts_event":[7648,18862],"related_posts_news":"","related_posts_post":"","related_posts_schlosspost":null,"person_fellow_juror_relation":""},"_links":{"self":[{"href":"https:\/\/www.akademie-solitude.de\/de\/wp-json\/wp\/v2\/person\/6965","targetHints":{"allow":["GET"]}}],"collection":[{"href":"https:\/\/www.akademie-solitude.de\/de\/wp-json\/wp\/v2\/person"}],"about":[{"href":"https:\/\/www.akademie-solitude.de\/de\/wp-json\/wp\/v2\/types\/person"}],"author":[{"embeddable":true,"href":"https:\/\/www.akademie-solitude.de\/de\/wp-json\/wp\/v2\/users\/1"}],"acf:post":[{"embeddable":true,"href":"https:\/\/www.akademie-solitude.de\/de\/wp-json\/wp\/v2\/event\/18862"},{"embeddable":true,"href":"https:\/\/www.akademie-solitude.de\/de\/wp-json\/wp\/v2\/event\/7648"}],"acf:term":[{"embeddable":true,"taxonomy":"program","href":"https:\/\/www.akademie-solitude.de\/de\/wp-json\/wp\/v2\/program\/631"},{"embeddable":true,"taxonomy":"year_generation","href":"https:\/\/www.akademie-solitude.de\/de\/wp-json\/wp\/v2\/year_generation\/102"},{"embeddable":true,"taxonomy":"person_type","href":"https:\/\/www.akademie-solitude.de\/de\/wp-json\/wp\/v2\/person_type\/57"}],"wp:attachment":[{"href":"https:\/\/www.akademie-solitude.de\/de\/wp-json\/wp\/v2\/media?parent=6965"}],"wp:term":[{"taxonomy":"person_type","embeddable":true,"href":"https:\/\/www.akademie-solitude.de\/de\/wp-json\/wp\/v2\/person_type?post=6965"},{"taxonomy":"program","embeddable":true,"href":"https:\/\/www.akademie-solitude.de\/de\/wp-json\/wp\/v2\/program?post=6965"},{"taxonomy":"practice_field","embeddable":true,"href":"https:\/\/www.akademie-solitude.de\/de\/wp-json\/wp\/v2\/practice_field?post=6965"},{"taxonomy":"year_generation","embeddable":true,"href":"https:\/\/www.akademie-solitude.de\/de\/wp-json\/wp\/v2\/year_generation?post=6965"}],"curies":[{"name":"wp","href":"https:\/\/api.w.org\/{rel}","templated":true}]}}

Thomas  Köck

Köck

Geboren 1986 in Steyr/Oberösterreich.

Thomas Köck lebt und arbeitet als freier Autor, Dramatiker, Fotograf und Theatermacher zwischen Oberösterreich und Berlin. Er studierte Philosophie, Literaturwissenschaften und Sinologie in Wien und an der FU Berlin, außerdem Szenisches Schreiben an der UdK Berlin und dem Literaturinstitut Leipzig.

Er arbeitete mehrere Jahre als Assistent und Performer für Claudia Bosse/theatercombinat in Wien, begleitete im Zuge dessen Projekte am FFT Düsseldorf oder dem Watermill Center von Robert Wilson in Long Island, New York. Seit 2012 schreibt Thomas Köck neben Hörspielen, Prosa und Zwischenformen, hauptsächlich Theatertexte, die im gesamten deutschsprachigen Raum gespielt werden und mehrfach übersetzt wurden, unter anderem am Theater Rampe Stuttgart, am Nationaltheater Mannheim, dem Burgtheater Wien, dem Volkstheater Wien, dem Schauspielhaus Wien oder dem Thalia Theater Hamburg. Er wurde für seine Theaterstücke mehrfach ausgezeichnet, so erhielt er den Osnabrücker Dramatikerpreis, den Else-Lasker-Schüler-Stückepreis, den Kleist-Förderpreis, und den Dramatik-Preis der österreichischen Theaterallianz. Seine Theaterstücke erscheinen beim Suhrkamp Verlag, wo im Sommer 2016 auch ein Buch mit gesammelten Stücken von Thomas Köck erschienen ist.

Mit einem Dokumentarfilmprojekt, der im Zuge eines längeren Aufenthalts in Beirut entstand, über den gescheiterten Wiederaufbau von Beirut und den daraus resultierenden sozialen Spannungen im Libanon nach dem Bürgerkrieg, war er zu Berlinale Talents 2014 eingeladen. Außerdem war er unter anderem Stipendiat beim Bachmann-Preis, Thomas-Bernhard-Stipendiat am Landestheater Linz und Hausautor am Nationaltheater Mannheim. Er organisierte Lese- und Diskursreihen über zeitgenössisches Theater in Berlin in Kooperation mit der Lettrétage, Linz und Mannheim.

Er ist besonders an spartenübergreifenden theatralen Projekten interessiert. So entstand zum Beispiel am Schauspielhaus Wien unter dem Titel <em>Strotter</em> ein dystopisches Live-Hörspiel im öffentlichen Raum, oder mit <em>paradies fluten</em>, ein Text für Tanz und Schauspiel, das an mehreren Theatern als Sparten-Crossover inszeniert wurde.

Thomas Köck ist Stipendiat im Rahmen einer Kooperation mit dem <a href="http://theaterrampe.de/" data-cke-saved-href="http://theaterrampe.de/">Theater Rampe</a>.

<p class="p1"><span class="s1">Thomas Köck is a writer based in theatre, trained as a musician. He received an M.A. in Philosophy and graduated as a dramatist at the University of the Arts, Berlin. His plays have been staged in Germany, Switzerland and Austria, Poland, France and Argentinia, and are discussing the relationship of capitalism and the cultural and natural change over the last century. He often works with choirs and dancers. Lately he started working as a director and also started doing sound/text hybrids. </span></p>
