{"id":6989,"date":"2020-03-26T14:49:42","date_gmt":"2020-03-26T13:49:42","guid":{"rendered":"https:\/\/www.akademie-solitude.de\/person\/chiara-bugatti\/"},"modified":"2020-09-03T17:04:02","modified_gmt":"2020-09-03T15:04:02","slug":"chiara-bugatti","status":"publish","type":"person","link":"https:\/\/www.akademie-solitude.de\/de\/person\/chiara-bugatti\/","title":{"rendered":"Chiara  Bugatti"},"content":{"rendered":"","protected":false},"author":1,"featured_media":0,"template":"","meta":{"_acf_changed":false,"inline_featured_image":false},"person_type":[57],"program":[346],"practice_field":[111],"year_generation":[102,103,104],"class_list":["post-6989","person","type-person","status-publish","hentry","person_type-stipendiatinnen","program-solitude-stipendium","practice_field-bildende-kunst","year_generation-102","year_generation-103","year_generation-104"],"acf":{"person_id__old":"3845","person_name":{"person_name":"Chiara","person_middlename":"","person_surname":"Bugatti"},"person_metadata":"","person_position":[57],"person_job":"","person_txt":"Geboren 1991 in Lecco\/Italien.\r\n\r\nChiara Bugatti ist bildende K\u00fcnstlerin und lebt in Schweden. 2014 schloss sie ihr Studium in Bildender und Performativer Kunst an der Accademia di Belle Arti di Venezia\/Italien ab. 2016 erhielt sie ihren Masterabschluss an der Ume\u00e5 Academy of Fine Arts\/Schweden. Finanziert vom Swedish Arts Grants Committee arbeitet sie als Assistentin f\u00fcr Katarina Burin und forscht an den Harvard University Archives in Cambridge, MA\/USA.\r\n\r\nIndem sie <em>sectorial sciences<\/em>, m\u00fcndliche Kultur, aktuelle Politik und noch wichtiger Kunst- und Architekturgeschichte in Beziehung setzt, untersucht Chiara Bugatti mit ihrer skulpturalen Praxis den Prozess des Produzierens und des Konstruierens.\r\n\r\n2016 stellte sie in Kirchberg\/Luxemburg aus als Abschluss des ADP Residency Programms, das von Darren Almond geleitet und von der European Investment Bank gesponsert wurde. 2016 wurden ihre Arbeiten an der Royal Academy of Fine Arts in Stockholm\/Schweden als Teil einer Gruppenausstellung gezeigt, die aufstrebende schwedische K\u00fcnstler f\u00f6rdert und sie erhielt das Anna-Lisa Thomson Stipendium f\u00fcr junge K\u00fcnstler. Im selben Jahr stellte sie im Uppsala Art Museum aus.\r\n\r\n2014 bis 2015 wurden ihre Arbeiten unter anderem an der Fondazione Pino Pascali, Bari\/Italien, bei Piramida in Tirana\/Albanien, dem National Museum in Cetinje\/Montenegro\r\nund im Museum of Modern and Contemporary Art in Rijeka\/Kroatien f\u00fcr das\r\n\u200bEU-Projekt\u00a0<em>CoExistence<\/em> pr\u00e4sentiert.","person_txt_short":"","person_img":"","person_website":"","person_links":null,"person_year":[102,103,104],"person_residencies":[{"person_stay_from":"20190901","person_stay_to":"20200331"}],"person_residency_sort_stay_from":null,"person_residency_sort_stay_to":null,"person_practice_field":[111],"person_program":[346],"person_locations":[{"person_city":"","person_country":"Schweden"}],"person_country":"","related_posts_event":[7706,7711,22716,24262,24263,24264,24265,24266,27668,0,28467,28468,28469,28470,28471],"related_posts_news":[14888,33761],"related_posts_post":[27559,27585,27590,27591,27647,27666,27760],"related_posts_schlosspost":null,"person_fellow_juror_relation":[5501]},"_links":{"self":[{"href":"https:\/\/www.akademie-solitude.de\/de\/wp-json\/wp\/v2\/person\/6989","targetHints":{"allow":["GET"]}}],"collection":[{"href":"https:\/\/www.akademie-solitude.de\/de\/wp-json\/wp\/v2\/person"}],"about":[{"href":"https:\/\/www.akademie-solitude.de\/de\/wp-json\/wp\/v2\/types\/person"}],"author":[{"embeddable":true,"href":"https:\/\/www.akademie-solitude.de\/de\/wp-json\/wp\/v2\/users\/1"}],"acf:post":[{"embeddable":true,"href":"https:\/\/www.akademie-solitude.de\/de\/wp-json\/wp\/v2\/person\/5501"},{"embeddable":true,"href":"https:\/\/www.akademie-solitude.de\/de\/wp-json\/wp\/v2\/posts\/27559"},{"embeddable":true,"href":"https:\/\/www.akademie-solitude.de\/de\/wp-json\/wp\/v2\/news\/33761"},{"embeddable":true,"href":"https:\/\/www.akademie-solitude.de\/de\/wp-json\/wp\/v2\/news\/14888"},{"embeddable":true,"href":"https:\/\/www.akademie-solitude.de\/de\/wp-json\/wp\/v2\/person\/0"},{"embeddable":true,"href":"https:\/\/www.akademie-solitude.de\/de\/wp-json\/wp\/v2\/event\/22716"},{"embeddable":true,"href":"https:\/\/www.akademie-solitude.de\/de\/wp-json\/wp\/v2\/event\/7711"},{"embeddable":true,"href":"https:\/\/www.akademie-solitude.de\/de\/wp-json\/wp\/v2\/event\/7706"}],"acf:term":[{"embeddable":true,"taxonomy":"program","href":"https:\/\/www.akademie-solitude.de\/de\/wp-json\/wp\/v2\/program\/346"},{"embeddable":true,"taxonomy":"practice_field","href":"https:\/\/www.akademie-solitude.de\/de\/wp-json\/wp\/v2\/practice_field\/111"},{"embeddable":true,"taxonomy":"year_generation","href":"https:\/\/www.akademie-solitude.de\/de\/wp-json\/wp\/v2\/year_generation\/104"},{"embeddable":true,"taxonomy":"year_generation","href":"https:\/\/www.akademie-solitude.de\/de\/wp-json\/wp\/v2\/year_generation\/103"},{"embeddable":true,"taxonomy":"year_generation","href":"https:\/\/www.akademie-solitude.de\/de\/wp-json\/wp\/v2\/year_generation\/102"},{"embeddable":true,"taxonomy":"person_type","href":"https:\/\/www.akademie-solitude.de\/de\/wp-json\/wp\/v2\/person_type\/57"}],"wp:attachment":[{"href":"https:\/\/www.akademie-solitude.de\/de\/wp-json\/wp\/v2\/media?parent=6989"}],"wp:term":[{"taxonomy":"person_type","embeddable":true,"href":"https:\/\/www.akademie-solitude.de\/de\/wp-json\/wp\/v2\/person_type?post=6989"},{"taxonomy":"program","embeddable":true,"href":"https:\/\/www.akademie-solitude.de\/de\/wp-json\/wp\/v2\/program?post=6989"},{"taxonomy":"practice_field","embeddable":true,"href":"https:\/\/www.akademie-solitude.de\/de\/wp-json\/wp\/v2\/practice_field?post=6989"},{"taxonomy":"year_generation","embeddable":true,"href":"https:\/\/www.akademie-solitude.de\/de\/wp-json\/wp\/v2\/year_generation?post=6989"}],"curies":[{"name":"wp","href":"https:\/\/api.w.org\/{rel}","templated":true}]}}

Geboren 1991 in Lecco/Italien.

Chiara Bugatti ist bildende Künstlerin und lebt in Schweden. 2014 schloss sie ihr Studium in Bildender und Performativer Kunst an der Accademia di Belle Arti di Venezia/Italien ab. 2016 erhielt sie ihren Masterabschluss an der Umeå Academy of Fine Arts/Schweden. Finanziert vom Swedish Arts Grants Committee arbeitet sie als Assistentin für Katarina Burin und forscht an den Harvard University Archives in Cambridge, MA/USA.

Indem sie <em>sectorial sciences</em>, mündliche Kultur, aktuelle Politik und noch wichtiger Kunst- und Architekturgeschichte in Beziehung setzt, untersucht Chiara Bugatti mit ihrer skulpturalen Praxis den Prozess des Produzierens und des Konstruierens.

2016 stellte sie in Kirchberg/Luxemburg aus als Abschluss des ADP Residency Programms, das von Darren Almond geleitet und von der European Investment Bank gesponsert wurde. 2016 wurden ihre Arbeiten an der Royal Academy of Fine Arts in Stockholm/Schweden als Teil einer Gruppenausstellung gezeigt, die aufstrebende schwedische Künstler fördert und sie erhielt das Anna-Lisa Thomson Stipendium für junge Künstler. Im selben Jahr stellte sie im Uppsala Art Museum aus.

2014 bis 2015 wurden ihre Arbeiten unter anderem an der Fondazione Pino Pascali, Bari/Italien, bei Piramida in Tirana/Albanien, dem National Museum in Cetinje/Montenegro
und im Museum of Modern and Contemporary Art in Rijeka/Kroatien für das
​EU-Projekt <em>CoExistence</em> präsentiert.
