{"id":7013,"date":"2020-03-26T14:49:45","date_gmt":"2020-03-26T13:49:45","guid":{"rendered":"https:\/\/www.akademie-solitude.de\/person\/victor-munoz-sanz\/"},"modified":"2020-08-12T17:31:31","modified_gmt":"2020-08-12T15:31:31","slug":"victor-munoz-sanz","status":"publish","type":"person","link":"https:\/\/www.akademie-solitude.de\/de\/person\/victor-munoz-sanz\/","title":{"rendered":"V\u00edctor  Mu\u00f1oz Sanz"},"content":{"rendered":"","protected":false},"author":1,"featured_media":0,"template":"","meta":{"_acf_changed":false,"inline_featured_image":false},"person_type":[57],"program":[],"practice_field":[12],"year_generation":[102,103,104],"class_list":["post-7013","person","type-person","status-publish","hentry","person_type-stipendiatinnen","practice_field-architektur","year_generation-102","year_generation-103","year_generation-104"],"acf":{"person_id__old":"3869","person_name":{"person_name":"V\u00edctor","person_middlename":"","person_surname":"Mu\u00f1oz Sanz"},"person_metadata":"","person_position":[57],"person_job":"","person_txt":"<p>Geboren 1982 in Veracruz\/Mexiko.<br><br>V\u00edctor Mu\u00f1oz Sanz arbeitet als Architekt, Forscher und Lehrender in Amsterdam\/Niederlande. Er erhielt seinen Architekturabschluss an der Universidad Polit\u00e9cnica de Madrid (ETSAM) und einen Master mit Auszeichnung in Stadtplanung von der Harvard University, Cambridge, MA\/USA. Sein Promotionsstudium der Architektur schloss er an der Universidad Polit\u00e9cnica de Madrid (ETSAM) mit Auszeichnung ab. Zurzeit arbeitet er als Postdoktorand am Institut f\u00fcr Stadtbau an der Faculty of Architecture and the Built Environment der Delft University of Technology. Au\u00dferdem ist er als Koordinator am Jaap Bakema Study Centre des Het Nieuwe Instituut in Rotterdam\/Niederlande t\u00e4tig.<br><br>\u200bZwischen 2012 und 2015 besuchte V\u00edctor Mu\u00f1oz Sanz das weltweite Netzwerk von Trabantenst\u00e4dten des Unternehmens Barta als Teil seines Forschungsprojekts <em>Networked Utopia<\/em>, welches mit dem Druker Traveling Fellowship der Harvard Graduate School of Design gef\u00f6rdert wurde. Die Studie ist zentraler Teil seiner Doktorarbeit und ist eine einzigartige Untersuchung des Erbes dieser modernen industriellen St\u00e4dte, die in der Zwischenkriegszeit erbaut wurden. 2015 wurde er als Emerging Curator des Canadian Centre for Architecture in Montreal\/Kanada ausgew\u00e4hlt, um die gebaute Umwelt des Offshoring zu dokumentieren.\u00a0<\/p>","person_txt_short":"","person_img":"","person_website":"","person_links":null,"person_year":[102,103,104],"person_residencies":[{"person_stay_from":"20190901","person_stay_to":"20200229"}],"person_residency_sort_stay_from":null,"person_residency_sort_stay_to":null,"person_practice_field":[12],"person_program":false,"person_locations":[{"person_city":"","person_country":"Niederlande"}],"person_country":"","related_posts_event":[7773,7706,18919,19199,42203,42259,42281,42334],"related_posts_news":[7773,7706,14888,19384,34229],"related_posts_post":[13496,13514,13515,13519,13796],"related_posts_schlosspost":null,"person_fellow_juror_relation":[6967]},"_links":{"self":[{"href":"https:\/\/www.akademie-solitude.de\/de\/wp-json\/wp\/v2\/person\/7013","targetHints":{"allow":["GET"]}}],"collection":[{"href":"https:\/\/www.akademie-solitude.de\/de\/wp-json\/wp\/v2\/person"}],"about":[{"href":"https:\/\/www.akademie-solitude.de\/de\/wp-json\/wp\/v2\/types\/person"}],"author":[{"embeddable":true,"href":"https:\/\/www.akademie-solitude.de\/de\/wp-json\/wp\/v2\/users\/1"}],"acf:post":[{"embeddable":true,"href":"https:\/\/www.akademie-solitude.de\/de\/wp-json\/wp\/v2\/person\/6967"},{"embeddable":true,"href":"https:\/\/www.akademie-solitude.de\/de\/wp-json\/wp\/v2\/posts\/13496"},{"embeddable":true,"href":"https:\/\/www.akademie-solitude.de\/de\/wp-json\/wp\/v2\/news\/34229"},{"embeddable":true,"href":"https:\/\/www.akademie-solitude.de\/de\/wp-json\/wp\/v2\/news\/19384"},{"embeddable":true,"href":"https:\/\/www.akademie-solitude.de\/de\/wp-json\/wp\/v2\/news\/14888"},{"embeddable":true,"href":"https:\/\/www.akademie-solitude.de\/de\/wp-json\/wp\/v2\/revision\/42334"},{"embeddable":true,"href":"https:\/\/www.akademie-solitude.de\/de\/wp-json\/wp\/v2\/event\/42203"},{"embeddable":true,"href":"https:\/\/www.akademie-solitude.de\/de\/wp-json\/wp\/v2\/event\/18919"},{"embeddable":true,"href":"https:\/\/www.akademie-solitude.de\/de\/wp-json\/wp\/v2\/event\/7706"},{"embeddable":true,"href":"https:\/\/www.akademie-solitude.de\/de\/wp-json\/wp\/v2\/news\/7773"}],"acf:term":[{"embeddable":true,"taxonomy":"practice_field","href":"https:\/\/www.akademie-solitude.de\/de\/wp-json\/wp\/v2\/practice_field\/12"},{"embeddable":true,"taxonomy":"year_generation","href":"https:\/\/www.akademie-solitude.de\/de\/wp-json\/wp\/v2\/year_generation\/104"},{"embeddable":true,"taxonomy":"year_generation","href":"https:\/\/www.akademie-solitude.de\/de\/wp-json\/wp\/v2\/year_generation\/103"},{"embeddable":true,"taxonomy":"year_generation","href":"https:\/\/www.akademie-solitude.de\/de\/wp-json\/wp\/v2\/year_generation\/102"},{"embeddable":true,"taxonomy":"person_type","href":"https:\/\/www.akademie-solitude.de\/de\/wp-json\/wp\/v2\/person_type\/57"}],"wp:attachment":[{"href":"https:\/\/www.akademie-solitude.de\/de\/wp-json\/wp\/v2\/media?parent=7013"}],"wp:term":[{"taxonomy":"person_type","embeddable":true,"href":"https:\/\/www.akademie-solitude.de\/de\/wp-json\/wp\/v2\/person_type?post=7013"},{"taxonomy":"program","embeddable":true,"href":"https:\/\/www.akademie-solitude.de\/de\/wp-json\/wp\/v2\/program?post=7013"},{"taxonomy":"practice_field","embeddable":true,"href":"https:\/\/www.akademie-solitude.de\/de\/wp-json\/wp\/v2\/practice_field?post=7013"},{"taxonomy":"year_generation","embeddable":true,"href":"https:\/\/www.akademie-solitude.de\/de\/wp-json\/wp\/v2\/year_generation?post=7013"}],"curies":[{"name":"wp","href":"https:\/\/api.w.org\/{rel}","templated":true}]}}

Víctor  Muñoz Sanz

Víctor

Muñoz Sanz

<p>Geboren 1982 in Veracruz/Mexiko.<br><br>Víctor Muñoz Sanz arbeitet als Architekt, Forscher und Lehrender in Amsterdam/Niederlande. Er erhielt seinen Architekturabschluss an der Universidad Politécnica de Madrid (ETSAM) und einen Master mit Auszeichnung in Stadtplanung von der Harvard University, Cambridge, MA/USA. Sein Promotionsstudium der Architektur schloss er an der Universidad Politécnica de Madrid (ETSAM) mit Auszeichnung ab. Zurzeit arbeitet er als Postdoktorand am Institut für Stadtbau an der Faculty of Architecture and the Built Environment der Delft University of Technology. Außerdem ist er als Koordinator am Jaap Bakema Study Centre des Het Nieuwe Instituut in Rotterdam/Niederlande tätig.<br><br>​Zwischen 2012 und 2015 besuchte Víctor Muñoz Sanz das weltweite Netzwerk von Trabantenstädten des Unternehmens Barta als Teil seines Forschungsprojekts <em>Networked Utopia</em>, welches mit dem Druker Traveling Fellowship der Harvard Graduate School of Design gefördert wurde. Die Studie ist zentraler Teil seiner Doktorarbeit und ist eine einzigartige Untersuchung des Erbes dieser modernen industriellen Städte, die in der Zwischenkriegszeit erbaut wurden. 2015 wurde er als Emerging Curator des Canadian Centre for Architecture in Montreal/Kanada ausgewählt, um die gebaute Umwelt des Offshoring zu dokumentieren. </p>
