{"id":7076,"date":"2020-03-26T14:49:54","date_gmt":"2020-03-26T13:49:54","guid":{"rendered":"https:\/\/www.akademie-solitude.de\/person\/sudharak-olwe\/"},"modified":"2022-03-23T12:31:52","modified_gmt":"2022-03-23T11:31:52","slug":"sudharak-olwe","status":"publish","type":"person","link":"https:\/\/www.akademie-solitude.de\/de\/person\/sudharak-olwe\/","title":{"rendered":"Sudharak  Olwe"},"content":{"rendered":"","protected":false},"author":1,"featured_media":0,"template":"","meta":{"_acf_changed":false,"inline_featured_image":false},"person_type":[57],"program":[631],"practice_field":[],"year_generation":[103],"class_list":["post-7076","person","type-person","status-publish","hentry","person_type-stipendiatinnen","program-kooperationsstipendium","year_generation-103"],"acf":{"person_id__old":"3933","person_name":{"person_name":"Sudharak","person_middlename":"","person_surname":"Olwe"},"person_metadata":"Solitude fellow 2017-2018","person_position":[57],"person_job":"","person_txt":"Geboren 1966 in Mumbai\/Indien.\r\n\r\nSudharak Olwe arbeitet als sozialdokumentarischer Fotograf in Indien. In den letzten drei Jahrzehnten schuf er einen umfangreichen Werkkomplex mit au\u00dfergew\u00f6hnlich intimen Portr\u00e4ts von Menschen, die von der Mainstream-Gesellschaft verachtet und an den Rand gedr\u00e4ngt werden.\r\n\r\nSo umfasst sein Werk die Dokumentation von Gr\u00e4ueltaten gegen die Dalit, eine Serie von Ausstellungen und B\u00fcchern zu Mumbais Naturschutzarbeitern, intime Geschichten \u00fcber das Leben in Kamathipura \u2013 Mumbais verwahrlostem Rotlichtviertel, eine einf\u00fchlsame Reise in das Leben von Frauen, die h\u00e4usliche Gewalt \u00fcberlebt haben und revolution\u00e4re Geschichten \u00fcber Geburtshilfe in Jharkhand.\r\n\r\nSudharak Olwe arbeitetete als Fotograf f\u00fcr verschiedener f\u00fchrende Zeitungen wie <em>Times of India, DNA<\/em> und <em>Lokmat<\/em>. Sein Werk wurde in vielen internationalen Zeitschriften ver\u00f6ffentlicht, darunter <em>Indes France, Die Zeit, London Times, Harper Bazaar, EPA<\/em> und andere.\r\n\r\nSudharak stellte in zahlreichen Kunstgalerien, auf Festivals und in Institutionen aus. In Schweden, Bangladesh, den Niederlanden, den USA, in Cambodia, Japan und Deutschland wurden seine Ausstellungen pr\u00e4sentiert und ausgezeichnet. Er war einer von vier Preistr\u00e4gern des National Geographic\u2019s All Roads Photography Awards und erhielt 2017 das Gabriel Gr\u00fcner Stipendium. 2016 wurde Sudharak Olwe der Padma Shri, Indiens vierth\u00f6chster Zivilaward, vom indischen Pr\u00e4sidenten verliehen, in Anerkennung seiner wertvollen und unerm\u00fcdlichen Arbeit.\r\n\r\n2005 gr\u00fcndete Sudharak Olwe die Non-Profit-Organisation Photography Promotion Trust, die sozialdokumentarische Fotografie f\u00f6rdert und anstrebt, mit ihrer Hilfe eine dauerhafte Ver\u00e4nderung im Leben von sozial ausgegrenzten Gemeinschaften zu erreichen.\r\n\r\n<a href=\"http:\/\/www.sudharakolwe.com\" data-cke-saved-href=\"http:\/\/www.sudharakolwe.com\">www.sudharakolwe.com<\/a> \/<a href=\"http:\/\/www.photographytrust.org\" data-cke-saved-href=\"http:\/\/www.photographytrust.org\"> www.photographytrust.org<\/a>\r\n\r\n&nbsp;","person_txt_short":"<p class=\"Body\"><span class=\"None\"><span lang=\"EN-US\">Sudharak Olwe is a social documentary photographer from India. Born in 1966, his extensive work spread over last three decades has resulted in a startling oeuvre known for its intimate portraits of people that mainstream society marginalizes and disparages. In 2005, Olwe founded the nonprofit organization Photography Promotion Trust. It aims at using photography skills to create change in the lives of socially marginalized communities and promotes social documentary photography for emerging photographers.<\/span><\/span><\/p>\r\n<p class=\"Body\"><span class=\"None\"><span lang=\"EN-US\">Check his website link for more information:<\/span><\/span><\/p>\r\n<p class=\"Body\"><span class=\"Hyperlink1\"><span lang=\"EN-US\"><a href=\"http:\/\/www.sudharakolwe.com\/\">www.sudharakolwe.com<\/a><\/span><\/span><span class=\"None\"><span lang=\"EN-US\">\u00a0\/\u00a0<\/span><\/span><span class=\"Hyperlink1\"><span lang=\"EN-US\"><a href=\"http:\/\/www.photographytrust.org\/\">www.photographytrust.org<\/a><\/span><\/span><\/p>","person_img":9525,"person_website":"","person_links":null,"person_year":[103],"person_residencies":[{"person_stay_from":"20180801","person_stay_to":"20180831"}],"person_residency_sort_stay_from":null,"person_residency_sort_stay_to":null,"person_practice_field":false,"person_program":[631],"person_locations":[{"person_city":"Mumbai","person_country":"Indien"}],"person_country":"","related_posts_event":"","related_posts_news":"","related_posts_post":"","related_posts_schlosspost":null,"person_fellow_juror_relation":""},"_links":{"self":[{"href":"https:\/\/www.akademie-solitude.de\/de\/wp-json\/wp\/v2\/person\/7076","targetHints":{"allow":["GET"]}}],"collection":[{"href":"https:\/\/www.akademie-solitude.de\/de\/wp-json\/wp\/v2\/person"}],"about":[{"href":"https:\/\/www.akademie-solitude.de\/de\/wp-json\/wp\/v2\/types\/person"}],"author":[{"embeddable":true,"href":"https:\/\/www.akademie-solitude.de\/de\/wp-json\/wp\/v2\/users\/1"}],"acf:term":[{"embeddable":true,"taxonomy":"program","href":"https:\/\/www.akademie-solitude.de\/de\/wp-json\/wp\/v2\/program\/631"},{"embeddable":true,"taxonomy":"year_generation","href":"https:\/\/www.akademie-solitude.de\/de\/wp-json\/wp\/v2\/year_generation\/103"},{"embeddable":true,"taxonomy":"person_type","href":"https:\/\/www.akademie-solitude.de\/de\/wp-json\/wp\/v2\/person_type\/57"}],"wp:attachment":[{"href":"https:\/\/www.akademie-solitude.de\/de\/wp-json\/wp\/v2\/media?parent=7076"}],"wp:term":[{"taxonomy":"person_type","embeddable":true,"href":"https:\/\/www.akademie-solitude.de\/de\/wp-json\/wp\/v2\/person_type?post=7076"},{"taxonomy":"program","embeddable":true,"href":"https:\/\/www.akademie-solitude.de\/de\/wp-json\/wp\/v2\/program?post=7076"},{"taxonomy":"practice_field","embeddable":true,"href":"https:\/\/www.akademie-solitude.de\/de\/wp-json\/wp\/v2\/practice_field?post=7076"},{"taxonomy":"year_generation","embeddable":true,"href":"https:\/\/www.akademie-solitude.de\/de\/wp-json\/wp\/v2\/year_generation?post=7076"}],"curies":[{"name":"wp","href":"https:\/\/api.w.org\/{rel}","templated":true}]}}

Geboren 1966 in Mumbai/Indien.

Sudharak Olwe arbeitet als sozialdokumentarischer Fotograf in Indien. In den letzten drei Jahrzehnten schuf er einen umfangreichen Werkkomplex mit außergewöhnlich intimen Porträts von Menschen, die von der Mainstream-Gesellschaft verachtet und an den Rand gedrängt werden.

So umfasst sein Werk die Dokumentation von Gräueltaten gegen die Dalit, eine Serie von Ausstellungen und Büchern zu Mumbais Naturschutzarbeitern, intime Geschichten über das Leben in Kamathipura – Mumbais verwahrlostem Rotlichtviertel, eine einfühlsame Reise in das Leben von Frauen, die häusliche Gewalt überlebt haben und revolutionäre Geschichten über Geburtshilfe in Jharkhand.

Sudharak Olwe arbeitetete als Fotograf für verschiedener führende Zeitungen wie <em>Times of India, DNA</em> und <em>Lokmat</em>. Sein Werk wurde in vielen internationalen Zeitschriften veröffentlicht, darunter <em>Indes France, Die Zeit, London Times, Harper Bazaar, EPA</em> und andere.

Sudharak stellte in zahlreichen Kunstgalerien, auf Festivals und in Institutionen aus. In Schweden, Bangladesh, den Niederlanden, den USA, in Cambodia, Japan und Deutschland wurden seine Ausstellungen präsentiert und ausgezeichnet. Er war einer von vier Preisträgern des National Geographic’s All Roads Photography Awards und erhielt 2017 das Gabriel Grüner Stipendium. 2016 wurde Sudharak Olwe der Padma Shri, Indiens vierthöchster Zivilaward, vom indischen Präsidenten verliehen, in Anerkennung seiner wertvollen und unermüdlichen Arbeit.

2005 gründete Sudharak Olwe die Non-Profit-Organisation Photography Promotion Trust, die sozialdokumentarische Fotografie fördert und anstrebt, mit ihrer Hilfe eine dauerhafte Veränderung im Leben von sozial ausgegrenzten Gemeinschaften zu erreichen.

<a href="http://www.sudharakolwe.com" data-cke-saved-href="http://www.sudharakolwe.com">www.sudharakolwe.com</a> /<a href="http://www.photographytrust.org" data-cke-saved-href="http://www.photographytrust.org"> www.photographytrust.org</a>

&nbsp;
