{"id":7079,"date":"2020-03-26T14:49:54","date_gmt":"2020-03-26T13:49:54","guid":{"rendered":"https:\/\/www.akademie-solitude.de\/person\/karolina-grzywnowicz\/"},"modified":"2020-08-12T17:31:43","modified_gmt":"2020-08-12T15:31:43","slug":"karolina-grzywnowicz","status":"publish","type":"person","link":"https:\/\/www.akademie-solitude.de\/de\/person\/karolina-grzywnowicz\/","title":{"rendered":"Karolina  Grzywnowicz"},"content":{"rendered":"","protected":false},"author":1,"featured_media":0,"template":"","meta":{"_acf_changed":false,"inline_featured_image":false},"person_type":[57],"program":[347],"practice_field":[],"year_generation":[102,103,104],"class_list":["post-7079","person","type-person","status-publish","hentry","person_type-stipendiatinnen","program-solitude-exchange-network","year_generation-102","year_generation-103","year_generation-104"],"acf":{"person_id__old":"3937","person_name":{"person_name":"Karolina","person_middlename":"","person_surname":"Grzywnowicz"},"person_metadata":"","person_position":[57],"person_job":"","person_txt":"<p>Geboren 1984 in Krakau\/Polen.<\/p><p>Karolina Grzywnowicz ist eine bildende K\u00fcnstlerin mit interdisziplin\u00e4rem Ansatz.<\/p><p>Ihre j\u00fcngsten Arbeiten, die h\u00e4ufig von brutaler Natur sind, besch\u00e4ftigen sich mit Pflanzen im sozialen und politischen Kontext. F\u00fcr ihre forschungsbasierte Vorgehensweise greift sie auf Archivmaterial, Interviews, m\u00fcndlich \u00fcberlieferte Geschichte und bibliografische Aufzeichnungen zur\u00fcck. Dabei sucht sie nach Parallelen zwischen historischen Ereignissen und aktuellen sozialen und politischen Diskursen, die von dr\u00e4ngenden Themen wie Gewalt, Exil und Migration angetrieben werden. Sie arbeitet mit verschiedenen Medien: Skulptur, ortsspezifische \u00f6ffentliche Installationen, Klanginstallationen, k\u00fcnstlerischen Interventionen und partizipativen Projekten.<\/p><p>Karolina studierte von 2003 bis 2008 an der Fakult\u00e4t f\u00fcr Vergleichende Literaturwissenschaften der Jagiellonen-Universit\u00e4t in Krakau\/Polen. Vom polnischen Ministerium f\u00fcr Kultur und Nationales Erbe und der Europ\u00e4ischen Kulturstiftung erhielt sie ein Stipendium. Ausstellungen ihrer Arbeiten fanden unter anderem statt in der Zach\u0119ta National Gallery of Art (Warschau\/Polen), bei Onomatopee Projects (Eindhoven\/Niederlande), im B\u00fcro f\u00fcr Kulturelle \u00dcbersetzungen (Leipzig\/Deutschland), im WRO Art Center (Breslau\/Polen) und in der BWA Gallery of Contemporary Art (Kattowitz\/Polen).<\/p><p>Karolina Grzywnowicz ist Teilnehmerin des Austauschprogramms zwischen der Akademie Schloss Solitude und dem Zentrum f\u00fcr Zeitgen\u00f6ssische Kunst, Schloss Ujazdowski in Warschau. Sie lebt und arbeitet in Berlin.<\/p><p><a data-cke-saved-href=\"https:\/\/karolinagrzywnowicz.com\/en\/561-2\/\" href=\"https:\/\/karolinagrzywnowicz.com\/en\/561-2\/\">www.karolinagrzywnowicz.com<\/a><\/p>","person_txt_short":"","person_img":"","person_website":"","person_links":null,"person_year":[102,103,104],"person_residencies":[{"person_stay_from":"20181001","person_stay_to":"20181231"}],"person_residency_sort_stay_from":null,"person_residency_sort_stay_to":null,"person_practice_field":false,"person_program":[347],"person_locations":[{"person_city":"Berlin","person_country":"Deutschland"}],"person_country":"","related_posts_event":[7676,7704,18889,18917,19198,31780,31964],"related_posts_news":[7676,7704],"related_posts_post":null,"related_posts_schlosspost":null,"person_fellow_juror_relation":""},"_links":{"self":[{"href":"https:\/\/www.akademie-solitude.de\/de\/wp-json\/wp\/v2\/person\/7079","targetHints":{"allow":["GET"]}}],"collection":[{"href":"https:\/\/www.akademie-solitude.de\/de\/wp-json\/wp\/v2\/person"}],"about":[{"href":"https:\/\/www.akademie-solitude.de\/de\/wp-json\/wp\/v2\/types\/person"}],"author":[{"embeddable":true,"href":"https:\/\/www.akademie-solitude.de\/de\/wp-json\/wp\/v2\/users\/1"}],"acf:post":[{"embeddable":true,"href":"https:\/\/www.akademie-solitude.de\/de\/wp-json\/wp\/v2\/event\/31964"},{"embeddable":true,"href":"https:\/\/www.akademie-solitude.de\/de\/wp-json\/wp\/v2\/event\/31780"},{"embeddable":true,"href":"https:\/\/www.akademie-solitude.de\/de\/wp-json\/wp\/v2\/event\/18917"},{"embeddable":true,"href":"https:\/\/www.akademie-solitude.de\/de\/wp-json\/wp\/v2\/event\/18889"},{"embeddable":true,"href":"https:\/\/www.akademie-solitude.de\/de\/wp-json\/wp\/v2\/event\/7704"},{"embeddable":true,"href":"https:\/\/www.akademie-solitude.de\/de\/wp-json\/wp\/v2\/event\/7676"}],"acf:term":[{"embeddable":true,"taxonomy":"program","href":"https:\/\/www.akademie-solitude.de\/de\/wp-json\/wp\/v2\/program\/347"},{"embeddable":true,"taxonomy":"year_generation","href":"https:\/\/www.akademie-solitude.de\/de\/wp-json\/wp\/v2\/year_generation\/104"},{"embeddable":true,"taxonomy":"year_generation","href":"https:\/\/www.akademie-solitude.de\/de\/wp-json\/wp\/v2\/year_generation\/103"},{"embeddable":true,"taxonomy":"year_generation","href":"https:\/\/www.akademie-solitude.de\/de\/wp-json\/wp\/v2\/year_generation\/102"},{"embeddable":true,"taxonomy":"person_type","href":"https:\/\/www.akademie-solitude.de\/de\/wp-json\/wp\/v2\/person_type\/57"}],"wp:attachment":[{"href":"https:\/\/www.akademie-solitude.de\/de\/wp-json\/wp\/v2\/media?parent=7079"}],"wp:term":[{"taxonomy":"person_type","embeddable":true,"href":"https:\/\/www.akademie-solitude.de\/de\/wp-json\/wp\/v2\/person_type?post=7079"},{"taxonomy":"program","embeddable":true,"href":"https:\/\/www.akademie-solitude.de\/de\/wp-json\/wp\/v2\/program?post=7079"},{"taxonomy":"practice_field","embeddable":true,"href":"https:\/\/www.akademie-solitude.de\/de\/wp-json\/wp\/v2\/practice_field?post=7079"},{"taxonomy":"year_generation","embeddable":true,"href":"https:\/\/www.akademie-solitude.de\/de\/wp-json\/wp\/v2\/year_generation?post=7079"}],"curies":[{"name":"wp","href":"https:\/\/api.w.org\/{rel}","templated":true}]}}

<p>Geboren 1984 in Krakau/Polen.</p><p>Karolina Grzywnowicz ist eine bildende Künstlerin mit interdisziplinärem Ansatz.</p><p>Ihre jüngsten Arbeiten, die häufig von brutaler Natur sind, beschäftigen sich mit Pflanzen im sozialen und politischen Kontext. Für ihre forschungsbasierte Vorgehensweise greift sie auf Archivmaterial, Interviews, mündlich überlieferte Geschichte und bibliografische Aufzeichnungen zurück. Dabei sucht sie nach Parallelen zwischen historischen Ereignissen und aktuellen sozialen und politischen Diskursen, die von drängenden Themen wie Gewalt, Exil und Migration angetrieben werden. Sie arbeitet mit verschiedenen Medien: Skulptur, ortsspezifische öffentliche Installationen, Klanginstallationen, künstlerischen Interventionen und partizipativen Projekten.</p><p>Karolina studierte von 2003 bis 2008 an der Fakultät für Vergleichende Literaturwissenschaften der Jagiellonen-Universität in Krakau/Polen. Vom polnischen Ministerium für Kultur und Nationales Erbe und der Europäischen Kulturstiftung erhielt sie ein Stipendium. Ausstellungen ihrer Arbeiten fanden unter anderem statt in der Zachęta National Gallery of Art (Warschau/Polen), bei Onomatopee Projects (Eindhoven/Niederlande), im Büro für Kulturelle Übersetzungen (Leipzig/Deutschland), im WRO Art Center (Breslau/Polen) und in der BWA Gallery of Contemporary Art (Kattowitz/Polen).</p><p>Karolina Grzywnowicz ist Teilnehmerin des Austauschprogramms zwischen der Akademie Schloss Solitude und dem Zentrum für Zeitgenössische Kunst, Schloss Ujazdowski in Warschau. Sie lebt und arbeitet in Berlin.</p><p><a data-cke-saved-href="https://karolinagrzywnowicz.com/en/561-2/" href="https://karolinagrzywnowicz.com/en/561-2/">www.karolinagrzywnowicz.com</a></p>
