{"id":7129,"date":"2020-03-26T14:49:59","date_gmt":"2020-03-26T13:49:59","guid":{"rendered":"https:\/\/www.akademie-solitude.de\/person\/dorottya-magyar\/"},"modified":"2020-08-12T17:31:51","modified_gmt":"2020-08-12T15:31:51","slug":"dorottya-magyar","status":"publish","type":"person","link":"https:\/\/www.akademie-solitude.de\/de\/person\/dorottya-magyar\/","title":{"rendered":"Dorottya  Magyar"},"content":{"rendered":"","protected":false},"author":1,"featured_media":0,"template":"","meta":{"_acf_changed":false,"inline_featured_image":false},"person_type":[57],"program":[347],"practice_field":[],"year_generation":[104],"class_list":["post-7129","person","type-person","status-publish","hentry","person_type-stipendiatinnen","program-solitude-exchange-network","year_generation-104"],"acf":{"person_id__old":"3992","person_name":{"person_name":"Dorottya","person_middlename":"","person_surname":"Magyar"},"person_metadata":"","person_position":[57],"person_job":"","person_txt":"<p>Geboren 1990 in Budapest\/Ungarn.<\/p><p>Dorottya Magyar ist eine in Ungarn ans\u00e4ssige Kunstmanagerin. Sie studierte Kunstgeschichte an der E\u00f6tv\u00f6s Lor\u00e1nd Universit\u00e4t, Budapest (2010\u20132014) und schloss an der Moholy Nagy University of Arts and Design Budapest (2014\u20132017) ihren MA in Design- und Kunstmanagement ab. Zudem verbrachte sie ein Semester an der Universit\u00e4t Bremen\/Deutschland (2016), wo sie Kunst- und Kulturvermittlung studierte.<\/p><p>Erfahrungen sammelte sie am Ludwig Museum (2012\u20132014) und der acb Gallery (2013\u20132014) in Budapest und arbeitete f\u00fcr die B\u00e1tor T\u00e1bor Foundation \u2013 Therapeutisches Freizeitprogramm als Mitkoordinatorin f\u00fcr wohlt\u00e4tige Auktionen von zeitgen\u00f6ssischer Kunst. Am Ungarischen Pavillon der 56. Biennale di Venezia (2015), Venedig\/Italien, war sie kuratorische Assistentin der Ausstellung <em>Szil\u00e1rd Cseke\u2019s Sustainable Identities<\/em>. Dar\u00fcber hinaus verbrachte sie einige Monate in Berlin\/Deutschland am AGORA Collective\u2019s AFFECT Programm. Bei AGORA nahm sie am Workshop <em>The artistic mission: dismantling professionalism in a for-profit economy?<\/em> von Diego Agull\u00f3 (2016) teil und schloss ihren Aufenthalt in Berlin mit der Teilnahme am Projekt <em>THE WAITING ROOM<\/em> im Rahmen des Festivals 48 Stunden Neuk\u00f6lln ab.<\/p><p>Seit 2017 arbeitet sie am art quarter budapest (aqb) als Projektmanagerin und Koordinatorin des Artist-in-Residence-Programms. Aqb ist eine unabh\u00e4ngige kulturelle Institution und ein dynamisches Zentrum f\u00fcr zeitgen\u00f6ssische Kunst, welches ein breites Spektrum an verschiedenen kreativen Aktivit\u00e4ten betreut. In einem renovierten Fabrikgeb\u00e4ude fungiert die Institution als Ausstellungsfl\u00e4che f\u00fcr zeitgen\u00f6ssische Kunst, als Studiohaus und Residenzprogramm. Als Projektmanagerin organisiert sie Programme in Form von Ausstellungen mit Kunstvermittlung, Festivals, Konzerte, Performance Events, Filmvorstellungen mit Diskussionen und Workshops. Zudem realisiert sie einige kuratorische Projekte, Pop-Up-Ausstellungen f\u00fcr die K\u00fcnstler der Residenz des aqb, und kuratierte die Ausstellung <em>Marko Rodics: Unprocessed<\/em> im Hidegszoba Studio, Budapest 2018. Ihr Hauptinteresse liegt in den verschiedenen Strukturen und Praktiken von Artist-in-Residence-Programmen.<\/p>","person_txt_short":"","person_img":"","person_website":"","person_links":null,"person_year":[104],"person_residencies":[{"person_stay_from":"20191104","person_stay_to":"20191218"}],"person_residency_sort_stay_from":null,"person_residency_sort_stay_to":null,"person_practice_field":false,"person_program":[347],"person_locations":[{"person_city":"Budapest","person_country":"Ungarn"}],"person_country":"","related_posts_event":"","related_posts_news":"","related_posts_post":null,"related_posts_schlosspost":null,"person_fellow_juror_relation":""},"_links":{"self":[{"href":"https:\/\/www.akademie-solitude.de\/de\/wp-json\/wp\/v2\/person\/7129","targetHints":{"allow":["GET"]}}],"collection":[{"href":"https:\/\/www.akademie-solitude.de\/de\/wp-json\/wp\/v2\/person"}],"about":[{"href":"https:\/\/www.akademie-solitude.de\/de\/wp-json\/wp\/v2\/types\/person"}],"author":[{"embeddable":true,"href":"https:\/\/www.akademie-solitude.de\/de\/wp-json\/wp\/v2\/users\/1"}],"acf:term":[{"embeddable":true,"taxonomy":"program","href":"https:\/\/www.akademie-solitude.de\/de\/wp-json\/wp\/v2\/program\/347"},{"embeddable":true,"taxonomy":"year_generation","href":"https:\/\/www.akademie-solitude.de\/de\/wp-json\/wp\/v2\/year_generation\/104"},{"embeddable":true,"taxonomy":"person_type","href":"https:\/\/www.akademie-solitude.de\/de\/wp-json\/wp\/v2\/person_type\/57"}],"wp:attachment":[{"href":"https:\/\/www.akademie-solitude.de\/de\/wp-json\/wp\/v2\/media?parent=7129"}],"wp:term":[{"taxonomy":"person_type","embeddable":true,"href":"https:\/\/www.akademie-solitude.de\/de\/wp-json\/wp\/v2\/person_type?post=7129"},{"taxonomy":"program","embeddable":true,"href":"https:\/\/www.akademie-solitude.de\/de\/wp-json\/wp\/v2\/program?post=7129"},{"taxonomy":"practice_field","embeddable":true,"href":"https:\/\/www.akademie-solitude.de\/de\/wp-json\/wp\/v2\/practice_field?post=7129"},{"taxonomy":"year_generation","embeddable":true,"href":"https:\/\/www.akademie-solitude.de\/de\/wp-json\/wp\/v2\/year_generation?post=7129"}],"curies":[{"name":"wp","href":"https:\/\/api.w.org\/{rel}","templated":true}]}}

<p>Geboren 1990 in Budapest/Ungarn.</p><p>Dorottya Magyar ist eine in Ungarn ansässige Kunstmanagerin. Sie studierte Kunstgeschichte an der Eötvös Loránd Universität, Budapest (2010–2014) und schloss an der Moholy Nagy University of Arts and Design Budapest (2014–2017) ihren MA in Design- und Kunstmanagement ab. Zudem verbrachte sie ein Semester an der Universität Bremen/Deutschland (2016), wo sie Kunst- und Kulturvermittlung studierte.</p><p>Erfahrungen sammelte sie am Ludwig Museum (2012–2014) und der acb Gallery (2013–2014) in Budapest und arbeitete für die Bátor Tábor Foundation – Therapeutisches Freizeitprogramm als Mitkoordinatorin für wohltätige Auktionen von zeitgenössischer Kunst. Am Ungarischen Pavillon der 56. Biennale di Venezia (2015), Venedig/Italien, war sie kuratorische Assistentin der Ausstellung <em>Szilárd Cseke’s Sustainable Identities</em>. Darüber hinaus verbrachte sie einige Monate in Berlin/Deutschland am AGORA Collective’s AFFECT Programm. Bei AGORA nahm sie am Workshop <em>The artistic mission: dismantling professionalism in a for-profit economy?</em> von Diego Agulló (2016) teil und schloss ihren Aufenthalt in Berlin mit der Teilnahme am Projekt <em>THE WAITING ROOM</em> im Rahmen des Festivals 48 Stunden Neukölln ab.</p><p>Seit 2017 arbeitet sie am art quarter budapest (aqb) als Projektmanagerin und Koordinatorin des Artist-in-Residence-Programms. Aqb ist eine unabhängige kulturelle Institution und ein dynamisches Zentrum für zeitgenössische Kunst, welches ein breites Spektrum an verschiedenen kreativen Aktivitäten betreut. In einem renovierten Fabrikgebäude fungiert die Institution als Ausstellungsfläche für zeitgenössische Kunst, als Studiohaus und Residenzprogramm. Als Projektmanagerin organisiert sie Programme in Form von Ausstellungen mit Kunstvermittlung, Festivals, Konzerte, Performance Events, Filmvorstellungen mit Diskussionen und Workshops. Zudem realisiert sie einige kuratorische Projekte, Pop-Up-Ausstellungen für die Künstler der Residenz des aqb, und kuratierte die Ausstellung <em>Marko Rodics: Unprocessed</em> im Hidegszoba Studio, Budapest 2018. Ihr Hauptinteresse liegt in den verschiedenen Strukturen und Praktiken von Artist-in-Residence-Programmen.</p>
