{"id":36266,"date":"2023-03-20T12:33:23","date_gmt":"2023-03-20T11:33:23","guid":{"rendered":"https:\/\/www.akademie-solitude.de\/?post_type=publication&#038;p=36266"},"modified":"2023-04-11T13:27:48","modified_gmt":"2023-04-11T11:27:48","slug":"on-care-a-journey-into-the-relational-nature-of-artists-residencies","status":"publish","type":"publication","link":"https:\/\/www.akademie-solitude.de\/de\/publication\/on-care-a-journey-into-the-relational-nature-of-artists-residencies\/","title":{"rendered":"On Care. A Journey into the Relational Nature of Artists\u2019 Residencies"},"content":{"rendered":"","protected":false},"author":8,"featured_media":36229,"template":"","project":[793],"publication_type":[796],"class_list":["post-36266","publication","type-publication","status-publish","hentry","project-print-publications","publication_type-sammelband"],"acf":{"bgcolor":"","bgcolor_custom":"","custom_color_css_variable":"","content_type":null,"publication_subtitle":"A collaboration between the artist residency programs Ujazdowski Castle Centre for Contemporary Art from Warsaw, DutchCulture | TransArtists from Amsterdam, and Akademie Schloss Solitude, realised within the research potential of the Academy of Fine Arts and Design in Katowice","publication_isbn":"978-3-946839-10-1","publication_description":"Softcover, English","publication_pagenum":310,"publication_authors":[{"author_first_name":"Patrizia","author_last_name":"Bach"},{"author_first_name":"Shirin","author_last_name":"Barghnavard"},{"author_first_name":"Paulina","author_last_name":"Czapska"},{"author_first_name":"Leone","author_last_name":"Contini"},{"author_first_name":"Marianna","author_last_name":"Dobkowska"},{"author_first_name":"Regina","author_last_name":"D\u00fcrig"},{"author_first_name":"J. Christian","author_last_name":"Greer"},{"author_first_name":"Vinicius","author_last_name":"Jatob\u00e1"},{"author_first_name":"Simar Preet","author_last_name":"Kaur"},{"author_first_name":"Mami","author_last_name":"Katsuya"},{"author_first_name":"Guiliana","author_last_name":"Kiersz"},{"author_first_name":"Daniel","author_last_name":"Koniusz"},{"author_first_name":"Maddie","author_last_name":"Leach"},{"author_first_name":"Pawel","author_last_name":"Mendrek"},{"author_first_name":"Vytautas","author_last_name":"Michelkevi\u010dius"},{"author_first_name":"Martin","author_last_name":"Newth"},{"author_first_name":"Ika","author_last_name":"Sienkiewicz-Nowacka"},{"author_first_name":"Michelle K.","author_last_name":"Oing"},{"author_first_name":"Yasmine","author_last_name":"Ostendorf"},{"author_first_name":"Bojana","author_last_name":"Panevska"},{"author_first_name":"Alicja","author_last_name":"Rogalska"},{"author_first_name":"Alice","author_last_name":"Sarmiento"},{"author_first_name":"Anna","author_last_name":"Siekierska"},{"author_first_name":"Denise Helene","author_last_name":"Sumi"},{"author_first_name":"Ma\u0142gorzata","author_last_name":"Szanda\u0142a"},{"author_first_name":"Anna","author_last_name":"Szapert"},{"author_first_name":"Aisel","author_last_name":"Wicab"},{"author_first_name":"Ewa","author_last_name":"Zasada"}],"publication_translator":"","publication_price":"26 EURO","publication_year":2023,"publication_txt":"The publication revolves around the nature of the <strong>resident-host encounter<\/strong>. From the outset, the editors did not aim to present an analysis of the operation of individual spheres of artist residencies, but rather to compile in dialogue a polyphonic publication that illustrates the nuances of <strong>residency work<\/strong> and <strong>artists\u2019 experiences<\/strong>, as well as the <strong>unstable constellations of artist residencies<\/strong> with its open-ended structure.\r\nArtist residency programmes can serve as a model for dealing with the ever-changing contemporary world and societies. All this makes it possible to fulfill the dream of a world where there is a balance between acceptance and separateness. This world offers authenticity, permanent change and constant transformation.","publication_editing":"","publication_data":[{"publication_data_row":{"publication_data_row_left":"Herausgegeben von","publication_data_row_right":"Pawel Mendrek, Ewa Zasada for the Mobile Art Lab & Academy of Fine Arts and Design Katowice, Elke aus dem Moore & Denise Helene Sumi for Akademie Schloss Solitude, Ika Sienkiewicz-Nowacka for Ujazdowski Castle Centre for Contemporary Art, Bojana Panevska for TransArtists | DutchCulture"}},{"publication_data_row":{"publication_data_row_left":"Design","publication_data_row_right":"Katarzyna Wolny-Grz\u0105dziel, Pawe\u0142 Mendrek"}},{"publication_data_row":{"publication_data_row_left":"\u00dcbersetzung","publication_data_row_right":"Nick Faulkner, Lukasz Kansy, Andy McBride"}},{"publication_data_row":{"publication_data_row_left":"Lektorat","publication_data_row_right":"Kimberly Bradley, Nick Faulkner"}},{"publication_data_row":{"publication_data_row_left":"Zahlungsart","publication_data_row_right":"auf Rechnung"}}],"publication_img":36229,"publication_contact":"mail@akademie-solitude.de","publication_contact_subject":"Anfrage","related_posts_post":[9193,7068,7070,6985,6995,6983,7040,7086]},"_links":{"self":[{"href":"https:\/\/www.akademie-solitude.de\/de\/wp-json\/wp\/v2\/publication\/36266","targetHints":{"allow":["GET"]}}],"collection":[{"href":"https:\/\/www.akademie-solitude.de\/de\/wp-json\/wp\/v2\/publication"}],"about":[{"href":"https:\/\/www.akademie-solitude.de\/de\/wp-json\/wp\/v2\/types\/publication"}],"author":[{"embeddable":true,"href":"https:\/\/www.akademie-solitude.de\/de\/wp-json\/wp\/v2\/users\/8"}],"acf:post":[{"embeddable":true,"href":"https:\/\/www.akademie-solitude.de\/de\/wp-json\/wp\/v2\/person\/7086"},{"embeddable":true,"href":"https:\/\/www.akademie-solitude.de\/de\/wp-json\/wp\/v2\/person\/7040"},{"embeddable":true,"href":"https:\/\/www.akademie-solitude.de\/de\/wp-json\/wp\/v2\/person\/6983"},{"embeddable":true,"href":"https:\/\/www.akademie-solitude.de\/de\/wp-json\/wp\/v2\/person\/6995"},{"embeddable":true,"href":"https:\/\/www.akademie-solitude.de\/de\/wp-json\/wp\/v2\/person\/6985"},{"embeddable":true,"href":"https:\/\/www.akademie-solitude.de\/de\/wp-json\/wp\/v2\/person\/7070"},{"embeddable":true,"href":"https:\/\/www.akademie-solitude.de\/de\/wp-json\/wp\/v2\/person\/7068"},{"embeddable":true,"href":"https:\/\/www.akademie-solitude.de\/de\/wp-json\/wp\/v2\/person\/9193"}],"wp:featuredmedia":[{"embeddable":true,"href":"https:\/\/www.akademie-solitude.de\/de\/wp-json\/wp\/v2\/media\/36229"}],"wp:attachment":[{"href":"https:\/\/www.akademie-solitude.de\/de\/wp-json\/wp\/v2\/media?parent=36266"}],"wp:term":[{"taxonomy":"project","embeddable":true,"href":"https:\/\/www.akademie-solitude.de\/de\/wp-json\/wp\/v2\/project?post=36266"},{"taxonomy":"publication_type","embeddable":true,"href":"https:\/\/www.akademie-solitude.de\/de\/wp-json\/wp\/v2\/publication_type?post=36266"}],"curies":[{"name":"wp","href":"https:\/\/api.w.org\/{rel}","templated":true}]}}

Dürig

Jatobá

Michelkevičius

Małgorzata

Szandała

Katarzyna Wolny-Grządziel, Paweł Mendrek

Übersetzung
