{"id":18530,"date":"2020-03-26T18:06:35","date_gmt":"2020-03-26T17:06:35","guid":{"rendered":"https:\/\/www.akademie-solitude.de\/event\/exhibitions-josh-greene-tamas-kaszas-damir-ocko-caroline-odonnell-and-paola-yacoub\/"},"modified":"2020-08-24T09:59:05","modified_gmt":"2020-08-24T07:59:05","slug":"exhibitions-josh-greene-tamas-kaszas-damir-ocko-caroline-odonnell-and-paola-yacoub","status":"publish","type":"event","link":"https:\/\/www.akademie-solitude.de\/en\/event\/exhibitions-josh-greene-tamas-kaszas-damir-ocko-caroline-odonnell-and-paola-yacoub\/","title":{"rendered":"Exhibitions: Josh Greene, Tam\u00e1s Kasz\u00e1s, Damir O\u010dko, Caroline O\u2019Donnell and Paola Yacoub"},"content":{"rendered":"","protected":false},"author":1,"featured_media":0,"template":"","categories":[],"class_list":["post-18530","event","type-event","status-publish","hentry"],"acf":{"bgcolor":"","bgcolor_custom":"","custom_color_css_variable":"","content_type":null},"_links":{"self":[{"href":"https:\/\/www.akademie-solitude.de\/en\/wp-json\/wp\/v2\/event\/18530","targetHints":{"allow":["GET"]}}],"collection":[{"href":"https:\/\/www.akademie-solitude.de\/en\/wp-json\/wp\/v2\/event"}],"about":[{"href":"https:\/\/www.akademie-solitude.de\/en\/wp-json\/wp\/v2\/types\/event"}],"author":[{"embeddable":true,"href":"https:\/\/www.akademie-solitude.de\/en\/wp-json\/wp\/v2\/users\/1"}],"wp:attachment":[{"href":"https:\/\/www.akademie-solitude.de\/en\/wp-json\/wp\/v2\/media?parent=18530"}],"wp:term":[{"taxonomy":"category","embeddable":true,"href":"https:\/\/www.akademie-solitude.de\/en\/wp-json\/wp\/v2\/categories?post=18530"}],"curies":[{"name":"wp","href":"https:\/\/api.w.org\/{rel}","templated":true}]}}

Exhibitions: Josh Greene, Tamás Kaszás, Damir Očko, Caroline O’Donnell and Paola Yacoub
