{"id":29549,"date":"2020-07-07T08:36:47","date_gmt":"2020-07-07T06:36:47","guid":{"rendered":"https:\/\/www.akademie-solitude.de\/fellowship\/fellowship-programs\/namibia-stipendium\/"},"modified":"2026-02-10T15:11:49","modified_gmt":"2026-02-10T14:11:49","slug":"namibia-fellowship","status":"publish","type":"page","link":"https:\/\/www.akademie-solitude.de\/en\/fellowship\/special-fellowships\/namibia-fellowship\/","title":{"rendered":"Namibia-Baden-W\u00fcrttemberg Residencies"},"content":{"rendered":"<ul>\n<li>Schriftsteller, San Jose\/Costa Rica<\/li>\n<\/ul>\n","protected":false},"excerpt":{"rendered":"<p>Schriftsteller, San Jose\/Costa Rica<\/p>\n","protected":false},"author":2,"featured_media":9773,"parent":19141,"menu_order":62,"comment_status":"closed","ping_status":"closed","template":"","meta":{"_acf_changed":false,"inline_featured_image":false,"footnotes":""},"class_list":["post-29549","page","type-page","status-publish","hentry"],"acf":{"bgcolor":"has-bg-yellow","bgcolor_custom":"","custom_color_css_variable":"","content_type":[{"acf_fc_layout":"content_txt","_acfe_flexible_layout_title":null,"bgcolor":"has-bg-yellow","bgcolor_custom":"","layout_col_size":8,"txt_cols":"is-1-txtcol","txt":"<span class=\"has-font-maison-neue\" style=\"font-family: Maison Neue;\">Together with the <a href=\"http:\/\/www.nagn.org.na\/\">National Art Gallery of Namibia<\/a> and <a href=\"https:\/\/www.goethe.de\/ins\/na\/de\/index.html\">Goethe Institut Namibia<\/a>, Akademie Schloss Solitude has been organizing the Namibia fellowship since 2020 as part of the <a href=\"https:\/\/mwk.baden-wuerttemberg.de\/de\/kunst-kultur\/provenienzforschung\/aufarbeitung-kolonialen-erbes\/\">Namibia Initiative of the State of Baden-W\u00fcrttemberg<\/a>. The residencies are aimed at artists from Namibia and artists from Baden-W\u00fcrttemberg who work across the fields of visual and performing arts, music\/sound, design, literature, and art education. Artists from Namibia may apply for a six-month residency at the Akademie in Stuttgart, while artists based in Baden-W\u00fcrttemberg may apply for a six-month residency in Windhoek. <\/span>\r\n\r\n<span class=\"has-font-maison-neue\" style=\"font-family: Maison Neue;\">The aim of the residencies is to connect fellows with local cultural scenes and to strengthen the exchange of knowledge within the artistic communities of both contexts. The program forms part of the Namibia Initiative, through which the State of Baden-W\u00fcrttemberg engages with the examination of its colonial legacy and its ongoing impacts.<\/span>\r\n\r\n<span class=\"has-font-reckless-light\" style=\"font-family: Reckless Regular;\">The first project phase (2020\u20132023) included residencies for twelve fellows working in the fields of visual arts, literature, performance, textile and web design, and digital music production. The residencies took place in Stuttgart and Windhoek between 2021 and 2023.<\/span>\r\n<span class=\"has-font-reckless-light\" style=\"font-family: Reckless Regular;\">The program was thematically embedded in the project <em>P(r)ossession Pedagogies<\/em>, a two-part workshop series curated by Namibian sound artist and historian <a href=\"https:\/\/www.akademie-solitude.de\/en\/person\/memory-biwa\/\">Memory Biw<\/a>a. Conceived as a journey to sites of memory, the series began in Namibia in July 2023 and concluded in Stuttgart in October 2023. It invited participants to engage with the history of colonial relations between Namibia and Germany and to present new artistic narratives addressing this shared past.<\/span>\r\n\r\n<span class=\"has-font-reckless-light\" style=\"font-family: Reckless Regular;\">The project was further supported and accompanied by the Berlin-based Namibian artist <a href=\"https:\/\/aukongo.de\/\">Lahya Aukongo<\/a>, whose practice focuses on the creation of power-critical and anti-discriminatory learning spaces.<\/span>\r\n\r\n<span class=\"has-font-reckless-light\" style=\"font-family: Reckless Regular;\">The Namibia\u2013Baden-W\u00fcrttemberg Residencies are planned to run until 2026 and are funded by the Ministry of Science, Research and the Arts of Baden-W\u00fcrttemberg as part of the Namibia Initiative of the State of Baden-W\u00fcrttemberg .<\/span>"},{"acf_fc_layout":"content_txt","_acfe_flexible_layout_title":null,"bgcolor":"has-bg-yellow","bgcolor_custom":"","layout_col_size":8,"txt_cols":"is-1-txtcol","txt":"<h3 style=\"text-align: center;\"><span class=\"has-font-maison-neue-extended has-font-maison-neue\" style=\"font-family: 'Maison Neue Extended';\">Selection procedure<\/span><\/h3>\r\n<span class=\"has-font-reckless-light\" style=\"font-family: Reckless Regular;\">Artists working across the fields of visual and performing arts, music\/sound, design, literature, and art education may apply for a six-month fellowship. The fellowships offer in particular the opportunity to connect one\u2019s own artistic practice with diverse cultural communities in Namibia and Baden-W\u00fcrttemberg, to exchange interdisciplinary methods of production, and to increase the visibility of artistic outcomes.<\/span>\r\n\r\n<span class=\"has-font-reckless-light\" style=\"font-family: Reckless Regular;\">Applications must include a letter of motivation, a project proposal, a short curriculum vitae, and documentation of previous artistic work. Selection is made by an independent jury.<\/span>\r\n\r\n<span class=\"has-font-reckless-light\" style=\"font-family: Reckless Regular;\">The selection process for the second project phase (2025\u20132026) has already been completed.<\/span>\r\n\r\n<span class=\"has-font-reckless-light\" style=\"font-family: Reckless Regular;\">Questions regarding the Namibia-Baden-W\u00fcrttemberg Residencies can be sent via e-mail to Sophie-Charlotte Thieroff, <\/span><a href=\"mailto:s.thieroff@akademie-solitude.de\"><span class=\"has-font-reckless-light\" style=\"font-family: Reckless Regular;\">s.thieroff@akademie-solitude.de<\/span><\/a>"},{"acf_fc_layout":"content_txt","_acfe_flexible_layout_title":null,"bgcolor":"has-bg-yellow","bgcolor_custom":"","layout_col_size":8,"txt_cols":"is-1-txtcol","txt":"<h3 style=\"text-align: center;\"><span class=\"has-font-maison-neue-extended\" style=\"font-family: 'Maison Neue Extended';\"><strong>Fellows<\/strong><\/span><\/h3>\r\n<h4><\/h4>\r\n<h4 style=\"text-align: left;\"><span class=\"has-font-maison-neue-extended\" style=\"font-family: 'Maison Neue Extended';\"><strong>2021<\/strong><\/span><\/h4>\r\n<ul>\r\n \t<li><span class=\"has-font-reckless-light\" style=\"font-family: Reckless Regular;\">Hage Mukwendje, painter, illustrator, and graphic designer, Windhoek\/Namibia<\/span><\/li>\r\n \t<li><span class=\"has-font-reckless-light\" style=\"font-family: Reckless Regular;\">Nesindano \u00bbKhoes\u00ab Namises, poet and performance artist, Windhoek\/Namibia<\/span><\/li>\r\n \t<li><span class=\"has-font-reckless-light\" style=\"font-family: Reckless Regular;\">Vitjitua Ndjiharine, visual artist, Windhoek\/Namibia<\/span><\/li>\r\n<\/ul>\r\n<h4>2022<\/h4>\r\n<ul>\r\n \t<li><span class=\"has-font-reckless-light\" style=\"font-family: Reckless Regular;\">Miriam Chebaibai Koch, artist and consultant, Berlin\/Germany<\/span><\/li>\r\n \t<li><span class=\"has-font-reckless-light\" style=\"font-family: Reckless Regular;\">Banu \u00c7i\u00e7ek T\u00fcl\u00fc, artist, researcher, and DJ, Berlin\/Germany<\/span><\/li>\r\n \t<li><span class=\"has-font-reckless-light\" style=\"font-family: Reckless Regular;\">Chantal Magano Kambrude, multidisciplinary artist, Windhoek\/Namibia<\/span><\/li>\r\n \t<li><span class=\"has-font-reckless-light\" style=\"font-family: Reckless Regular;\">Isabel Tueumuna Katjavivi, multimedia artist, Windhoek\/Namibia<\/span><\/li>\r\n \t<li><span class=\"has-font-reckless-light\" style=\"font-family: Reckless Regular;\">Keith Vries, poet, author and performer, Windhoek\/Namibia<\/span><\/li>\r\n<\/ul>\r\n<h4>2023<\/h4>\r\n<ul>\r\n \t<li><span class=\"has-font-reckless-light\" style=\"font-family: Reckless Regular;\">Gifty Amoateng, surface and structure designer, Berlin\/Germany<\/span><\/li>\r\n \t<li><span class=\"has-font-reckless-light\" style=\"font-family: Reckless Regular;\">Abiye Ifeoma Okujagu, multidisciplinary artist, Berlin\/Germany<\/span><\/li>\r\n \t<li><span class=\"has-font-reckless-light\" style=\"font-family: Reckless Regular;\">Shaheen Wacker, photographer, Berlin\/Germany<\/span><\/li>\r\n \t<li><span class=\"has-font-reckless-light\" style=\"font-family: Reckless Regular;\">Corinne Nsimba-Lutonadio, textile designer, Berlin\/Germany<\/span><\/li>\r\n<\/ul>\r\n<h4>2026<\/h4>\r\n<ul>\r\n \t<li><span class=\"has-font-reckless-light\" style=\"font-family: Reckless Regular;\">Tweyapewa Ndapandula Mbendeka, visual artist, Windhoek\/Namibia<\/span><\/li>\r\n \t<li><span class=\"has-font-reckless-light\" style=\"font-family: Reckless Regular;\">Tjijandjeua \u00bbGift\u00ab Uzera, performer and interdisciplinary artist, Windhoek\/Namibia<\/span><\/li>\r\n \t<li><span class=\"has-font-reckless-light\" style=\"font-family: Reckless Regular;\">Joscha Steffens, media artist, Mannheim\/Germany<\/span><\/li>\r\n \t<li><span class=\"has-font-reckless-light\" style=\"font-family: Reckless Regular;\">Amela Hasani, artist, Stuttgart\/Germany<\/span><\/li>\r\n<\/ul>"},{"acf_fc_layout":"content_posts_person","_acfe_flexible_layout_title":null,"bgcolor":"","bgcolor_custom":"","content_posts_person_headline":"Short biographies of the selected fellows","posts_person":[18204,18205,17953,29564,29568,33909,33918,33913,31093,44555]}]},"_links":{"self":[{"href":"https:\/\/www.akademie-solitude.de\/en\/wp-json\/wp\/v2\/pages\/29549","targetHints":{"allow":["GET"]}}],"collection":[{"href":"https:\/\/www.akademie-solitude.de\/en\/wp-json\/wp\/v2\/pages"}],"about":[{"href":"https:\/\/www.akademie-solitude.de\/en\/wp-json\/wp\/v2\/types\/page"}],"author":[{"embeddable":true,"href":"https:\/\/www.akademie-solitude.de\/en\/wp-json\/wp\/v2\/users\/2"}],"replies":[{"embeddable":true,"href":"https:\/\/www.akademie-solitude.de\/en\/wp-json\/wp\/v2\/comments?post=29549"}],"version-history":[{"count":4,"href":"https:\/\/www.akademie-solitude.de\/en\/wp-json\/wp\/v2\/pages\/29549\/revisions"}],"predecessor-version":[{"id":44601,"href":"https:\/\/www.akademie-solitude.de\/en\/wp-json\/wp\/v2\/pages\/29549\/revisions\/44601"}],"up":[{"embeddable":true,"href":"https:\/\/www.akademie-solitude.de\/en\/wp-json\/wp\/v2\/pages\/19141"}],"wp:featuredmedia":[{"embeddable":true,"href":"https:\/\/www.akademie-solitude.de\/en\/wp-json\/wp\/v2\/media\/9773"}],"wp:attachment":[{"href":"https:\/\/www.akademie-solitude.de\/en\/wp-json\/wp\/v2\/media?parent=29549"}],"curies":[{"name":"wp","href":"https:\/\/api.w.org\/{rel}","templated":true}]}}

Namibia-Baden-Württemberg Residencies

<span class="has-font-maison-neue" style="font-family: Maison Neue;">Together with the <a href="http://www.nagn.org.na/">National Art Gallery of Namibia</a> and <a href="https://www.goethe.de/ins/na/de/index.html">Goethe Institut Namibia</a>, Akademie Schloss Solitude has been organizing the Namibia fellowship since 2020 as part of the <a href="https://mwk.baden-wuerttemberg.de/de/kunst-kultur/provenienzforschung/aufarbeitung-kolonialen-erbes/">Namibia Initiative of the State of Baden-Württemberg</a>. The residencies are aimed at artists from Namibia and artists from Baden-Württemberg who work across the fields of visual and performing arts, music/sound, design, literature, and art education. Artists from Namibia may apply for a six-month residency at the Akademie in Stuttgart, while artists based in Baden-Württemberg may apply for a six-month residency in Windhoek. </span>

<span class="has-font-maison-neue" style="font-family: Maison Neue;">The aim of the residencies is to connect fellows with local cultural scenes and to strengthen the exchange of knowledge within the artistic communities of both contexts. The program forms part of the Namibia Initiative, through which the State of Baden-Württemberg engages with the examination of its colonial legacy and its ongoing impacts.</span>

<span class="has-font-reckless-light" style="font-family: Reckless Regular;">The first project phase (2020–2023) included residencies for twelve fellows working in the fields of visual arts, literature, performance, textile and web design, and digital music production. The residencies took place in Stuttgart and Windhoek between 2021 and 2023.</span>
<span class="has-font-reckless-light" style="font-family: Reckless Regular;">The program was thematically embedded in the project <em>P(r)ossession Pedagogies</em>, a two-part workshop series curated by Namibian sound artist and historian <a href="https://www.akademie-solitude.de/en/person/memory-biwa/">Memory Biw</a>a. Conceived as a journey to sites of memory, the series began in Namibia in July 2023 and concluded in Stuttgart in October 2023. It invited participants to engage with the history of colonial relations between Namibia and Germany and to present new artistic narratives addressing this shared past.</span>

<span class="has-font-reckless-light" style="font-family: Reckless Regular;">The project was further supported and accompanied by the Berlin-based Namibian artist <a href="https://aukongo.de/">Lahya Aukongo</a>, whose practice focuses on the creation of power-critical and anti-discriminatory learning spaces.</span>

<span class="has-font-reckless-light" style="font-family: Reckless Regular;">The Namibia–Baden-Württemberg Residencies are planned to run until 2026 and are funded by the Ministry of Science, Research and the Arts of Baden-Württemberg as part of the Namibia Initiative of the State of Baden-Württemberg .</span>

<h3 style="text-align: center;"><span class="has-font-maison-neue-extended has-font-maison-neue" style="font-family: 'Maison Neue Extended';">Selection procedure</span></h3>
<span class="has-font-reckless-light" style="font-family: Reckless Regular;">Artists working across the fields of visual and performing arts, music/sound, design, literature, and art education may apply for a six-month fellowship. The fellowships offer in particular the opportunity to connect one’s own artistic practice with diverse cultural communities in Namibia and Baden-Württemberg, to exchange interdisciplinary methods of production, and to increase the visibility of artistic outcomes.</span>

<span class="has-font-reckless-light" style="font-family: Reckless Regular;">Applications must include a letter of motivation, a project proposal, a short curriculum vitae, and documentation of previous artistic work. Selection is made by an independent jury.</span>

<span class="has-font-reckless-light" style="font-family: Reckless Regular;">The selection process for the second project phase (2025–2026) has already been completed.</span>

<span class="has-font-reckless-light" style="font-family: Reckless Regular;">Questions regarding the Namibia-Baden-Württemberg Residencies can be sent via e-mail to Sophie-Charlotte Thieroff, </span><a href="mailto:s.thieroff@akademie-solitude.de"><span class="has-font-reckless-light" style="font-family: Reckless Regular;">s.thieroff@akademie-solitude.de</span></a>

<h3 style="text-align: center;"><span class="has-font-maison-neue-extended" style="font-family: 'Maison Neue Extended';"><strong>Fellows</strong></span></h3>
<h4></h4>
<h4 style="text-align: left;"><span class="has-font-maison-neue-extended" style="font-family: 'Maison Neue Extended';"><strong>2021</strong></span></h4>
<ul>
 	<li><span class="has-font-reckless-light" style="font-family: Reckless Regular;">Hage Mukwendje, painter, illustrator, and graphic designer, Windhoek/Namibia</span></li>
 	<li><span class="has-font-reckless-light" style="font-family: Reckless Regular;">Nesindano »Khoes« Namises, poet and performance artist, Windhoek/Namibia</span></li>
 	<li><span class="has-font-reckless-light" style="font-family: Reckless Regular;">Vitjitua Ndjiharine, visual artist, Windhoek/Namibia</span></li>
</ul>
<h4>2022</h4>
<ul>
 	<li><span class="has-font-reckless-light" style="font-family: Reckless Regular;">Miriam Chebaibai Koch, artist and consultant, Berlin/Germany</span></li>
 	<li><span class="has-font-reckless-light" style="font-family: Reckless Regular;">Banu Çiçek Tülü, artist, researcher, and DJ, Berlin/Germany</span></li>
 	<li><span class="has-font-reckless-light" style="font-family: Reckless Regular;">Chantal Magano Kambrude, multidisciplinary artist, Windhoek/Namibia</span></li>
 	<li><span class="has-font-reckless-light" style="font-family: Reckless Regular;">Isabel Tueumuna Katjavivi, multimedia artist, Windhoek/Namibia</span></li>
 	<li><span class="has-font-reckless-light" style="font-family: Reckless Regular;">Keith Vries, poet, author and performer, Windhoek/Namibia</span></li>
</ul>
<h4>2023</h4>
<ul>
 	<li><span class="has-font-reckless-light" style="font-family: Reckless Regular;">Gifty Amoateng, surface and structure designer, Berlin/Germany</span></li>
 	<li><span class="has-font-reckless-light" style="font-family: Reckless Regular;">Abiye Ifeoma Okujagu, multidisciplinary artist, Berlin/Germany</span></li>
 	<li><span class="has-font-reckless-light" style="font-family: Reckless Regular;">Shaheen Wacker, photographer, Berlin/Germany</span></li>
 	<li><span class="has-font-reckless-light" style="font-family: Reckless Regular;">Corinne Nsimba-Lutonadio, textile designer, Berlin/Germany</span></li>
</ul>
<h4>2026</h4>
<ul>
 	<li><span class="has-font-reckless-light" style="font-family: Reckless Regular;">Tweyapewa Ndapandula Mbendeka, visual artist, Windhoek/Namibia</span></li>
 	<li><span class="has-font-reckless-light" style="font-family: Reckless Regular;">Tjijandjeua »Gift« Uzera, performer and interdisciplinary artist, Windhoek/Namibia</span></li>
 	<li><span class="has-font-reckless-light" style="font-family: Reckless Regular;">Joscha Steffens, media artist, Mannheim/Germany</span></li>
 	<li><span class="has-font-reckless-light" style="font-family: Reckless Regular;">Amela Hasani, artist, Stuttgart/Germany</span></li>
</ul>
